583
CXUS53 KAPX 220631
CF6PLN
PRELIMINARY LOCAL CLIMATOLOGICAL DATA (WS FORM: F-6)

                                          STATION:   PELLSTON
                                          MONTH:     OCTOBER
                                          YEAR:      2019
                                          LATITUDE:   45 34 N
                                          LONGITUDE:  84 48 W

  TEMPERATURE IN F:       :PCPN:    SNOW:  WIND      :SUNSHINE: SKY     :PK WND
================================================================================
1   2   3   4   5  6A  6B    7    8   9   10  11  12  13   14  15   16   17  18
                                     12Z  AVG MX 2MIN
DY MAX MIN AVG DEP HDD CDD  WTR  SNW DPTH SPD SPD DIR MIN PSBL S-S WX    SPD DR
================================================================================

 1  77  51  64  14   1   0 0.06    M    M  9.1 15 340   M    M   8 18     25 260
 2  54  49  52   2  13   0 0.01    M    M 10.1 18  70   M    M   8        26  60
 3  57  44  51   2  14   0 0.25    M    M  8.3 16 100   M    M  10 1      27 110
 4  53  31  42  -7  23   0    T    M    M  3.8 14 350   M    M   6 1      18 350
 5  54  28  41  -8  24   0 0.06    M    M  6.3 17 150   M    M   5 12     25 140
 6  64  50  57   9   8   0 0.01    M    M 12.6 24 240   M    M   5 1      41 230
 7  60  36  48   0  17   0 0.00    M    M  8.3 22 300   M    M   2 1      32 320
 8  67  30  49   2  16   0 0.00    M    M  3.3 15 220   M    M   1 1      24 190
 9  70  34  52   5  13   0 0.00    M    M  4.7 17 140   M    M   0 1      22 110
10  69  36  53   6  12   0 0.00    M    M  7.0 16 100   M    M   1 12     24 100
11  69  44  57  11   8   0 0.58    M    M 11.7 23 150   M    M   7 1      39 150
12  49  39  44  -2  21   0 0.06    M    M  9.9 20 220   M    M   9 1      32 210
13  46  32  39  -7  26   0 0.64    M    M  8.4 17 220   M    M  10 1      27 200
14  50  28  39  -6  26   0 0.05    M    M  6.1 20 290   M    M   5 1      27 270
15  48  33  41  -4  24   0 0.39    M    M  6.2 13 100   M    M   9 1      20 110
16  49  43  46   1  19   0 0.87  0.0    0 16.0 26 350   M    M  10 1      39 330
17  50  29  40  -4  25   0    T    M    M  9.3 21 340   M    M   7        29 330
18  54  29  42  -2  23   0 0.00    M    M  1.5  8 170   M    M   5 12     13 270
19  63  30  47   3  18   0 0.00    M    M  5.4 15 160   M    M   0 1      24 150
20  59  37  48   5  17   0 0.01    M    M  2.2 14 290   M    M   6 12     21 280
21  56  42  49   6  16   0 0.14    M    M 10.6 29 110   M    M  10 12     43 120
================================================================================
SM 1218  775       364   0  3.13     0.0 160.8          M      124
================================================================================
AV 58.0 36.9                               7.7 FASTST   M    M   6    MAX(MPH)
                                 MISC ---->  # 29 110               # 43  120
================================================================================
NOTES:
# LAST OF SEVERAL OCCURRENCES

COLUMN 17 PEAK WIND IN M.P.H.

PRELIMINARY LOCAL CLIMATOLOGICAL DATA (WS FORM: F-6) , PAGE 2

                                          STATION:  PELLSTON
                                          MONTH:    OCTOBER
                                          YEAR:     2019
                                          LATITUDE:   45 34 N
                                          LONGITUDE:  84 48 W

[TEMPERATURE DATA]      [PRECIPITATION DATA]       SYMBOLS USED IN COLUMN 16

AVERAGE MONTHLY: 47.5   TOTAL FOR MONTH:   3.13    1 = FOG OR MIST
DPTR FM NORMAL:   1.0   DPTR FM NORMAL:    0.58    2 = FOG REDUCING VISIBILITY
HIGHEST:    77 ON  1    GRTST 24HR  0.87 ON 16-16      TO 1/4 MILE OR LESS
LOWEST:     28 ON 14, 5                            3 = THUNDER
                        SNOW, ICE PELLETS, HAIL    4 = ICE PELLETS
                        TOTAL MONTH:   0.0 INCH    5 = HAIL
                        GRTST 24HR     0.0         6 = FREEZING RAIN OR DRIZZLE
                        GRTST DEPTH:   0           7 = DUSTSTORM OR SANDSTORM:
                                                       VSBY 1/2 MILE OR LESS
                                                   8 = SMOKE OR HAZE
[NO. OF DAYS WITH]      [WEATHER - DAYS WITH]      9 = BLOWING SNOW
                                                   X = TORNADO
MAX 32 OR BELOW:   0    0.01 INCH OR MORE:  13
MAX 90 OR ABOVE:   0    0.10 INCH OR MORE:   6
MIN 32 OR BELOW:   8    0.50 INCH OR MORE:   3
MIN  0 OR BELOW:   0    1.00 INCH OR MORE:   0

[HDD (BASE 65) ]
TOTAL THIS MO.   364    CLEAR  (SCALE 0-3)   5
DPTR FM NORMAL   -27    PTCLDY (SCALE 4-7)  10
TOTAL FM JUL 1   663    CLOUDY (SCALE 8-10)  6
DPTR FM NORMAL  -178

[CDD (BASE 65) ]
TOTAL THIS MO.     0
DPTR FM NORMAL     0    [PRESSURE DATA]
TOTAL FM JAN 1   199    HIGHEST SLP M ON M
DPTR FM NORMAL   -19    LOWEST  SLP 29.48 ON 16

[REMARKS]
