000
CXUS53 KAPX 160631
CF6PLN
PRELIMINARY LOCAL CLIMATOLOGICAL DATA (WS FORM: F-6)

                                          STATION:   PELLSTON
                                          MONTH:     OCTOBER
                                          YEAR:      2018
                                          LATITUDE:   45 34 N
                                          LONGITUDE:  84 48 W

  TEMPERATURE IN F:       :PCPN:    SNOW:  WIND      :SUNSHINE: SKY     :PK WND
================================================================================
1   2   3   4   5  6A  6B    7    8   9   10  11  12  13   14  15   16   17  18
                                     12Z  AVG MX 2MIN
DY MAX MIN AVG DEP HDD CDD  WTR  SNW DPTH SPD SPD DIR MIN PSBL S-S WX    SPD DR
================================================================================

 1  59  42  51   1  14   0 0.47    M    M  6.8 15 100   M    M   8 1      23 140
 2  58  37  48  -2  17   0 0.00    M    M  5.8 16  80   M    M   7 1      24  80
 3  75  36  56   7   9   0 3.71    M    M 10.1 37 260   M    M   8 123    58 260
 4  69  31  50   1  15   0 0.01    M    M 14.3 38 320   M    M   6 3      58 320
 5  52  34  43  -6  22   0 0.01    M    M  6.7 21 130   M    M   8 1      29 140
 6  57  46  52   4  13   0 0.11    M    M  6.4 17 320   M    M   9 1      23 310
 7  50  46  48   0  17   0 0.02    M    M  7.4 14  80   M    M  10 1      21  80
 8  73  46  60  13   5   0    M    M    M  5.8 16 200   M    M   8 1      30 220
 9  79  56  68  21   0   3    T    M    M  8.1 17 240   M    M   4 13     28 230
10  70  55  63  16   2   0 0.37    M    M  5.6 14 230   M    M  10 1      23 230
11  67  41  54   8  11   0 0.21    M    M 15.4 25 290   M    M   9 1      40 220
12  43  37  40  -6  25   0    T    M    M 10.7 20 290   M    M   9        30 290
13  49  35  42  -4  23   0    T    M    M  8.1 20 280   M    M   8        28 270
14  54  42  48   3  17   0 0.06    M    M  6.2 13 250   M    M  10 1      21 220
15  42  33  38  -7  27   0 0.28    M    M 11.6 25 290   M    M  10 1      38 300
================================================================================
SM  897  617       217   3  5.25    M    129.0          M      124
================================================================================
AV 59.8 41.1                               8.6 FASTST   M    M   8    MAX(MPH)
                                 MISC ---->  # 38 320               # 58  260
================================================================================
NOTES:
# LAST OF SEVERAL OCCURRENCES

COLUMN 17 PEAK WIND IN M.P.H.

PRELIMINARY LOCAL CLIMATOLOGICAL DATA (WS FORM: F-6) , PAGE 2

                                          STATION:  PELLSTON
                                          MONTH:    OCTOBER
                                          YEAR:     2018
                                          LATITUDE:   45 34 N
                                          LONGITUDE:  84 48 W

[TEMPERATURE DATA]      [PRECIPITATION DATA]       SYMBOLS USED IN COLUMN 16

AVERAGE MONTHLY: 50.5   TOTAL FOR MONTH:   5.25    1 = FOG OR MIST
DPTR FM NORMAL:   3.0   DPTR FM NORMAL:    3.37    2 = FOG REDUCING VISIBILITY
HIGHEST:    79 ON  9    GRTST 24HR  3.71 ON  3- 3      TO 1/4 MILE OR LESS
LOWEST:     31 ON  4                               3 = THUNDER
                        SNOW, ICE PELLETS, HAIL    4 = ICE PELLETS
                        TOTAL MONTH:    M          5 = HAIL
                        GRTST 24HR    M  ON   M    6 = FREEZING RAIN OR DRIZZLE
                        GRTST DEPTH:  M  ON   M    7 = DUSTSTORM OR SANDSTORM:
                                                       VSBY 1/2 MILE OR LESS
                                                   8 = SMOKE OR HAZE
[NO. OF DAYS WITH]      [WEATHER - DAYS WITH]      9 = BLOWING SNOW
                                                   X = TORNADO
MAX 32 OR BELOW:   0    0.01 INCH OR MORE:  10
MAX 90 OR ABOVE:   0    0.10 INCH OR MORE:   6
MIN 32 OR BELOW:   1    0.50 INCH OR MORE:   1
MIN  0 OR BELOW:   0    1.00 INCH OR MORE:   1

[HDD (BASE 65) ]
TOTAL THIS MO.   217    CLEAR  (SCALE 0-3)   0
DPTR FM NORMAL   -47    PTCLDY (SCALE 4-7)   4
TOTAL FM JUL 1   432    CLOUDY (SCALE 8-10) 11
DPTR FM NORMAL  -282

[CDD (BASE 65) ]
TOTAL THIS MO.     3
DPTR FM NORMAL     3    [PRESSURE DATA]
TOTAL FM JAN 1   459    HIGHEST SLP M ON M
DPTR FM NORMAL   241    LOWEST  SLP 29.47 ON M

[REMARKS]
