000
CXUS55 KLOX 221655
CF6PMD
PRELIMINARY LOCAL CLIMATOLOGICAL DATA (WS FORM: F-6)

                                          STATION:   PALMDALE AIRPORT CA
                                          MONTH:     OCTOBER
                                          YEAR:      2018
                                          LATITUDE:   34 37 N
                                          LONGITUDE: 118  5 W

  TEMPERATURE IN F:       :PCPN:    SNOW:  WIND      :SUNSHINE: SKY     :PK WND
================================================================================
1   2   3   4   5  6A  6B    7    8   9   10  11  12  13   14  15   16   17  18
                                     12Z  AVG MX 2MIN
DY MAX MIN AVG DEP HDD CDD  WTR  SNW DPTH SPD SPD DIR MIN PSBL S-S WX    SPD DR
================================================================================

 1  88  62  75   7   0  10 0.00  0.0    0  7.5 20 230   M    M   1         M  M
 2  83  62  73   5   0   8 0.00  0.0    0 11.6 32 230   M    M   5        39 230
 3  75  57  66  -2   0   1    T  0.0    0 12.0 29 220   M    M   3        35 260
 4  75  56  66  -1   0   1 0.00  0.0    0 14.0 23 240   M    M   1        30 260
 5  80  55  68   1   0   3 0.00  0.0    0  9.3 20 280   M    M   0        25 260
 6  73  54  64  -3   1   0 0.00  0.0    0 18.6 40 270   M    M   1 8      47 270
 7  75  49  62  -4   3   0 0.00  0.0    0  7.8 20 290   M    M   1        22 290
 8  77  45  61  -5   4   0 0.00  0.0    0  5.2 18 230   M    M   0        23 240
 9  77  49  63  -3   2   0 0.00  0.0    0 12.7 28 230   M    M   0 8      33 230
10  74  53  64  -1   1   0 0.00  0.0    0 15.7 28 220   M    M   0        33 230
11  74  49  62  -3   3   0 0.00  0.0    0  5.9 14 240   M    M   0        17 240
12  79  52  66   1   0   1    T  0.0    0 11.4 30  60   M    M   5        36  70
13  75  57  66   2   0   1 0.03  0.0    0  8.9 22 240   M    M   4        26 230
14  80  50  65   1   0   0 0.00  0.0    0  8.9 17  70   M    M   0        24  70
15  71  44  58  -6   7   0 0.00  0.0    0 13.6 30  60   M    M   0        40  50
16  75  37  56  -7   9   0 0.00  0.0    0  6.6 22  40   M    M   0        28  70
17  76  41  59  -4   6   0 0.00  0.0    0  5.5 14  80   M    M   0        18  70
18  78  42  60  -2   5   0 0.00  0.0    0  4.8 15  50   M    M   0        19  50
19  80  44  62   0   3   0 0.00  0.0    0 10.2 29  60   M    M   0        34  50
20  81  44  63   1   2   0 0.00  0.0    0  4.7 16  70   M    M   0        25  40
21  81  49  65   4   0   0 0.00  0.0    0  5.9 14 270   M    M   0        17 270
================================================================================
SM 1627 1051        46  25  0.03     0.0 200.8          M       21
================================================================================
AV 77.5 50.1                               9.6 FASTST   M    M   1    MAX(MPH)
                                 MISC ---->  # 40 270               # 47  270
================================================================================
NOTES:
# LAST OF SEVERAL OCCURRENCES

COLUMN 17 PEAK WIND IN M.P.H.

PRELIMINARY LOCAL CLIMATOLOGICAL DATA (WS FORM: F-6) , PAGE 2

                                          STATION:  PALMDALE AIRPORT CA
                                          MONTH:    OCTOBER
                                          YEAR:     2018
                                          LATITUDE:   34 37 N
                                          LONGITUDE: 118  5 W

[TEMPERATURE DATA]      [PRECIPITATION DATA]       SYMBOLS USED IN COLUMN 16

AVERAGE MONTHLY: 63.8   TOTAL FOR MONTH:   0.03    1 = FOG OR MIST
DPTR FM NORMAL:  -1.1   DPTR FM NORMAL:   -0.33    2 = FOG REDUCING VISIBILITY
HIGHEST:    88 ON  1    GRTST 24HR  0.03 ON 13-13      TO 1/4 MILE OR LESS
LOWEST:     37 ON 16                               3 = THUNDER
                        SNOW, ICE PELLETS, HAIL    4 = ICE PELLETS
                        TOTAL MONTH:   0.0 INCH    5 = HAIL
                        GRTST 24HR     0.0         6 = FREEZING RAIN OR DRIZZLE
                        GRTST DEPTH:   0           7 = DUSTSTORM OR SANDSTORM:
                                                       VSBY 1/2 MILE OR LESS
                                                   8 = SMOKE OR HAZE
[NO. OF DAYS WITH]      [WEATHER - DAYS WITH]      9 = BLOWING SNOW
                                                   X = TORNADO
MAX 32 OR BELOW:   0    0.01 INCH OR MORE:   1
MAX 90 OR ABOVE:   0    0.10 INCH OR MORE:   0
MIN 32 OR BELOW:   0    0.50 INCH OR MORE:   0
MIN  0 OR BELOW:   0    1.00 INCH OR MORE:   0

[HDD (BASE 65) ]
TOTAL THIS MO.    46    CLEAR  (SCALE 0-3)  18
DPTR FM NORMAL    -8    PTCLDY (SCALE 4-7)   3
TOTAL FM JUL 1    46    CLOUDY (SCALE 8-10)  0
DPTR FM NORMAL   -20

[CDD (BASE 65) ]
TOTAL THIS MO.    25
DPTR FM NORMAL   -28    [PRESSURE DATA]
TOTAL FM JAN 1  2293    HIGHEST SLP M ON M
DPTR FM NORMAL   483    LOWEST  SLP 29.67 ON 12

[REMARKS]
