000
CXUS54 KFWD 200730
CF6PRX
PRELIMINARY LOCAL CLIMATOLOGICAL DATA (WS FORM: F-6)

                                          STATION:   PARIS
                                          MONTH:     OCTOBER
                                          YEAR:      2018
                                          LATITUDE:   33 37 N
                                          LONGITUDE:  95 27 W

  TEMPERATURE IN F:       :PCPN:    SNOW:  WIND      :SUNSHINE: SKY     :PK WND
================================================================================
1   2   3   4   5  6A  6B    7    8   9   10  11  12  13   14  15   16   17  18
                                     12Z  AVG MX 2MIN
DY MAX MIN AVG DEP HDD CDD  WTR  SNW DPTH SPD SPD DIR MIN PSBL S-S WX    SPD DR
================================================================================

 1  87  67  77   6   0  12 0.00  0.0    0  6.4  9 180   M    M   6 1       M  M
 2  87  66  77   7   0  12 0.00  0.0    0  6.2 12 160   M    M   2         M  M
 3  88  69  79   9   0  14 0.00  0.0    0  9.8 17 200   M    M   1        20 200
 4  90  70  80  10   0  15 0.00  0.0    0  7.4 13 160   M    M   2 1      17 190
 5  89  71  80  10   0  15 0.00  0.0    0  9.2 17 170   M    M   2 1      21 170
 6  88  71  80  11   0  15 0.00  0.0    0  8.5 14 180   M    M   5 3      20 140
 7  87  70  79  10   0  14 0.04  0.0    0  9.5 17 160   M    M   5 38     27 150
 8  87  70  79  11   0  14 0.55  0.0    0 10.5 17 150   M    M   6 123    25 150
 9  77  63  70   2   0   5 0.69  0.0    0  8.5 13 140   M    M   7 1       M  M
10  70  53  62  -6   3   0 0.00  0.0    0  6.5 13 290   M    M   5 1       M  M
11  71  49  60  -8   5   0 0.00  0.0    0  7.3 13 360   M    M   0         M  M
12  60  55  58  -9   7   0 0.53  0.0    0  5.4 14 120   M    M   9 1       M  M
13  63  58  61  -6   4   0 1.44  0.0    0  7.5 18 110   M    M  10 123    24 110
14  70  53  62  -5   3   0 0.41  0.0    0  5.3 13 350   M    M  10 13     30 330
15  53  42  48 -18  17   0 1.03  0.0    0 14.8 23 340   M    M  10 13     31 340
16  51  44  48 -18  17   0 0.86  0.0    0  8.4 12  10   M    M   9 1       M  M
17  63  50  57  -9   8   0    T  0.0    0  7.2 12  70   M    M   4         M  M
18  69  55  62  -3   3   0    T  0.0    0  9.5 16  70   M    M   7 8      23  80
19  60  53  57  -8   8   0 0.92  0.0    0  4.4 12  90   M    M   9 1       M  M
================================================================================
SM 1410 1129        75 116  6.47     0.0 152.3          M      109
================================================================================
AV 74.2 59.4                               8.0 FASTST   M    M   6    MAX(MPH)
                                 MISC ---->  # 23 340               # 31  340
================================================================================
NOTES:
# LAST OF SEVERAL OCCURRENCES

COLUMN 17 PEAK WIND IN M.P.H.

PRELIMINARY LOCAL CLIMATOLOGICAL DATA (WS FORM: F-6) , PAGE 2

                                          STATION:  PARIS
                                          MONTH:    OCTOBER
                                          YEAR:     2018
                                          LATITUDE:   33 37 N
                                          LONGITUDE:  95 27 W

[TEMPERATURE DATA]      [PRECIPITATION DATA]       SYMBOLS USED IN COLUMN 16

AVERAGE MONTHLY: 66.8   TOTAL FOR MONTH:   6.47    1 = FOG OR MIST
DPTR FM NORMAL:  -1.1   DPTR FM NORMAL:    3.60    2 = FOG REDUCING VISIBILITY
HIGHEST:    90 ON  4    GRTST 24HR  1.44 ON 13-13      TO 1/4 MILE OR LESS
LOWEST:     42 ON 15                               3 = THUNDER
                        SNOW, ICE PELLETS, HAIL    4 = ICE PELLETS
                        TOTAL MONTH:   0.0 INCH    5 = HAIL
                        GRTST 24HR     0.0         6 = FREEZING RAIN OR DRIZZLE
                        GRTST DEPTH:   0           7 = DUSTSTORM OR SANDSTORM:
                                                       VSBY 1/2 MILE OR LESS
                                                   8 = SMOKE OR HAZE
[NO. OF DAYS WITH]      [WEATHER - DAYS WITH]      9 = BLOWING SNOW
                                                   X = TORNADO
MAX 32 OR BELOW:   0    0.01 INCH OR MORE:   9
MAX 90 OR ABOVE:   1    0.10 INCH OR MORE:   8
MIN 32 OR BELOW:   0    0.50 INCH OR MORE:   7
MIN  0 OR BELOW:   0    1.00 INCH OR MORE:   2

[HDD (BASE 65) ]
TOTAL THIS MO.    75    CLEAR  (SCALE 0-3)   5
DPTR FM NORMAL    38    PTCLDY (SCALE 4-7)   8
TOTAL FM JUL 1    75    CLOUDY (SCALE 8-10)  6
DPTR FM NORMAL    27

[CDD (BASE 65) ]
TOTAL THIS MO.   116
DPTR FM NORMAL    26    [PRESSURE DATA]
TOTAL FM JAN 1  2571    HIGHEST SLP M ON M
DPTR FM NORMAL    80    LOWEST  SLP M ON M

[REMARKS]
