000
CXUS56 KPDT 211032
CF6PSC
PRELIMINARY LOCAL CLIMATOLOGICAL DATA (WS FORM: F-6)

                                          STATION:   PASCO WA
                                          MONTH:     SEPTEMBER
                                          YEAR:      2018
                                          LATITUDE:   46 16 N
                                          LONGITUDE: 119  7 W

  TEMPERATURE IN F:       :PCPN:    SNOW:  WIND      :SUNSHINE: SKY     :PK WND
================================================================================
1   2   3   4   5  6A  6B    7    8   9   10  11  12  13   14  15   16   17  18
                                     12Z  AVG MX 2MIN
DY MAX MIN AVG DEP HDD CDD  WTR  SNW DPTH SPD SPD DIR MIN PSBL S-S WX    SPD DR
================================================================================

 1  82  47  65  -4   0   0 0.00  0.0    0  4.3 10 210   M    M   0        18  50
 2  86  44  65  -3   0   0 0.00  0.0    0  3.3  9 130   M    M   0        11 360
 3  85  48  67  -1   0   2 0.00  0.0    0  4.0 12 310   M    M   0        16 260
 4  84  47  66  -2   0   1 0.00  0.0    0  7.3 16 340   M    M   0 8      20 340
 5  86  46  66  -1   0   1 0.00  0.0    0  5.6 13 330   M    M   0 18     17 330
 6  88  47  68   1   0   3 0.00  0.0    0  2.9  8 160   M    M   0         9 340
 7  94  51  73   6   0   8    T  0.0    0  5.3 26 330   M    M   0 3      33 340
 8  83  59  71   5   0   6 0.00  0.0    0  6.9 17 220   M    M   0 8      20 220
 9  84  52  68   2   0   3 0.00  0.0    0  6.4 15 210   M    M   0        17 240
10  82  59  71   5   0   6 0.00  0.0    0  7.5 21 270   M    M   2        27 270
11  77  54  66   1   0   1    T  0.0    0  8.0 20 200   M    M   4        25 210
12  76  50  63  -2   2   0 0.00  0.0    0  7.7 16 210   M    M   2        22 230
13  76  51  64   0   1   0 0.00  0.0    0  7.3 16 240   M    M   1        20 250
14  77  42  60  -4   5   0 0.00  0.0    0  3.2  9 220   M    M   1        13 300
15  76  46  61  -3   4   0 0.00  0.0    0  6.1 16 240   M    M   2        20 240
16  76  50  63   0   2   0 0.00  0.0    0 12.7 26 240   M    M   2        35 240
17  72  39  56  -7   9   0 0.00  0.0    0  3.5 10 320   M    M   1        14 340
18  75  39  57  -6   8   0 0.00  0.0    0  2.4  9 360   M    M   0 8      16 270
19  79  39  59  -3   6   0 0.00  0.0    0  2.5  9 360   M    M   0 1      11 170
20  74  44  59  -3   6   0 0.00  0.0    0  4.8 13 220   M    M   0        19 200
================================================================================
SM 1612  954        43  31    T      0.0 111.7          M       15
================================================================================
AV 80.6 47.7                               5.6 FASTST   M    M   1    MAX(MPH)
                                 MISC ---->  # 26 330               # 35  240
================================================================================
NOTES:
# LAST OF SEVERAL OCCURRENCES

COLUMN 17 PEAK WIND IN M.P.H.

PRELIMINARY LOCAL CLIMATOLOGICAL DATA (WS FORM: F-6) , PAGE 2

                                          STATION:  PASCO WA
                                          MONTH:    SEPTEMBER
                                          YEAR:     2018
                                          LATITUDE:   46 16 N
                                          LONGITUDE: 119  7 W

[TEMPERATURE DATA]      [PRECIPITATION DATA]       SYMBOLS USED IN COLUMN 16

AVERAGE MONTHLY: 64.2   TOTAL FOR MONTH:      T    1 = FOG OR MIST
DPTR FM NORMAL:  -1.2   DPTR FM NORMAL:   -0.22    2 = FOG REDUCING VISIBILITY
HIGHEST:    94 ON  7    GRTST 24HR    T  ON 11-11      TO 1/4 MILE OR LESS
LOWEST:     39 ON 19,18                            3 = THUNDER
                        SNOW, ICE PELLETS, HAIL    4 = ICE PELLETS
                        TOTAL MONTH:   0.0 INCH    5 = HAIL
                        GRTST 24HR     0.0         6 = FREEZING RAIN OR DRIZZLE
                        GRTST DEPTH:   0           7 = DUSTSTORM OR SANDSTORM:
                                                       VSBY 1/2 MILE OR LESS
                                                   8 = SMOKE OR HAZE
[NO. OF DAYS WITH]      [WEATHER - DAYS WITH]      9 = BLOWING SNOW
                                                   X = TORNADO
MAX 32 OR BELOW:   0    0.01 INCH OR MORE:   0
MAX 90 OR ABOVE:   1    0.10 INCH OR MORE:   0
MIN 32 OR BELOW:   0    0.50 INCH OR MORE:   0
MIN  0 OR BELOW:   0    1.00 INCH OR MORE:   0

[HDD (BASE 65) ]
TOTAL THIS MO.    43    CLEAR  (SCALE 0-3)  19
DPTR FM NORMAL     3    PTCLDY (SCALE 4-7)   1
TOTAL FM JUL 1    45    CLOUDY (SCALE 8-10)  0
DPTR FM NORMAL    -7

[CDD (BASE 65) ]
TOTAL THIS MO.    31
DPTR FM NORMAL   -14    [PRESSURE DATA]
TOTAL FM JAN 1   849    HIGHEST SLP 30.06 ON 16
DPTR FM NORMAL   147    LOWEST  SLP 29.78 ON 15

[REMARKS]
