000
CXUS56 KPDT 181032
CF6PSC
PRELIMINARY LOCAL CLIMATOLOGICAL DATA (WS FORM: F-6)

                                          STATION:   PASCO WA
                                          MONTH:     FEBRUARY
                                          YEAR:      2020
                                          LATITUDE:   46 16 N
                                          LONGITUDE: 119  7 W

  TEMPERATURE IN F:       :PCPN:    SNOW:  WIND      :SUNSHINE: SKY     :PK WND
================================================================================
1   2   3   4   5  6A  6B    7    8   9   10  11  12  13   14  15   16   17  18
                                     12Z  AVG MX 2MIN
DY MAX MIN AVG DEP HDD CDD  WTR  SNW DPTH SPD SPD DIR MIN PSBL S-S WX    SPD DR
================================================================================

 1  63  42  53  16  12   0    T    M    M 12.3 32 260   M    M   6        40 270
 2  48  24  36  -1  29   0 0.00    M    M  4.3 14 310   M    M   0        16 310
 3  47  19  33  -4  32   0 0.00    M    M  2.7 10 340   M    M   3 8      16 300
 4  40  21  31  -6  34   0 0.07    M    M  8.3 22 210   M    M   7 1      26 210
 5  51  38  45   8  20   0 0.06    M    M  4.7 17 240   M    M   6        23 250
 6  53  41  47   9  18   0 0.13    M    M  5.7 18 260   M    M  10 1      23 270
 7  57  41  49  11  16   0 0.01    M    M  8.5 28 240   M    M   7 1      38 240
 8  56  40  48  10  17   0 0.03    M    M 13.4 31 230   M    M   6        40 230
 9  50  26  38   0  27   0 0.00    M    M  4.4 16 210   M    M   0        21 200
10  53  26  40   2  25   0 0.00    M    M  1.6  8 140   M    M   0         9 110
11  62  29  46   8  19   0 0.00    M    M  9.4 24 310   M    M   1        30 310
12  56  25  41   3  24   0 0.00    M    M  3.2  9 170   M    M   0        12 170
13  51  24  38   0  27   0    T    M    M  5.8 18 250   M    M   2        22 250
14  58  38  48  10  17   0 0.00    M    M 14.7 28 240   M    M   1        34 230
15  50  43  47   8  18   0    T    M    M 13.0 31 230   M    M   8        40 210
16  57  33  45   6  20   0 0.00    M    M 11.0 25 270   M    M   1        33 270
17  54  29  42   3  23   0 0.00    M    M  5.3 16 220   M    M   4        18 220
================================================================================
SM  906  539       378   0  0.30    M    128.3          M       62
================================================================================
AV 53.3 31.7                               7.5 FASTST   M    M   4    MAX(MPH)
                                 MISC ---->  # 32 260               # 40  270
================================================================================
NOTES:
# LAST OF SEVERAL OCCURRENCES

COLUMN 17 PEAK WIND IN M.P.H.

PRELIMINARY LOCAL CLIMATOLOGICAL DATA (WS FORM: F-6) , PAGE 2

                                          STATION:  PASCO WA
                                          MONTH:    FEBRUARY
                                          YEAR:     2020
                                          LATITUDE:   46 16 N
                                          LONGITUDE: 119  7 W

[TEMPERATURE DATA]      [PRECIPITATION DATA]       SYMBOLS USED IN COLUMN 16

AVERAGE MONTHLY: 42.5   TOTAL FOR MONTH:   0.30    1 = FOG OR MIST
DPTR FM NORMAL:   4.6   DPTR FM NORMAL:   -0.24    2 = FOG REDUCING VISIBILITY
HIGHEST:    63 ON  1    GRTST 24HR  0.13 ON  6- 6      TO 1/4 MILE OR LESS
LOWEST:     19 ON  3                               3 = THUNDER
                        SNOW, ICE PELLETS, HAIL    4 = ICE PELLETS
                        TOTAL MONTH:    M          5 = HAIL
                        GRTST 24HR    M  ON   M    6 = FREEZING RAIN OR DRIZZLE
                        GRTST DEPTH:  M  ON   M    7 = DUSTSTORM OR SANDSTORM:
                                                       VSBY 1/2 MILE OR LESS
                                                   8 = SMOKE OR HAZE
[NO. OF DAYS WITH]      [WEATHER - DAYS WITH]      9 = BLOWING SNOW
                                                   X = TORNADO
MAX 32 OR BELOW:   0    0.01 INCH OR MORE:   5
MAX 90 OR ABOVE:   0    0.10 INCH OR MORE:   1
MIN 32 OR BELOW:   9    0.50 INCH OR MORE:   0
MIN  0 OR BELOW:   0    1.00 INCH OR MORE:   0

[HDD (BASE 65) ]
TOTAL THIS MO.   378    CLEAR  (SCALE 0-3)   9
DPTR FM NORMAL   -83    PTCLDY (SCALE 4-7)   7
TOTAL FM JUL 1  3354    CLOUDY (SCALE 8-10)  1
DPTR FM NORMAL  -258

[CDD (BASE 65) ]
TOTAL THIS MO.     0
DPTR FM NORMAL     0    [PRESSURE DATA]
TOTAL FM JAN 1     0    HIGHEST SLP M ON M
DPTR FM NORMAL     0    LOWEST  SLP 29.72 ON  7

[REMARKS]
