000
CXUS54 KHGX 231515
CF6PSX
PRELIMINARY LOCAL CLIMATOLOGICAL DATA (WS FORM: F-6)

                                          STATION:   PALACIOS
                                          MONTH:     JULY
                                          YEAR:      2019
                                          LATITUDE:   28 43 N
                                          LONGITUDE:  96 15 W

  TEMPERATURE IN F:       :PCPN:    SNOW:  WIND      :SUNSHINE: SKY     :PK WND
================================================================================
1   2   3   4   5  6A  6B    7    8   9   10  11  12  13   14  15   16   17  18
                                     12Z  AVG MX 2MIN
DY MAX MIN AVG DEP HDD CDD  WTR  SNW DPTH SPD SPD DIR MIN PSBL S-S WX    SPD DR
================================================================================

 1  91  82  87   3   0  22 0.00  0.0    0 10.0 16 120   M    M   2        20 170
 2  90  80  85   1   0  20 0.04  0.0    0 10.4 21 140   M    M   2 3      26 140
 3  92  79  86   2   0  21 0.06  0.0    0 13.5 21 160   M    M   6 3      27 220
 4  91  79  85   1   0  20 0.01  0.0    0 13.5 23 150   M    M   5 38     28 140
 5  92  81  87   3   0  22 0.00  0.0    0 10.9 17 150   M    M   2        21 140
 6  93  80  87   3   0  22 0.00  0.0    0  7.2 14 160   M    M   1        18 150
 7  93  83  88   4   0  23 0.00  0.0    0  8.4 16 150   M    M   1        19 140
 8  93  85  89   5   0  24 0.00  0.0    0 10.7 17 170   M    M   2        22 170
 9  93  86  90   6   0  25 0.00  0.0    0 11.5 17 210   M    M   3        23 200
10  94  83  89   5   0  24 0.00  0.0    0  8.0 15 190   M    M   3        19 200
11  97  81  89   5   0  24 0.00  0.0    0  7.1 16  10   M    M   1        22  10
12 100  79  90   6   0  25 0.00  0.0    0  9.6 16  30   M    M   2        22  10
13  96  76  86   2   0  21 0.24  0.0    0  9.9 29  20   M    M   3 3      35  10
14  92  84  88   4   0  23 0.00  0.0    0 12.5 22 200   M    M   5 8      29 190
15  93  84  89   5   0  24 0.00  0.0    0 11.8 18 170   M    M   4 8      24 190
16  93  84  89   5   0  24 0.00  0.0    0 12.6 20 170   M    M   4 8      24 170
17  94  84  89   5   0  24 0.00  0.0    0 12.4 20 150   M    M   2        24 160
18  93  84  89   5   0  24 0.00  0.0    0 12.4 20 160   M    M   2        25 150
19  94  85  90   6   0  25 0.00  0.0    0 12.4 20 140   M    M   2        24 140
20  94  84  89   5   0  24 0.00  0.0    0 10.7 17 170   M    M   1        49 150
21  93  86  90   6   0  25 0.00  0.0    0 10.7 16 140   M    M   2        26 150
22  92  79  86   2   0  21 0.09  0.0    0  6.9 18  30   M    M   1 3      26 160
================================================================================
SM 2053 1808         0 507  0.44     0.0 233.1          M       56
================================================================================
AV 93.3 82.2                              10.6 FASTST   M    M   3    MAX(MPH)
                                 MISC ---->  # 29  20               # 49  150
================================================================================
NOTES:
# LAST OF SEVERAL OCCURRENCES

COLUMN 17 PEAK WIND IN M.P.H.

PRELIMINARY LOCAL CLIMATOLOGICAL DATA (WS FORM: F-6) , PAGE 2

                                          STATION:  PALACIOS
                                          MONTH:    JULY
                                          YEAR:     2019
                                          LATITUDE:   28 43 N
                                          LONGITUDE:  96 15 W

[TEMPERATURE DATA]      [PRECIPITATION DATA]       SYMBOLS USED IN COLUMN 16

AVERAGE MONTHLY: 87.8   TOTAL FOR MONTH:   0.44    1 = FOG OR MIST
DPTR FM NORMAL:   3.8   DPTR FM NORMAL:   -3.36    2 = FOG REDUCING VISIBILITY
HIGHEST:   100 ON 12    GRTST 24HR  0.42 ON 30- 1      TO 1/4 MILE OR LESS
LOWEST:     76 ON 13                               3 = THUNDER
                        SNOW, ICE PELLETS, HAIL    4 = ICE PELLETS
                        TOTAL MONTH:   0.0 INCH    5 = HAIL
                        GRTST 24HR     0.0         6 = FREEZING RAIN OR DRIZZLE
                        GRTST DEPTH:   0           7 = DUSTSTORM OR SANDSTORM:
                                                       VSBY 1/2 MILE OR LESS
                                                   8 = SMOKE OR HAZE
[NO. OF DAYS WITH]      [WEATHER - DAYS WITH]      9 = BLOWING SNOW
                                                   X = TORNADO
MAX 32 OR BELOW:   0    0.01 INCH OR MORE:   5
MAX 90 OR ABOVE:  22    0.10 INCH OR MORE:   1
MIN 32 OR BELOW:   0    0.50 INCH OR MORE:   0
MIN  0 OR BELOW:   0    1.00 INCH OR MORE:   0

[HDD (BASE 65) ]
TOTAL THIS MO.     0    CLEAR  (SCALE 0-3)  17
DPTR FM NORMAL     0    PTCLDY (SCALE 4-7)   5
TOTAL FM JUL 1     0    CLOUDY (SCALE 8-10)  0
DPTR FM NORMAL     0

[CDD (BASE 65) ]
TOTAL THIS MO.   507
DPTR FM NORMAL    89    [PRESSURE DATA]
TOTAL FM JAN 1  1928    HIGHEST SLP M ON M
DPTR FM NORMAL   352    LOWEST  SLP 29.73 ON 13

[REMARKS]
