000
CXUS54 KHGX 190819
CF6PSX
PRELIMINARY LOCAL CLIMATOLOGICAL DATA (WS FORM: F-6)

                                          STATION:   PALACIOS
                                          MONTH:     JANUARY
                                          YEAR:      2019
                                          LATITUDE:   28 43 N
                                          LONGITUDE:  96 15 W

  TEMPERATURE IN F:       :PCPN:    SNOW:  WIND      :SUNSHINE: SKY     :PK WND
================================================================================
1   2   3   4   5  6A  6B    7    8   9   10  11  12  13   14  15   16   17  18
                                     12Z  AVG MX 2MIN
DY MAX MIN AVG DEP HDD CDD  WTR  SNW DPTH SPD SPD DIR MIN PSBL S-S WX    SPD DR
================================================================================

 1  66  41  54   0  11   0 0.00  0.0    0 10.7 20 350   M    M   7 12     23 350
 2  56  44  50  -4  15   0 0.20  0.0    0 14.6 25  90   M    M  10 1      32 100
 3  59  40  50  -4  15   0 0.17  0.0    0 12.0 23 310   M    M   7 1      29 300
 4  65  39  52  -2  13   0 0.00  0.0    0  7.3 16 310   M    M   0        20 320
 5  71  40  56   2   9   0 0.00  0.0    0  4.8 12 170   M    M   1 12     13 170
 6  73  52  63   9   2   0 0.00  0.0    0 10.6 20 160   M    M   0 18     25 150
 7  74  64  69  15   0   4 0.00  0.0    0 11.5 17 160   M    M   5        21 160
 8  75  61  68  14   0   3 0.00  0.0    0  4.4  9 340   M    M   6 1      14 190
 9  70  47  59   5   6   0 0.00  0.0    0 10.3 20  40   M    M   0 1      26  30
10  65  43  54   0  11   0 0.00  0.0    0  7.8 15 130   M    M   0        18 130
11  70  48  59   5   6   0 0.04  0.0    0 12.6 25 110   M    M   5 1      30 110
12  72  49  61   7   4   0 0.67  0.0    0 11.6 22 360   M    M   4 1      26 250
13  59  40  50  -4  15   0 0.00  0.0    0 10.3 18 360   M    M   0        22 360
14  52  43  48  -6  17   0 0.00  0.0    0  9.3 18  30   M    M   9        23  20
15  59  50  55   1  10   0 0.04  0.0    0  6.6 12  30   M    M  10 1      16  60
16  64  54  59   5   6   0 0.41  0.0    0  9.8 15 110   M    M  10 1      20 100
17  67  59  63   9   2   0 0.00  0.0    0  7.1 16 250   M    M   7 12     19 270
18  69  61  65  11   0   0 0.12  0.0    0  9.9 22 160   M    M  10 12     30 160
================================================================================
SM 1186  875       142   7  1.65     0.0 171.2          M       91
================================================================================
AV 65.9 48.6                               9.5 FASTST   M    M   5    MAX(MPH)
                                 MISC ---->  # 25  90               # 32  100
================================================================================
NOTES:
# LAST OF SEVERAL OCCURRENCES

COLUMN 17 PEAK WIND IN M.P.H.

PRELIMINARY LOCAL CLIMATOLOGICAL DATA (WS FORM: F-6) , PAGE 2

                                          STATION:  PALACIOS
                                          MONTH:    JANUARY
                                          YEAR:     2019
                                          LATITUDE:   28 43 N
                                          LONGITUDE:  96 15 W

[TEMPERATURE DATA]      [PRECIPITATION DATA]       SYMBOLS USED IN COLUMN 16

AVERAGE MONTHLY: 57.3   TOTAL FOR MONTH:   1.65    1 = FOG OR MIST
DPTR FM NORMAL:   3.2   DPTR FM NORMAL:   -0.31    2 = FOG REDUCING VISIBILITY
HIGHEST:    75 ON  8    GRTST 24HR  0.67 ON 12-12      TO 1/4 MILE OR LESS
LOWEST:     39 ON  4                               3 = THUNDER
                        SNOW, ICE PELLETS, HAIL    4 = ICE PELLETS
                        TOTAL MONTH:   0.0 INCH    5 = HAIL
                        GRTST 24HR     0.0         6 = FREEZING RAIN OR DRIZZLE
                        GRTST DEPTH:   0           7 = DUSTSTORM OR SANDSTORM:
                                                       VSBY 1/2 MILE OR LESS
                                                   8 = SMOKE OR HAZE
[NO. OF DAYS WITH]      [WEATHER - DAYS WITH]      9 = BLOWING SNOW
                                                   X = TORNADO
MAX 32 OR BELOW:   0    0.01 INCH OR MORE:   7
MAX 90 OR ABOVE:   0    0.10 INCH OR MORE:   5
MIN 32 OR BELOW:   0    0.50 INCH OR MORE:   1
MIN  0 OR BELOW:   0    1.00 INCH OR MORE:   0

[HDD (BASE 65) ]
TOTAL THIS MO.   142    CLEAR  (SCALE 0-3)   6
DPTR FM NORMAL   -60    PTCLDY (SCALE 4-7)   7
TOTAL FM JUL 1   574    CLOUDY (SCALE 8-10)  5
DPTR FM NORMAL   -82

[CDD (BASE 65) ]
TOTAL THIS MO.     7
DPTR FM NORMAL     5    [PRESSURE DATA]
TOTAL FM JAN 1     7    HIGHEST SLP M ON M
DPTR FM NORMAL     5    LOWEST  SLP 29.73 ON 18

[REMARKS]
