000
CXUS54 KHGX 231515
CF6PSX
PRELIMINARY LOCAL CLIMATOLOGICAL DATA (WS FORM: F-6)

                                          STATION:   PALACIOS
                                          MONTH:     OCTOBER
                                          YEAR:      2019
                                          LATITUDE:   28 43 N
                                          LONGITUDE:  96 15 W

  TEMPERATURE IN F:       :PCPN:    SNOW:  WIND      :SUNSHINE: SKY     :PK WND
================================================================================
1   2   3   4   5  6A  6B    7    8   9   10  11  12  13   14  15   16   17  18
                                     12Z  AVG MX 2MIN
DY MAX MIN AVG DEP HDD CDD  WTR  SNW DPTH SPD SPD DIR MIN PSBL S-S WX    SPD DR
================================================================================

 1  92  81  87  11   0  22 0.05  0.0    0 10.5 20 150   M    M   1 8      25 140
 2  92  77  85   9   0  20 0.02  0.0    0  9.2 18 110   M    M   2 18     23 120
 3  93  76  85   9   0  20 0.00  0.0    0  9.0 21 110   M    M   0 18     26 110
 4  93  75  84   8   0  19 0.00  0.0    0  7.1 17 120   M    M   1 18     21 120
 5  93  72  83   8   0  18 0.00  0.0    0  5.8 14 150   M    M   0 18     19 160
 6  92  72  82   7   0  17 0.00  0.0    0  6.7 16 120   M    M   1 18     19 110
 7  92  73  83   8   0  18 0.00  0.0    0 11.6 21 360   M    M   1 8      26 360
 8  87  69  78   4   0  13 0.00  0.0    0  7.6 15  30   M    M   5 18     19  30
 9  89  69  79   5   0  14 0.00  0.0    0 10.3 18 150   M    M   1 18     23 140
10  90  81  86  12   0  21 0.00  0.0    0 13.8 20 150   M    M   2        26 150
11  87  54  71  -3   0   6 1.14  0.0    0 18.4 35 350   M    M   4 13     42 340
12  76  57  67  -7   0   2 0.00  0.0    0 12.5 23  20   M    M   4 8      30  10
13  86  58  72  -1   0   7 0.00  0.0    0  8.4 15 120   M    M   5 1      19 110
14  88  73  81   8   0  16 0.08  0.0    0  6.2 14 170   M    M   4 12     17 150
15  88  77  83  10   0  18 0.00  0.0    0  8.1 16 180   M    M   0 1      20 200
16  81  64  73   0   0   8 1.36  0.0    0  9.9 25 330   M    M   8 13     31 340
17  71  59  65  -7   0   0    T  0.0    0  9.0 17 360   M    M   5        21  20
18  84  57  71  -1   0   6 0.00  0.0    0  6.1 13 140   M    M   0 18     18 150
19  87  68  78   6   0  13 0.00  0.0    0  7.9 15 170   M    M   0 1      20 170
20  88  74  81   9   0  16 0.00  0.0    0 10.0 23 120   M    M   3 12     46 110
21  82  59  71   0   0   6 0.77  0.0    0 11.0 28 340   M    M   4 138    37 190
22  82  54  68  -3   0   3 0.00  0.0    0 10.1 18  40   M    M   0        24  40
================================================================================
SM 1913 1499         0 283  3.42     0.0 209.2          M       51
================================================================================
AV 87.0 68.1                               9.5 FASTST   M    M   2    MAX(MPH)
                                 MISC ---->  # 35 350               # 46  110
================================================================================
NOTES:
# LAST OF SEVERAL OCCURRENCES

COLUMN 17 PEAK WIND IN M.P.H.

PRELIMINARY LOCAL CLIMATOLOGICAL DATA (WS FORM: F-6) , PAGE 2

                                          STATION:  PALACIOS
                                          MONTH:    OCTOBER
                                          YEAR:     2019
                                          LATITUDE:   28 43 N
                                          LONGITUDE:  96 15 W

[TEMPERATURE DATA]      [PRECIPITATION DATA]       SYMBOLS USED IN COLUMN 16

AVERAGE MONTHLY: 77.6   TOTAL FOR MONTH:   3.42    1 = FOG OR MIST
DPTR FM NORMAL:   3.9   DPTR FM NORMAL:   -0.21    2 = FOG REDUCING VISIBILITY
HIGHEST:    93 ON  5, 4 GRTST 24HR  1.36 ON 16-16      TO 1/4 MILE OR LESS
LOWEST:     54 ON 22,11                            3 = THUNDER
                        SNOW, ICE PELLETS, HAIL    4 = ICE PELLETS
                        TOTAL MONTH:   0.0 INCH    5 = HAIL
                        GRTST 24HR     0.0         6 = FREEZING RAIN OR DRIZZLE
                        GRTST DEPTH:   0           7 = DUSTSTORM OR SANDSTORM:
                                                       VSBY 1/2 MILE OR LESS
                                                   8 = SMOKE OR HAZE
[NO. OF DAYS WITH]      [WEATHER - DAYS WITH]      9 = BLOWING SNOW
                                                   X = TORNADO
MAX 32 OR BELOW:   0    0.01 INCH OR MORE:   6
MAX 90 OR ABOVE:   8    0.10 INCH OR MORE:   3
MIN 32 OR BELOW:   0    0.50 INCH OR MORE:   3
MIN  0 OR BELOW:   0    1.00 INCH OR MORE:   2

[HDD (BASE 65) ]
TOTAL THIS MO.     0    CLEAR  (SCALE 0-3)  14
DPTR FM NORMAL    -7    PTCLDY (SCALE 4-7)   7
TOTAL FM JUL 1     0    CLOUDY (SCALE 8-10)  1
DPTR FM NORMAL    -7

[CDD (BASE 65) ]
TOTAL THIS MO.   283
DPTR FM NORMAL    83    [PRESSURE DATA]
TOTAL FM JAN 1  3747    HIGHEST SLP M ON M
DPTR FM NORMAL   752    LOWEST  SLP 29.65 ON 21

[REMARKS]
