000
CXUS54 KHGX 220757
CF6PSX
PRELIMINARY LOCAL CLIMATOLOGICAL DATA (WS FORM: F-6)

                                          STATION:   PALACIOS
                                          MONTH:     JUNE
                                          YEAR:      2021
                                          LATITUDE:   28 43 N
                                          LONGITUDE:  96 15 W

  TEMPERATURE IN F:       :PCPN:    SNOW:  WIND      :SUNSHINE: SKY     :PK WND
================================================================================
1   2   3   4   5  6A  6B    7    8   9   10  11  12  13   14  15   16   17  18
                                     12Z  AVG MX 2MIN
DY MAX MIN AVG DEP HDD CDD  WTR  SNW DPTH SPD SPD DIR MIN PSBL S-S WX    SPD DR
================================================================================

 1  82  69  76  -6   0  11 0.54  0.0    0  6.1 24 320   M    M   4 13     30 320
 2  86  72  79  -3   0  14 0.00  0.0    0  5.8 15 180   M    M   1        24 180
 3  85  70  78  -4   0  13 1.99  0.0    0  8.7 26 110   M    M   5 13     32 110
 4  83  70  77  -5   0  12 0.91  0.0    0  5.5 26 100   M    M   4 1      32 110
 5  85  73  79  -3   0  14 0.01  0.0    0  7.6 17 160   M    M   3 3      23 150
 6  86  73  80  -3   0  15 0.29  0.0    0 11.1 16 150   M    M   4 13     26 140
 7  87  80  84   1   0  19    T  0.0    0 16.0 25 160   M    M  10 18     33 160
 8  88  81  85   2   0  20    T  0.0    0 14.7 21 170   M    M   8 1      37 160
 9  88  81  85   2   0  20 0.00  0.0    0 12.4 20 150   M    M   7 1      25 200
10  89  80  85   2   0  20 0.00  0.0    0 11.3 18 180   M    M   3        23 170
11  89  76  83   0   0  18 0.00  0.0    0 12.8 18 180   M    M   2        23 150
12  89  81  85   1   0  20 0.00  0.0    0  8.6 17 170   M    M   3        33 180
13  90  76  83  -1   0  18 0.00  0.0    0  5.8 12 180   M    M   1 8      15 290
14  97  75  86   2   0  21    T  0.0    0  6.8 23 360   M    M   2 38     30 350
15  93  73  83  -1   0  18    T  0.0    0  7.4 28  80   M    M   1 3      39  80
16  91  71  81  -3   0  16 0.00  0.0    0  6.8 18  20   M    M   1 1      25  10
17  95  75  85   1   0  20 0.00  0.0    0  9.6 18 100   M    M   1 1      30  90
18  92  70  81  -3   0  16 0.00  0.0    0  6.8 15 140   M    M   1        19  40
19  91  74  83  -1   0  18 0.00  0.0    0  8.1 17 140   M    M   1 1      22 150
20  89  79  84   0   0  19 0.16  0.0    0 13.1 22 170   M    M   4 138    30 150
21  90  78  84   0   0  19 1.20  0.0    0 15.0 32 130   M    M   8 13     40 150
================================================================================
SM 1865 1577         0 361  5.10  0.0    200.0          M       74
================================================================================
AV 88.8 75.1                               9.5 FASTST   M    M   4    MAX(MPH)
                                 MISC ---->    32 130                 40 150
================================================================================
NOTES:
# LAST OF SEVERAL OCCURRENCES

COLUMN 17 PEAK WIND IN M.P.H.

PRELIMINARY LOCAL CLIMATOLOGICAL DATA (WS FORM: F-6) , PAGE 2

                                          STATION:   PALACIOS
                                          MONTH:     JUNE
                                          YEAR:      2021
                                          LATITUDE:   28 43 N
                                          LONGITUDE:  96 15 W

[TEMPERATURE DATA]      [PRECIPITATION DATA]       SYMBOLS USED IN COLUMN 16

AVERAGE MONTHLY: 82.0   TOTAL FOR MONTH:   5.10    1 = FOG OR MIST
DPTR FM NORMAL:  -1.3   DPTR FM NORMAL:    2.04    2 = FOG REDUCING VISIBILITY
HIGHEST:    97 ON 14    GRTST 24HR  2.90 ON  3- 4      TO 1/4 MILE OR LESS
LOWEST:     69 ON  1                               3 = THUNDER
                        SNOW, ICE PELLETS, HAIL    4 = ICE PELLETS
                        TOTAL MONTH:   0.0 INCH    5 = HAIL
                        GRTST 24HR  0.0            6 = FREEZING RAIN OR DRIZZLE
                        GRTST DEPTH:  0            7 = DUSTSTORM OR SANDSTORM:
                                                       VSBY 1/2 MILE OR LESS
                                                   8 = SMOKE OR HAZE
[NO. OF DAYS WITH]      [WEATHER - DAYS WITH]      9 = BLOWING SNOW
                                                   X = TORNADO
MAX 32 OR BELOW:   0    0.01 INCH OR MORE:   7
MAX 90 OR ABOVE:   8    0.10 INCH OR MORE:   6
MIN 32 OR BELOW:   0    0.50 INCH OR MORE:   4
MIN  0 OR BELOW:   0    1.00 INCH OR MORE:   2

[HDD (BASE 65) ]
TOTAL THIS MO.     0    CLEAR  (SCALE 0-3)  12
DPTR FM NORMAL     0    PTCLDY (SCALE 4-7)   7
TOTAL FM JUL 1  1090    CLOUDY (SCALE 8-10)  2
DPTR FM NORMAL    88

[CDD (BASE 65) ]
TOTAL THIS MO.   361
DPTR FM NORMAL   -22    [PRESSURE DATA]
TOTAL FM JAN 1  1044    HIGHEST SLP M ON M
DPTR FM NORMAL  -103    LOWEST  SLP 29.75 ON  6

[REMARKS]
