000
CXUS54 KHGX 271410
CF6PSX
PRELIMINARY LOCAL CLIMATOLOGICAL DATA (WS FORM: F-6)

                                          STATION:   PALACIOS
                                          MONTH:     JUNE
                                          YEAR:      2022
                                          LATITUDE:   28 43 N
                                          LONGITUDE:  96 15 W

  TEMPERATURE IN F:       :PCPN:    SNOW:  WIND      :SUNSHINE: SKY     :PK WND
================================================================================
1   2   3   4   5  6A  6B    7    8   9   10  11  12  13   14  15   16   17  18
                                     12Z  AVG MX 2MIN
DY MAX MIN AVG DEP HDD CDD  WTR  SNW DPTH SPD SPD DIR MIN PSBL S-S WX    SPD DR
================================================================================

 1  90  79  85   3   0  20 0.11  0.0    0 12.7 21 140   M    M   2 1      27 140
 2  91  76  84   2   0  19 0.09  0.0    0  5.8 15 140   M    M   3 38     20 120
 3  95  74  85   3   0  20 0.00  0.0    0  7.6 18 140   M    M   2        23 140
 4  90  72  81  -1   0  16 0.41  0.0    0  7.5 37 350   M    M   2 13     49 350
 5  89  76  83   1   0  18 0.00  0.0    0 10.8 16 150   M    M   2        22 180
 6  90  82  86   3   0  21    T  0.0    0 18.1 24 160   M    M   6        33 190
 7  91  82  87   4   0  22 0.00  0.0    0 16.5 23 170   M    M   6        35 160
 8  91  83  87   4   0  22 0.00  0.0    0 13.9 21 160   M    M   2        31 170
 9  93  80  87   4   0  22 0.00  0.0    0  9.5 18 150   M    M   3        24 150
10  93  82  88   5   0  23 0.00  0.0    0 12.3 24 170   M    M   2        31 170
11  91  83  87   4   0  22 0.00  0.0    0 13.6 18 180   M    M   3        26 180
12  92  84  88   4   0  23 0.00  0.0    0 16.2 23 170   M    M   9        30 160
13  91  83  87   3   0  22 0.00  0.0    0 16.8 23 160   M    M   7        31 170
14  91  83  87   3   0  22 0.00  0.0    0 15.7 22 150   M    M  10        30 160
15  91  83  87   3   0  22 0.00  0.0    0 13.9 20 180   M    M  10        27 160
16  93  83  88   4   0  23 0.00  0.0    0  9.7 17 160   M    M   8        24 190
17  93  81  87   3   0  22 0.00  0.0    0  8.9 18 150   M    M   2        26 150
18  93  77  85   1   0  20 0.00  0.0    0  8.7 18 150   M    M   1        27 140
19   M  77   M   M   M   M 0.00  0.0    0  7.8 18 170   M    M   2        23 160
20  95  75  85   1   0  20 0.00  0.0    0  6.9 16 180   M    M   0        22 170
21  95  82  89   5   0  24 0.00  0.0    0 11.0 22 140   M    M   1        31 150
22  92  78  85   1   0  20 0.11  0.0    0  8.0 16 170   M    M   2        23 170
23  93  76  85   1   0  20 0.00  0.0    0  8.6 16 190   M    M   0        22 180
24  93  82  88   4   0  23 0.00  0.0    0 10.6 16 160   M    M   1        23 160
25  93  82  88   3   0  23 0.00  0.0    0 10.8 16 150   M    M   1        23 150
26  94  77  86   1   0  21 0.00  0.0    0  9.1 18 160   M    M   1        25 180
================================================================================
SM 2303 2072         0 530  0.72  0.0    291.0          M       88
================================================================================
AV 92.1 79.7                              11.2 FASTST   M    M   3    MAX(MPH)
                                 MISC ---->    37 350                 49 350
================================================================================
NOTES:
# LAST OF SEVERAL OCCURRENCES

COLUMN 17 PEAK WIND IN M.P.H.

PRELIMINARY LOCAL CLIMATOLOGICAL DATA (WS FORM: F-6) , PAGE 2

                                          STATION:   PALACIOS
                                          MONTH:     JUNE
                                          YEAR:      2022
                                          LATITUDE:   28 43 N
                                          LONGITUDE:  96 15 W

[TEMPERATURE DATA]      [PRECIPITATION DATA]       SYMBOLS USED IN COLUMN 16

AVERAGE MONTHLY: 85.9   TOTAL FOR MONTH:   0.72    1 = FOG OR MIST
DPTR FM NORMAL:   2.4   DPTR FM NORMAL:   -3.17    2 = FOG REDUCING VISIBILITY
HIGHEST:    95 ON 21,20  GRTST 24HR  0.41 ON  4- 4      TO 1/4 MILE OR LESS
LOWEST:     72 ON  4                               3 = THUNDER
                        SNOW, ICE PELLETS, HAIL    4 = ICE PELLETS
                        TOTAL MONTH:   0.0 INCH    5 = HAIL
                        GRTST 24HR  0.0            6 = FREEZING RAIN OR DRIZZLE
                        GRTST DEPTH:  0            7 = DUSTSTORM OR SANDSTORM:
                                                       VSBY 1/2 MILE OR LESS
                                                   8 = SMOKE OR HAZE
[NO. OF DAYS WITH]      [WEATHER - DAYS WITH]      9 = BLOWING SNOW
                                                   X = TORNADO
MAX 32 OR BELOW:   0    0.01 INCH OR MORE:   4
MAX 90 OR ABOVE:  24    0.10 INCH OR MORE:   3
MIN 32 OR BELOW:   0    0.50 INCH OR MORE:   0
MIN  0 OR BELOW:   0    1.00 INCH OR MORE:   0

[HDD (BASE 65) ]
TOTAL THIS MO.     0    CLEAR  (SCALE 0-3)  19
DPTR FM NORMAL     0    PTCLDY (SCALE 4-7)   3
TOTAL FM JUL 1   997    CLOUDY (SCALE 8-10)  4
DPTR FM NORMAL    -5

[CDD (BASE 65) ]
TOTAL THIS MO.   530
DPTR FM NORMAL    49    [PRESSURE DATA]
TOTAL FM JAN 1  1473    HIGHEST SLP M ON M
DPTR FM NORMAL   228    LOWEST  SLP 29.71 ON  6

[REMARKS]
