000
CXUS54 KHGX 310724
CF6PSX
PRELIMINARY LOCAL CLIMATOLOGICAL DATA (WS FORM: F-6)

                                          STATION:   PALACIOS
                                          MONTH:     OCTOBER
                                          YEAR:      2020
                                          LATITUDE:   28 43 N
                                          LONGITUDE:  96 15 W

  TEMPERATURE IN F:       :PCPN:    SNOW:  WIND      :SUNSHINE: SKY     :PK WND
================================================================================
1   2   3   4   5  6A  6B    7    8   9   10  11  12  13   14  15   16   17  18
                                     12Z  AVG MX 2MIN
DY MAX MIN AVG DEP HDD CDD  WTR  SNW DPTH SPD SPD DIR MIN PSBL S-S WX    SPD DR
================================================================================

 1  85  58  72  -4   0   7 0.00  0.0    0  4.3 14 170   M    M   0        15 170
 2  83  59  71  -5   0   6 0.00  0.0    0  7.5 17  50   M    M   0 1      22  40
 3  83  57  70  -6   0   5 0.00  0.0    0  6.8 14 150   M    M   0        17 170
 4  88  60  74  -2   0   9 0.00  0.0    0  5.0 14 170   M    M   0        16 160
 5  84  63  74  -1   0   9 0.00  0.0    0  5.7 13 200   M    M   0 1      15 200
 6  87  63  75   0   0  10 0.00  0.0    0  6.1 17 150   M    M   0 18     48  90
 7  88  59  74  -1   0   9 0.00  0.0    0  7.7 14  40   M    M   1 18     21  50
 8  85  73  79   5   0  14 0.09  0.0    0 10.8 21  50   M    M   6 1      27  60
 9  87  71  79   5   0  14 0.00  0.0    0 14.4 30 340   M    M   7 1      36 340
10  85  68  77   3   0  12 0.00  0.0    0  6.0 15 160   M    M   0 18     24 160
11  86  77  82   8   0  17 0.00  0.0    0  9.8 16 180   M    M   2 1      37 100
12  87  72  80   6   0  15 0.00  0.0    0  7.9 14 340   M    M   4 8      19 180
13  88  64  76   3   0  11 0.00  0.0    0  5.6 14 200   M    M   1 18     20 330
14  85  70  78   5   0  13 0.00  0.0    0  8.1 16 170   M    M   3 1      24 290
15  85  76  81   8   0  16 0.00  0.0    0 11.8 18 150   M    M   3        34 330
16  77  59  68  -5   0   3 0.02  0.0    0 14.6 28  10   M    M  10 1      34  10
17  84  62  73   1   0   8    T  0.0    0 10.9 20 150   M    M   6 1      25 150
18  85  75  80   8   0  15 0.00  0.0    0 10.1 17 150   M    M   2 1      44 140
19  86  73  80   8   0  15 0.00  0.0    0 10.9 18 160   M    M   4 1      24 140
20  85  72  79   7   0  14 0.00  0.0    0  8.8 16 140   M    M   2 1      22 350
21  87  69  78   7   0  13 0.00  0.0    0  9.0 18 100   M    M   3 1      33 110
22  86  71  79   8   0  14    T  0.0    0  8.7 17 130   M    M   6 18     29 140
23  86  57  72   1   0   7 0.03  0.0    0  8.5 31 360   M    M   4 1      43 350
24  74  55  65  -6   0   0 0.00  0.0    M 11.7 24 350   M    M   3        30 360
25  80  61  71   1   0   6    T  0.0    0  9.0 20 130   M    M   7 1      24 130
26  85  59  72   2   0   7    T  0.0    0 15.0 23 140   M    M   6        31 120
27  76  51  64  -6   1   0 0.08  0.0    0 16.4 22 350   M    M   9 18     34 320
28  61  45  53 -17  12   0 0.13  0.0    0 14.1 25 320   M    M   5 1      32 320
29  68  45  57 -12   8   0 0.00  0.0    0 12.6 23 340   M    M   0        33 320
30  70  42  56 -13   9   0 0.00  0.0    0  4.9 12 360   M    M   0        17  20
================================================================================
SM 2476 1886        30 269  0.35     0.0 282.7          M       94
================================================================================
AV 82.5 62.9                               9.4 FASTST   M    M   3    MAX(MPH)
                                 MISC ---->  # 31 360               # 48   90
================================================================================
NOTES:
# LAST OF SEVERAL OCCURRENCES

COLUMN 17 PEAK WIND IN M.P.H.

PRELIMINARY LOCAL CLIMATOLOGICAL DATA (WS FORM: F-6) , PAGE 2

                                          STATION:  PALACIOS
                                          MONTH:    OCTOBER
                                          YEAR:     2020
                                          LATITUDE:   28 43 N
                                          LONGITUDE:  96 15 W

[TEMPERATURE DATA]      [PRECIPITATION DATA]       SYMBOLS USED IN COLUMN 16

AVERAGE MONTHLY: 72.7   TOTAL FOR MONTH:   0.35    1 = FOG OR MIST
DPTR FM NORMAL:   0.0   DPTR FM NORMAL:   -4.49    2 = FOG REDUCING VISIBILITY
HIGHEST:    88 ON 13, 7 GRTST 24HR  0.13 ON 28-28      TO 1/4 MILE OR LESS
LOWEST:     42 ON 30                               3 = THUNDER
                        SNOW, ICE PELLETS, HAIL    4 = ICE PELLETS
                        TOTAL MONTH:   0.0 INCH    5 = HAIL
                        GRTST 24HR     0.0         6 = FREEZING RAIN OR DRIZZLE
                        GRTST DEPTH:   0           7 = DUSTSTORM OR SANDSTORM:
                                                       VSBY 1/2 MILE OR LESS
                                                   8 = SMOKE OR HAZE
[NO. OF DAYS WITH]      [WEATHER - DAYS WITH]      9 = BLOWING SNOW
                                                   X = TORNADO
MAX 32 OR BELOW:   0    0.01 INCH OR MORE:   5
MAX 90 OR ABOVE:   0    0.10 INCH OR MORE:   1
MIN 32 OR BELOW:   0    0.50 INCH OR MORE:   0
MIN  0 OR BELOW:   0    1.00 INCH OR MORE:   0

[HDD (BASE 65) ]
TOTAL THIS MO.    30    CLEAR  (SCALE 0-3)  17
DPTR FM NORMAL    13    PTCLDY (SCALE 4-7)  11
TOTAL FM JUL 1    30    CLOUDY (SCALE 8-10)  2
DPTR FM NORMAL    13

[CDD (BASE 65) ]
TOTAL THIS MO.   269
DPTR FM NORMAL    19    [PRESSURE DATA]
TOTAL FM JAN 1  3467    HIGHEST SLP M ON M
DPTR FM NORMAL   422    LOWEST  SLP 29.71 ON  9

[REMARKS]
