000
CXUS54 KHGX 260824
CF6PSX
PRELIMINARY LOCAL CLIMATOLOGICAL DATA (WS FORM: F-6)

                                          STATION:   PALACIOS
                                          MONTH:     JANUARY
                                          YEAR:      2020
                                          LATITUDE:   28 43 N
                                          LONGITUDE:  96 15 W

  TEMPERATURE IN F:       :PCPN:    SNOW:  WIND      :SUNSHINE: SKY     :PK WND
================================================================================
1   2   3   4   5  6A  6B    7    8   9   10  11  12  13   14  15   16   17  18
                                     12Z  AVG MX 2MIN
DY MAX MIN AVG DEP HDD CDD  WTR  SNW DPTH SPD SPD DIR MIN PSBL S-S WX    SPD DR
================================================================================

 1  66  54  60   6   5   0 0.28  0.0    0  6.4 13 100   M    M  10 1       M  M
 2  66  56  61   7   4   0 0.04  0.0    0  4.6 18 150   M    M   8 1      23 160
 3  71  51  61   7   4   0 0.00  0.0    0 10.1 20 320   M    M   1        26 320
 4  69  39  54   0  11   0 0.00  0.0    0  7.6 14 330   M    M   0 8      17 330
 5  69  43  56   2   9   0 0.00  0.0    0  6.9 14 190   M    M   2 12     19 190
 6  72  54  63   9   2   0 0.00  0.0    0  6.1 14 210   M    M   0 1      19 210
 7  70  41  56   2   9   0 0.00  0.0    0  9.8 21  30   M    M   0        25  30
 8  72  39  56   2   9   0 0.00  0.0    0 11.9 24 130   M    M   3 18     29 130
 9  76  66  71  17   0   6    T  0.0    0 16.0 23 150   M    M   9 18     30 140
10  74  69  72  18   0   7 0.14  0.0    0 17.7 27 140   M    M  10 138    35 140
11  62  42  52  -2  13   0 0.23  0.0    0 13.0 29 330   M    M   3 1      35 340
12  66  39  53  -1  12   0 0.00  0.0    0  8.9 17 110   M    M   3        22 120
13  71  57  64  10   1   0    T  0.0    0  9.7 15  80   M    M  10 12     18  70
14  71  67  69  15   0   4 0.01  0.0    0  8.7 14 150   M    M  10 12     19 180
15  78  69  74  20   0   9 0.00  0.0    0 10.7 16 170   M    M   7 12     20 160
16  78  68  73  19   0   8 0.00  0.0    0 11.7 17 110   M    M  10 12     21 110
17  78  68  73  19   0   8 0.00  0.0    0 11.4 18 140   M    M   7 1      23 130
18  73  57  65  11   0   0 3.91  0.0    0  9.1 24 360   M    M  10 123    30  10
19  57  46  52  -2  13   0 0.00  0.0    0 14.9 23  20   M    M   0        31  20
20   M   M   M   M   M   M 0.00  0.0    0  9.3 16  30   M    M   1         M  M
21  62   M   M   M   M   M 0.00  0.0    0 11.0 18 120   M    M   1        24 120
22  64  57  61   7   4   0 0.66  0.0    0 14.6 35 130   M    M   9 18     42 130
23  68  48  58   4   7   0 0.00  0.0    0 11.4 23 340   M    M   5 12     28 340
24  69  44  57   3   8   0 0.00  0.0    0  4.8 12  50   M    M   0 1      16  30
25  67  48  58   3   7   0 0.14  0.0    0 10.3 20 110   M    M   7 1      26 110
================================================================================
SM 1669 1222       118  42  5.41     0.0 256.6          M      126
================================================================================
AV 69.5 53.1                              10.3 FASTST   M    M   5    MAX(MPH)
                                 MISC ---->  # 35 130               # 42  130
================================================================================
NOTES:
# LAST OF SEVERAL OCCURRENCES

COLUMN 17 PEAK WIND IN M.P.H.

PRELIMINARY LOCAL CLIMATOLOGICAL DATA (WS FORM: F-6) , PAGE 2

                                          STATION:  PALACIOS
                                          MONTH:    JANUARY
                                          YEAR:     2020
                                          LATITUDE:   28 43 N
                                          LONGITUDE:  96 15 W

[TEMPERATURE DATA]      [PRECIPITATION DATA]       SYMBOLS USED IN COLUMN 16

AVERAGE MONTHLY: 61.3   TOTAL FOR MONTH:   5.41    1 = FOG OR MIST
DPTR FM NORMAL:   7.3   DPTR FM NORMAL:    2.65    2 = FOG REDUCING VISIBILITY
HIGHEST:    78 ON 17,16 GRTST 24HR  3.91 ON 18-18      TO 1/4 MILE OR LESS
LOWEST:     39 ON 12, 8                            3 = THUNDER
                        SNOW, ICE PELLETS, HAIL    4 = ICE PELLETS
                        TOTAL MONTH:   0.0 INCH    5 = HAIL
                        GRTST 24HR     0.0         6 = FREEZING RAIN OR DRIZZLE
                        GRTST DEPTH:   0           7 = DUSTSTORM OR SANDSTORM:
                                                       VSBY 1/2 MILE OR LESS
                                                   8 = SMOKE OR HAZE
[NO. OF DAYS WITH]      [WEATHER - DAYS WITH]      9 = BLOWING SNOW
                                                   X = TORNADO
MAX 32 OR BELOW:   0    0.01 INCH OR MORE:   8
MAX 90 OR ABOVE:   0    0.10 INCH OR MORE:   6
MIN 32 OR BELOW:   0    0.50 INCH OR MORE:   2
MIN  0 OR BELOW:   0    1.00 INCH OR MORE:   1

[HDD (BASE 65) ]
TOTAL THIS MO.   118    CLEAR  (SCALE 0-3)  11
DPTR FM NORMAL  -161    PTCLDY (SCALE 4-7)   6
TOTAL FM JUL 1   561    CLOUDY (SCALE 8-10)  8
DPTR FM NORMAL  -172

[CDD (BASE 65) ]
TOTAL THIS MO.    42
DPTR FM NORMAL    40    [PRESSURE DATA]
TOTAL FM JAN 1    42    HIGHEST SLP M ON M
DPTR FM NORMAL    40    LOWEST  SLP 29.57 ON  2

[REMARKS]
