000
CXUS54 KFWD 210730
CF6PWG
PRELIMINARY LOCAL CLIMATOLOGICAL DATA (WS FORM: F-6)

                                          STATION:   WACO MCGREGOR
                                          MONTH:     JANUARY
                                          YEAR:      2019
                                          LATITUDE:   31 28 N
                                          LONGITUDE:  97 19 W

  TEMPERATURE IN F:       :PCPN:    SNOW:  WIND      :SUNSHINE: SKY     :PK WND
================================================================================
1   2   3   4   5  6A  6B    7    8   9   10  11  12  13   14  15   16   17  18
                                     12Z  AVG MX 2MIN
DY MAX MIN AVG DEP HDD CDD  WTR  SNW DPTH SPD SPD DIR MIN PSBL S-S WX    SPD DR
================================================================================

 1  44  36  40  -5  25   0 0.00  0.0    0 13.0 17 350   M    M   8 1      22 350
 2  36  33  35 -10  30   0 2.48  0.0    0 11.1 16 340   M    M  10 1      20 330
 3  44  31  38  -7  27   0 0.49    M    0  9.0 15 300   M    M   8 1       M  M
 4  61  34  48   3  17   0 0.00  0.0    0  6.6 12 300   M    M   2        18 290
 5  72  34  53   8  12   0 0.00  0.0    0  5.8 12 150   M    M   0         M  M
 6  66  43  55  10  10   0 0.00  0.0    0 11.6 20 180   M    M   4        30 180
 7  74  51  63  18   2   0    T  0.0    0  8.6 18 180   M    M   3 1      27 180
 8  67  46  57  12   8   0 0.00  0.0    0  7.0 13  10   M    M   0         M  M
 9  56  40  48   3  17   0 0.00  0.0    0  7.5 13  30   M    M   0         M  M
10  56  39  48   3  17   0    T    M    M  5.8 10 130   M    M   5         M  M
11  58  44  51   6  14   0 0.24  0.0    0  8.9 16 170   M    M   8 1       M  M
12  55  40  48   2  17   0 0.00  0.0    0 11.3 18 320   M    M   5 1      27 320
13  47  35  41  -5  24   0 0.00  0.0    0 10.2 14 360   M    M   6        22 320
14  45  36  41  -5  24   0 0.00  0.0    0  5.5 10  10   M    M   8         M  M
15  50  41  46   0  19   0 0.00  0.0    0  4.9  9 180   M    M   8 1       M  M
16  58  41  50   4  15   0    T    M    0  9.9 15 160   M    M  10 1      22 160
17  63  43  53   7  12   0 0.00  0.0    0  7.7 15 220   M    M   2        20 310
18  66  42  54   8  11   0 0.00  0.0    0 10.9 23 170   M    M   5 12     31 180
19  61  32  47   1  18   0 0.00  0.0    0 17.3 29 290   M    M   4        43 310
20  49  25  37  -9  28   0 0.00  0.0    0  7.2 13 340   M    M   0        18 320
================================================================================
SM 1128  766       347   0  3.21     0.0 179.8          M       96
================================================================================
AV 56.4 38.3                               9.0 FASTST   M    M   5    MAX(MPH)
                                 MISC ---->  # 29 290               # 43  310
================================================================================
NOTES:
# LAST OF SEVERAL OCCURRENCES

COLUMN 17 PEAK WIND IN M.P.H.

PRELIMINARY LOCAL CLIMATOLOGICAL DATA (WS FORM: F-6) , PAGE 2

                                          STATION:  WACO MCGREGOR
                                          MONTH:    JANUARY
                                          YEAR:     2019
                                          LATITUDE:   31 28 N
                                          LONGITUDE:  97 19 W

[TEMPERATURE DATA]      [PRECIPITATION DATA]       SYMBOLS USED IN COLUMN 16

AVERAGE MONTHLY: 47.4   TOTAL FOR MONTH:   3.21    1 = FOG OR MIST
DPTR FM NORMAL:   1.9   DPTR FM NORMAL:    1.93    2 = FOG REDUCING VISIBILITY
HIGHEST:    74 ON  7    GRTST 24HR  2.48 ON  2- 2      TO 1/4 MILE OR LESS
LOWEST:     25 ON 20                               3 = THUNDER
                        SNOW, ICE PELLETS, HAIL    4 = ICE PELLETS
                        TOTAL MONTH:   0.0 INCH    5 = HAIL
                        GRTST 24HR     0.0         6 = FREEZING RAIN OR DRIZZLE
                        GRTST DEPTH:   0           7 = DUSTSTORM OR SANDSTORM:
                                                       VSBY 1/2 MILE OR LESS
                                                   8 = SMOKE OR HAZE
[NO. OF DAYS WITH]      [WEATHER - DAYS WITH]      9 = BLOWING SNOW
                                                   X = TORNADO
MAX 32 OR BELOW:   0    0.01 INCH OR MORE:   3
MAX 90 OR ABOVE:   0    0.10 INCH OR MORE:   3
MIN 32 OR BELOW:   3    0.50 INCH OR MORE:   1
MIN  0 OR BELOW:   0    1.00 INCH OR MORE:   1

[HDD (BASE 65) ]
TOTAL THIS MO.   347    CLEAR  (SCALE 0-3)   7
DPTR FM NORMAL   -46    PTCLDY (SCALE 4-7)   8
TOTAL FM JUL 1  1291    CLOUDY (SCALE 8-10)  5
DPTR FM NORMAL   -15

[CDD (BASE 65) ]
TOTAL THIS MO.     0
DPTR FM NORMAL     0    [PRESSURE DATA]
TOTAL FM JAN 1     0    HIGHEST SLP M ON M
DPTR FM NORMAL     0    LOWEST  SLP M ON M

[REMARKS]
