000
CXUS56 KSTO 241425
CF6RDD
PRELIMINARY LOCAL CLIMATOLOGICAL DATA (WS FORM: F-6)

                                          STATION:   REDDING AIRPORT CA
                                          MONTH:     JUNE
                                          YEAR:      2018
                                          LATITUDE:   40 30 N
                                          LONGITUDE: 122 18 W

  TEMPERATURE IN F:       :PCPN:    SNOW:  WIND      :SUNSHINE: SKY     :PK WND
================================================================================
1   2   3   4   5  6A  6B    7    8   9   10  11  12  13   14  15   16   17  18
                                     12Z  AVG MX 2MIN
DY MAX MIN AVG DEP HDD CDD  WTR  SNW DPTH SPD SPD DIR MIN PSBL S-S WX    SPD DR
================================================================================

 1  90  55  73   1   0   8 0.00  0.0    0  6.2 15 340   M    M   0        23  10
 2 102  67  85  13   0  20 0.00  0.0    0  6.1 15  10   M    M   0        21 360
 3 100  63  82  10   0  17 0.00  0.0    0  5.8 17 150   M    M   0        20 140
 4  95  62  79   6   0  14 0.00  0.0    0  5.1 17 350   M    M   0        22 330
 5  89  57  73   0   0   8 0.00  0.0    0  3.8  9 150   M    M   0        18 200
 6  90  57  74   1   0   9 0.00  0.0    0  4.9 17 160   M    M   0        21 160
 7  87  60  74   0   0   9 0.00  0.0    0  5.5 17 150   M    M   0        20 140
 8  92  57  75   1   0  10 0.00  0.0    0  5.2 18 190   M    M   2        24 180
 9  76  58  67  -7   0   2 0.00  0.0    0 10.3 22 260   M    M   4        29 300
10  82  54  68  -6   0   3 0.00  0.0    0  5.8 14 360   M    M   2        19  20
11  94  56  75   0   0  10 0.00  0.0    0  7.5 15  10   M    M   0        17 350
12 103  71  87  12   0  22 0.00  0.0    0  6.8 16  10   M    M   0        20  10
13 100  63  82   7   0  17 0.00  0.0    0  3.9 13 360   M    M   0        22 360
14  99  71  85   9   0  20 0.00  0.0    0  7.8 18 160   M    M   0        22 340
15  92  60  76   0   0  11 0.00  0.0    0  5.9 17 160   M    M   0 8      23 160
16  90  65  78   2   0  13    T  0.0    0  7.4 22  40   M    M   0        30  40
17  81  57  69  -7   0   4 0.00  0.0    0  7.7 16 170   M    M   1        22 160
18  92  59  76  -1   0  11 0.00  0.0    0  4.0 12  10   M    M   1        14  10
19  98  66  82   5   0  17 0.00  0.0    0  4.8 13 280   M    M   0        20 260
20  96  65  81   4   0  16 0.00  0.0    0  6.1 20 160   M    M   0        24 140
21  99  63  81   4   0  16 0.00  0.0    0  3.5 10 240   M    M   0        13 240
22 104  65  85   7   0  20 0.00  0.0    0  6.4 16 360   M    M   0        24 360
23 104  77  91  13   0  26 0.00  0.0    0 13.3 25 360   M    M   0        34 360
================================================================================
SM 2155 1428         0 303    T      0.0 143.8          M       10
================================================================================
AV 93.7 62.1                               6.3 FASTST   M    M   0    MAX(MPH)
                                 MISC ---->  # 25 360               # 34  360
================================================================================
NOTES:
# LAST OF SEVERAL OCCURRENCES

COLUMN 17 PEAK WIND IN M.P.H.

PRELIMINARY LOCAL CLIMATOLOGICAL DATA (WS FORM: F-6) , PAGE 2

                                          STATION:  REDDING AIRPORT CA
                                          MONTH:    JUNE
                                          YEAR:     2018
                                          LATITUDE:   40 30 N
                                          LONGITUDE: 122 18 W

[TEMPERATURE DATA]      [PRECIPITATION DATA]       SYMBOLS USED IN COLUMN 16

AVERAGE MONTHLY: 77.9   TOTAL FOR MONTH:      T    1 = FOG OR MIST
DPTR FM NORMAL:   2.9   DPTR FM NORMAL:   -0.64    2 = FOG REDUCING VISIBILITY
HIGHEST:   104 ON 23,22 GRTST 24HR    T  ON 16-16      TO 1/4 MILE OR LESS
LOWEST:     54 ON 10                               3 = THUNDER
                        SNOW, ICE PELLETS, HAIL    4 = ICE PELLETS
                        TOTAL MONTH:   0.0 INCH    5 = HAIL
                        GRTST 24HR     0.0         6 = FREEZING RAIN OR DRIZZLE
                        GRTST DEPTH:   0           7 = DUSTSTORM OR SANDSTORM:
                                                       VSBY 1/2 MILE OR LESS
                                                   8 = SMOKE OR HAZE
[NO. OF DAYS WITH]      [WEATHER - DAYS WITH]      9 = BLOWING SNOW
                                                   X = TORNADO
MAX 32 OR BELOW:   0    0.01 INCH OR MORE:   0
MAX 90 OR ABOVE:  18    0.10 INCH OR MORE:   0
MIN 32 OR BELOW:   0    0.50 INCH OR MORE:   0
MIN  0 OR BELOW:   0    1.00 INCH OR MORE:   0

[HDD (BASE 65) ]
TOTAL THIS MO.     0    CLEAR  (SCALE 0-3)  22
DPTR FM NORMAL    -6    PTCLDY (SCALE 4-7)   1
TOTAL FM JUL 1  2321    CLOUDY (SCALE 8-10)  0
DPTR FM NORMAL  -494

[CDD (BASE 65) ]
TOTAL THIS MO.   303
DPTR FM NORMAL    67    [PRESSURE DATA]
TOTAL FM JAN 1   526    HIGHEST SLP M ON M
DPTR FM NORMAL   122    LOWEST  SLP 29.49 ON 16

[REMARKS]
