000
CXUS51 KAKQ 280833
CF6RIC
PRELIMINARY LOCAL CLIMATOLOGICAL DATA (WS FORM: F-6)

                                          STATION:   RICHMOND VA
                                          MONTH:     JANUARY
                                          YEAR:      2020
                                          LATITUDE:   37 30 N
                                          LONGITUDE:  77 20 W

  TEMPERATURE IN F:       :PCPN:    SNOW:  WIND      :SUNSHINE: SKY     :PK WND
================================================================================
1   2   3   4   5  6A  6B    7    8   9   10  11  12  13   14  15   16   17  18
                                     12Z  AVG MX 2MIN
DY MAX MIN AVG DEP HDD CDD  WTR  SNW DPTH SPD SPD DIR MIN PSBL S-S WX    SPD DR
================================================================================

 1  54  35  45   7  20   0 0.00  0.0    0  8.6 20 270   M    M   1        24 300
 2  62  30  46   8  19   0 0.00  0.0    0  9.2 20 210   M    M   8 1      25 230
 3  59  45  52  14  13   0 0.20  0.0    0  9.1 21 210   M    M   9 1      24 200
 4  63  45  54  16  11   0 0.37  0.0    0  8.7 24 330   M    M   8 1      30 330
 5  50  33  42   4  23   0    T  0.0    0 12.2 23 300   M    M   2        32 300
 6  56  32  44   6  21   0 0.00  0.0    0  6.3 16 270   M    M   1        19 290
 7  45  28  37  -1  28   0 0.33  0.0    0  6.8 25 280   M    M   7 1      32 250
 8  53  29  41   3  24   0 0.00  0.0    0  9.8 28 290   M    M   1        42 280
 9  45  24  35  -3  30   0 0.00  0.0    0  3.4 12 130   M    M   4        14 130
10  62  32  47   9  18   0 0.00  0.0    0  6.8 18 180   M    M   8        24 180
11  72  53  63  25   2   0 0.01  0.0    0 14.5 28 180   M    M   9 1      36 190
12  69  48  59  21   6   0 0.44  0.0    0 11.0 29 200   M    M   6 1      43 200
13  59  53  56  18   9   0 0.01  0.0    0  3.7  8 120   M    M  10 1      11 110
14  54  50  52  14  13   0 1.21  0.0    0  4.9 14  90   M    M   9 123    16  90
15  55  47  51  13  14   0 0.00  0.0    0  3.4  9 170   M    M   9 12     13 180
16  61  38  50  12  15   0 0.00  0.0    0 12.8 30 320   M    M   5 1      38 320
17  42  29  36  -2  29   0 0.00  0.0    0 10.3 22 340   M    M   4        31 320
18  41  29  35  -3  30   0 0.12    T    0  7.9 17 170   M    M  10 14     21 170
19  53  31  42   4  23   0 0.00  0.0    0 13.6 26 360   M    M   4        34 320
20  37  24  31  -7  34   0 0.00  0.0    0 11.6 23 350   M    M   0        28 350
21  37  22  30  -8  35   0 0.00  0.0    0 10.4 20 360   M    M   0        26  10
22  43  20  32  -6  33   0 0.00  0.0    0  5.4 13 360   M    M   1        15 360
23  44  24  34  -4  31   0 0.00  0.0    0  3.3  7 360   M    M   6        12  90
24  62  32  47   9  18   0    T  0.0    0  8.4 20 120   M    M   9 1      26 100
25  62  41  52  14  13   0 0.76  0.0    0  7.2 18 130   M    M   7 1      23 130
26  52  33  43   5  22   0 0.00  0.0    0  7.5 16 270   M    M   3        21 290
27  54  30  42   4  23   0 0.00  0.0    0  8.4 18 270   M    M   4        23 270
================================================================================
SM 1446  937       557   0  3.45    T    225.2          M      145
================================================================================
AV 53.6 34.7                               8.3 FASTST   M    M   5    MAX(MPH)
                                 MISC ---->  # 30 320               # 43  200
================================================================================
NOTES:
# LAST OF SEVERAL OCCURRENCES

COLUMN 17 PEAK WIND IN M.P.H.

PRELIMINARY LOCAL CLIMATOLOGICAL DATA (WS FORM: F-6) , PAGE 2

                                          STATION:  RICHMOND VA
                                          MONTH:    JANUARY
                                          YEAR:     2020
                                          LATITUDE:   37 30 N
                                          LONGITUDE:  77 20 W

[TEMPERATURE DATA]      [PRECIPITATION DATA]       SYMBOLS USED IN COLUMN 16

AVERAGE MONTHLY: 44.1   TOTAL FOR MONTH:   3.45    1 = FOG OR MIST
DPTR FM NORMAL:   6.1   DPTR FM NORMAL:    0.81    2 = FOG REDUCING VISIBILITY
HIGHEST:    72 ON 11    GRTST 24HR  1.21 ON 14-14      TO 1/4 MILE OR LESS
LOWEST:     20 ON 22                               3 = THUNDER
                        SNOW, ICE PELLETS, HAIL    4 = ICE PELLETS
                        TOTAL MONTH:    T          5 = HAIL
                        GRTST 24HR    T  ON 18-18  6 = FREEZING RAIN OR DRIZZLE
                        GRTST DEPTH:   0           7 = DUSTSTORM OR SANDSTORM:
                                                       VSBY 1/2 MILE OR LESS
                                                   8 = SMOKE OR HAZE
[NO. OF DAYS WITH]      [WEATHER - DAYS WITH]      9 = BLOWING SNOW
                                                   X = TORNADO
MAX 32 OR BELOW:   0    0.01 INCH OR MORE:   9
MAX 90 OR ABOVE:   0    0.10 INCH OR MORE:   7
MIN 32 OR BELOW:  15    0.50 INCH OR MORE:   2
MIN  0 OR BELOW:   0    1.00 INCH OR MORE:   1

[HDD (BASE 65) ]
TOTAL THIS MO.   557    CLEAR  (SCALE 0-3)   7
DPTR FM NORMAL  -172    PTCLDY (SCALE 4-7)  13
TOTAL FM JUL 1  1877    CLOUDY (SCALE 8-10)  7
DPTR FM NORMAL  -271

[CDD (BASE 65) ]
TOTAL THIS MO.     0
DPTR FM NORMAL     0    [PRESSURE DATA]
TOTAL FM JAN 1     0    HIGHEST SLP M ON M
DPTR FM NORMAL     0    LOWEST  SLP 29.55 ON  4

[REMARKS]
