000
CXUS51 KAKQ 240710
CF6RIC
PRELIMINARY LOCAL CLIMATOLOGICAL DATA (WS FORM: F-6)

                                          STATION:   RICHMOND VA
                                          MONTH:     SEPTEMBER
                                          YEAR:      2022
                                          LATITUDE:   37 30 N
                                          LONGITUDE:  77 20 W

  TEMPERATURE IN F:       :PCPN:    SNOW:  WIND      :SUNSHINE: SKY     :PK WND
================================================================================
1   2   3   4   5  6A  6B    7    8   9   10  11  12  13   14  15   16   17  18
                                     12Z  AVG MX 2MIN
DY MAX MIN AVG DEP HDD CDD  WTR  SNW DPTH SPD SPD DIR MIN PSBL S-S WX    SPD DR
================================================================================

 1  90  64  77   2   0  12 0.00  0.0    0  3.5 12 340   M    M   2        16 260
 2  92  63  78   3   0  13 0.00  0.0    0  4.6 15 110   M    M   5        22 110
 3  91  68  80   5   0  15 0.00  0.0    0  4.7 14 120   M    M   7 1      16 110
 4  91  67  79   4   0  14 0.00  0.0    0  5.1 15 130   M    M   6        17 140
 5  87  69  78   4   0  13 0.01  0.0    0  6.2 16 180   M    M   8        18 180
 6  91  73  82   8   0  17 0.11  0.0    0  8.1 16 330   M    M   9 1      27 180
 7  86  70  78   4   0  13 0.10  0.0    0  7.1 16 350   M    M   9         M   M
 8  81  64  73  -1   0   8 0.00  0.0    0  6.9 15  50   M    M   7        21  40
 9  86  61  74   1   0   9 0.00  0.0    0  6.2 16  30   M    M   3        24  50
10  85  62  74   1   0   9 0.01  0.0    0  7.8 17 130   M    M   8        20 130
11  87  72  80   7   0  15 0.13  0.0    0  6.3 22 280   M    M   9 1      28 280
12  92  71  82  10   0  17 0.01  0.0    0  5.9 21 210   M    M   8 1      25 210
13  87  64  76   4   0  11 0.00  0.0    0  6.3 17 280   M    M   5        23 280
14  83  59  71  -1   0   6 0.00  0.0    0  5.2 15 360   M    M   3        19 310
15  85  60  73   1   0   8 0.00  0.0    0  5.0 20  20   M    M   2        25  20
16  84  59  72   1   0   7 0.00  0.0    0  3.5 12 350   M    M   0        15  50
17  84  56  70  -1   0   5 0.00  0.0    0  3.1 10 150   M    M   2        15 120
18  87  59  73   2   0   8 0.00  0.0    0  5.0 14 210   M    M   2 1      21 240
19  91  61  76   6   0  11 0.00  0.0    0  7.3 17 250   M    M   4        22 250
20  91  64  78   8   0  13 0.00  0.0    0  4.1 15 330   M    M   2        19 330
21  91  62  77   7   0  12 0.00  0.0    0  3.4 12 220   M    M   3        15 200
22  93  61  77   8   0  12 0.01  0.0    0 12.2 30 340   M    M   5        39 330
23  72  50  61  -8   4   0 0.00  0.0    0 11.6 25 340   M    M   1        36 340
================================================================================
SM 2007 1459         4 248  0.38  0.0    139.1          M      110
================================================================================
AV 87.3 63.4                               6.0 FASTST   M    M   5    MAX(MPH)
                                 MISC ---->    30 340                 39 330
================================================================================
NOTES:
# LAST OF SEVERAL OCCURRENCES

COLUMN 17 PEAK WIND IN M.P.H.

PRELIMINARY LOCAL CLIMATOLOGICAL DATA (WS FORM: F-6) , PAGE 2

                                          STATION:   RICHMOND VA
                                          MONTH:     SEPTEMBER
                                          YEAR:      2022
                                          LATITUDE:   37 30 N
                                          LONGITUDE:  77 20 W

[TEMPERATURE DATA]      [PRECIPITATION DATA]       SYMBOLS USED IN COLUMN 16

AVERAGE MONTHLY: 75.3   TOTAL FOR MONTH:   0.38    1 = FOG OR MIST
DPTR FM NORMAL:   3.0   DPTR FM NORMAL:   -3.23    2 = FOG REDUCING VISIBILITY
HIGHEST:    93 ON 22    GRTST 24HR  0.14 ON 10-11      TO 1/4 MILE OR LESS
LOWEST:     50 ON 23                               3 = THUNDER
                        SNOW, ICE PELLETS, HAIL    4 = ICE PELLETS
                        TOTAL MONTH:   0.0 INCH    5 = HAIL
                        GRTST 24HR  0.0            6 = FREEZING RAIN OR DRIZZLE
                        GRTST DEPTH:  0            7 = DUSTSTORM OR SANDSTORM:
                                                       VSBY 1/2 MILE OR LESS
                                                   8 = SMOKE OR HAZE
[NO. OF DAYS WITH]      [WEATHER - DAYS WITH]      9 = BLOWING SNOW
                                                   X = TORNADO
MAX 32 OR BELOW:   0    0.01 INCH OR MORE:   7
MAX 90 OR ABOVE:  10    0.10 INCH OR MORE:   2
MIN 32 OR BELOW:   0    0.50 INCH OR MORE:   0
MIN  0 OR BELOW:   0    1.00 INCH OR MORE:   0

[HDD (BASE 65) ]
TOTAL THIS MO.     4    CLEAR  (SCALE 0-3)   9
DPTR FM NORMAL    -3    PTCLDY (SCALE 4-7)  11
TOTAL FM JUL 1     4    CLOUDY (SCALE 8-10)  3
DPTR FM NORMAL    -3

[CDD (BASE 65) ]
TOTAL THIS MO.   248
DPTR FM NORMAL    70    [PRESSURE DATA]
TOTAL FM JAN 1  1719    HIGHEST SLP M ON M
DPTR FM NORMAL   231    LOWEST  SLP 29.65 ON 22

[REMARKS]
