000
CXUS51 KAKQ 160833
CF6RIC
PRELIMINARY LOCAL CLIMATOLOGICAL DATA (WS FORM: F-6)

                                          STATION:   RICHMOND VA
                                          MONTH:     JULY
                                          YEAR:      2019
                                          LATITUDE:   37 30 N
                                          LONGITUDE:  77 20 W

  TEMPERATURE IN F:       :PCPN:    SNOW:  WIND      :SUNSHINE: SKY     :PK WND
================================================================================
1   2   3   4   5  6A  6B    7    8   9   10  11  12  13   14  15   16   17  18
                                     12Z  AVG MX 2MIN
DY MAX MIN AVG DEP HDD CDD  WTR  SNW DPTH SPD SPD DIR MIN PSBL S-S WX    SPD DR
================================================================================

 1  89  66  78  -1   0  13 0.00  0.0    0  6.9 14  10   M    M   6        18  20
 2  95  66  81   2   0  16 0.00  0.0    0  5.8 14 200   M    M   4        18 210
 3  99  71  85   6   0  20 0.69  0.0    0  5.9 40 270   M    M   4 3      51 260
 4  95  72  84   5   0  19 2.05  0.0    0  5.2 23 320   M    M   7 13     28 310
 5  90  71  81   2   0  16 0.00  0.0    0  5.1 12 230   M    M   6 1      14 220
 6  90  74  82   3   0  17 0.06  0.0    0  7.7 17 220   M    M   6        21 220
 7  92  73  83   4   0  18 1.66  0.0    0  5.3 21 180   M    M   8 13     24 190
 8  87  72  80   1   0  15 0.05  0.0    0  6.4 21  30   M    M   9 1      28  30
 9  86  67  77  -3   0  12 0.00  0.0    0  6.7 12  70   M    M   3        16 100
10  89  67  78  -2   0  13 0.00  0.0    0  4.5 12 210   M    M   3        13 200
11  92  72  82   2   0  17 0.53  0.0    0  8.2 35 320   M    M   6 138    45 310
12  91  73  82   2   0  17    T  0.0    0  5.6 14 320   M    M   7 1      19 180
13  93  74  84   4   0  19 0.00  0.0    0  4.8 13  30   M    M   3        16  30
14  95  73  84   4   0  19 0.00  0.0    0  5.5 13 260   M    M   4 1      15 260
15  93  74  84   4   0  19 0.00  0.0    0  6.3 14  10   M    M   4        16  20
================================================================================
SM 1376 1065         0 250  5.04     0.0  89.9          M       80
================================================================================
AV 91.7 71.0                               6.0 FASTST   M    M   5    MAX(MPH)
                                 MISC ---->  # 40 270               # 51  260
================================================================================
NOTES:
# LAST OF SEVERAL OCCURRENCES

COLUMN 17 PEAK WIND IN M.P.H.

PRELIMINARY LOCAL CLIMATOLOGICAL DATA (WS FORM: F-6) , PAGE 2

                                          STATION:  RICHMOND VA
                                          MONTH:    JULY
                                          YEAR:     2019
                                          LATITUDE:   37 30 N
                                          LONGITUDE:  77 20 W

[TEMPERATURE DATA]      [PRECIPITATION DATA]       SYMBOLS USED IN COLUMN 16

AVERAGE MONTHLY: 81.4   TOTAL FOR MONTH:   5.04    1 = FOG OR MIST
DPTR FM NORMAL:   1.9   DPTR FM NORMAL:    2.95    2 = FOG REDUCING VISIBILITY
HIGHEST:    99 ON  3    GRTST 24HR  2.05 ON  4- 4      TO 1/4 MILE OR LESS
LOWEST:     66 ON  2, 1                            3 = THUNDER
                        SNOW, ICE PELLETS, HAIL    4 = ICE PELLETS
                        TOTAL MONTH:   0.0 INCH    5 = HAIL
                        GRTST 24HR     0.0         6 = FREEZING RAIN OR DRIZZLE
                        GRTST DEPTH:   0           7 = DUSTSTORM OR SANDSTORM:
                                                       VSBY 1/2 MILE OR LESS
                                                   8 = SMOKE OR HAZE
[NO. OF DAYS WITH]      [WEATHER - DAYS WITH]      9 = BLOWING SNOW
                                                   X = TORNADO
MAX 32 OR BELOW:   0    0.01 INCH OR MORE:   6
MAX 90 OR ABOVE:  11    0.10 INCH OR MORE:   4
MIN 32 OR BELOW:   0    0.50 INCH OR MORE:   4
MIN  0 OR BELOW:   0    1.00 INCH OR MORE:   2

[HDD (BASE 65) ]
TOTAL THIS MO.     0    CLEAR  (SCALE 0-3)   2
DPTR FM NORMAL     0    PTCLDY (SCALE 4-7)  12
TOTAL FM JUL 1     0    CLOUDY (SCALE 8-10)  1
DPTR FM NORMAL     0

[CDD (BASE 65) ]
TOTAL THIS MO.   250
DPTR FM NORMAL    34    [PRESSURE DATA]
TOTAL FM JAN 1   909    HIGHEST SLP M ON M
DPTR FM NORMAL   217    LOWEST  SLP 29.78 ON 11

[REMARKS]
