000
CXUS51 KAKQ 180633
CF6RIC
PRELIMINARY LOCAL CLIMATOLOGICAL DATA (WS FORM: F-6)

                                          STATION:   RICHMOND VA
                                          MONTH:     JUNE
                                          YEAR:      2018
                                          LATITUDE:   37 30 N
                                          LONGITUDE:  77 20 W

  TEMPERATURE IN F:       :PCPN:    SNOW:  WIND      :SUNSHINE: SKY     :PK WND
================================================================================
1   2   3   4   5  6A  6B    7    8   9   10  11  12  13   14  15   16   17  18
                                     12Z  AVG MX 2MIN
DY MAX MIN AVG DEP HDD CDD  WTR  SNW DPTH SPD SPD DIR MIN PSBL S-S WX    SPD DR
================================================================================

 1  93  71  82  11   0  17    T  0.0    0  6.0 21 260   M    M   4        27 260
 2  87  70  79   8   0  14 1.49  0.0    0  5.7 17  20   M    M   8 13     21  30
 3  79  59  69  -3   0   4 1.25  0.0    0 12.0 23 360   M    M  10 1      28 360
 4  83  58  71  -1   0   6 0.00  0.0    0  7.3 15 260   M    M   6        19 290
 5  83  60  72   0   0   7 0.00  0.0    0  5.8 18 220   M    M   6        24 220
 6  80  62  71  -2   0   6 0.05  0.0    0  6.5 13  10   M    M   6 1      19 360
 7  82  61  72  -1   0   7 0.00  0.0    0  4.8 14 140   M    M   7        17 150
 8  87  60  74   1   0   9 0.00  0.0    0  4.4 12 190   M    M   6        20 180
 9  89  69  79   5   0  14 0.11  0.0    0  7.6 21 340   M    M   6 13     26  30
10  87  66  77   3   0  12 0.44  0.0    0  5.6 33 300   M    M   7 13     42 300
11  70  63  67  -7   0   2 0.22  0.0    0  7.7 20  20   M    M  10 12     25  10
12  74  60  67  -7   0   2    T  0.0    0  5.2 14 120   M    M   9 1      16 110
13  86  66  76   1   0  11    T  0.0    0  9.3 18 210   M    M   7 1      22 210
14  86  68  77   2   0  12 0.00  0.0    0  6.4 18 360   M    M   4        21  10
15  86  63  75   0   0  10 0.00  0.0    0  4.8 16 360   M    M   5        22  20
16  89  62  76   0   0  11 0.00  0.0    0  2.7 10 220   M    M   5        13 210
17  91  70  81   5   0  16 0.00  0.0    0  3.7 14 260   M    M   6        17 300
================================================================================
SM 1432 1088         0 160  3.56     0.0 105.5          M      112
================================================================================
AV 84.2 64.0                               6.2 FASTST   M    M   7    MAX(MPH)
                                 MISC ---->  # 33 300               # 42  300
================================================================================
NOTES:
# LAST OF SEVERAL OCCURRENCES

COLUMN 17 PEAK WIND IN M.P.H.

PRELIMINARY LOCAL CLIMATOLOGICAL DATA (WS FORM: F-6) , PAGE 2

                                          STATION:  RICHMOND VA
                                          MONTH:    JUNE
                                          YEAR:     2018
                                          LATITUDE:   37 30 N
                                          LONGITUDE:  77 20 W

[TEMPERATURE DATA]      [PRECIPITATION DATA]       SYMBOLS USED IN COLUMN 16

AVERAGE MONTHLY: 74.1   TOTAL FOR MONTH:   3.56    1 = FOG OR MIST
DPTR FM NORMAL:   0.6   DPTR FM NORMAL:    1.28    2 = FOG REDUCING VISIBILITY
HIGHEST:    93 ON  1    GRTST 24HR  1.49 ON  2- 2      TO 1/4 MILE OR LESS
LOWEST:     58 ON  4                               3 = THUNDER
                        SNOW, ICE PELLETS, HAIL    4 = ICE PELLETS
                        TOTAL MONTH:   0.0 INCH    5 = HAIL
                        GRTST 24HR     0.0         6 = FREEZING RAIN OR DRIZZLE
                        GRTST DEPTH:   0           7 = DUSTSTORM OR SANDSTORM:
                                                       VSBY 1/2 MILE OR LESS
                                                   8 = SMOKE OR HAZE
[NO. OF DAYS WITH]      [WEATHER - DAYS WITH]      9 = BLOWING SNOW
                                                   X = TORNADO
MAX 32 OR BELOW:   0    0.01 INCH OR MORE:   6
MAX 90 OR ABOVE:   2    0.10 INCH OR MORE:   5
MIN 32 OR BELOW:   0    0.50 INCH OR MORE:   2
MIN  0 OR BELOW:   0    1.00 INCH OR MORE:   2

[HDD (BASE 65) ]
TOTAL THIS MO.     0    CLEAR  (SCALE 0-3)   0
DPTR FM NORMAL    -5    PTCLDY (SCALE 4-7)  14
TOTAL FM JUL 1  3711    CLOUDY (SCALE 8-10)  3
DPTR FM NORMAL   -60

[CDD (BASE 65) ]
TOTAL THIS MO.   160
DPTR FM NORMAL     8    [PRESSURE DATA]
TOTAL FM JAN 1   461    HIGHEST SLP M ON M
DPTR FM NORMAL   148    LOWEST  SLP 29.67 ON  2

[REMARKS]
