000
CXUS51 KAKQ 170633
CF6RIC
PRELIMINARY LOCAL CLIMATOLOGICAL DATA (WS FORM: F-6)

                                          STATION:   RICHMOND VA
                                          MONTH:     NOVEMBER
                                          YEAR:      2018
                                          LATITUDE:   37 30 N
                                          LONGITUDE:  77 20 W

  TEMPERATURE IN F:       :PCPN:    SNOW:  WIND      :SUNSHINE: SKY     :PK WND
================================================================================
1   2   3   4   5  6A  6B    7    8   9   10  11  12  13   14  15   16   17  18
                                     12Z  AVG MX 2MIN
DY MAX MIN AVG DEP HDD CDD  WTR  SNW DPTH SPD SPD DIR MIN PSBL S-S WX    SPD DR
================================================================================

 1  74  55  65  10   0   0    T  0.0    0 12.7 26 180   M    M   7        36 180
 2  72  64  68  13   0   3 0.05  0.0    0 12.9 31 220   M    M  10 1      40 210
 3  64  42  53  -1  12   0 0.09  0.0    0  8.4 23 280   M    M   3 1      29 290
 4  63  37  50  -4  15   0 0.00  0.0    0  6.2 14  90   M    M   3        17 100
 5  62  53  58   4   7   0 1.22  0.0    0  6.7 15  80   M    M  10 1      21  70
 6  72  54  63   9   2   0 0.21  0.0    0  8.7 25 290   M    M   9 1      32 300
 7  71  47  59   6   6   0 0.00  0.0    0  2.3  9 360   M    M   5        13 270
 8  63  51  57   4   8   0 0.00  0.0    0  8.2 18  20   M    M   9        23  30
 9  53  48  51  -2  14   0 0.44  0.0    0  6.9 12 270   M    M  10 1      15 270
10  52  32  42 -10  23   0    T  0.0    0 10.2 22 330   M    M   3        27 330
11  50  29  40 -12  25   0 0.00  0.0    0  3.5 13  10   M    M   0        18  10
12  51  32  42 -10  23   0 0.76  0.0    0  3.3 10  20   M    M   8 1      12  20
13  57  44  51   0  14   0 0.39  0.0    0  6.9 15 310   M    M  10 1      19 310
14  46  39  43  -8  22   0 0.00  0.0    0  8.1 16 350   M    M  10        19 360
15  46  36  41 -10  24   0 1.02  0.0    0 13.8 23  30   M    M  10 1      31  30
16  53  35  44  -6  21   0 0.00  0.0    M  9.9 20 260   M    M   2 1      26 250
================================================================================
SM  949  698       216   3  4.18     0.0 128.7          M      109
================================================================================
AV 59.3 43.6                               8.0 FASTST   M    M   7    MAX(MPH)
                                 MISC ---->  # 31 220               # 40  210
================================================================================
NOTES:
# LAST OF SEVERAL OCCURRENCES

COLUMN 17 PEAK WIND IN M.P.H.

PRELIMINARY LOCAL CLIMATOLOGICAL DATA (WS FORM: F-6) , PAGE 2

                                          STATION:  RICHMOND VA
                                          MONTH:    NOVEMBER
                                          YEAR:     2018
                                          LATITUDE:   37 30 N
                                          LONGITUDE:  77 20 W

[TEMPERATURE DATA]      [PRECIPITATION DATA]       SYMBOLS USED IN COLUMN 16

AVERAGE MONTHLY: 51.5   TOTAL FOR MONTH:   4.18    1 = FOG OR MIST
DPTR FM NORMAL:  -1.3   DPTR FM NORMAL:    2.46    2 = FOG REDUCING VISIBILITY
HIGHEST:    74 ON  1    GRTST 24HR  1.22 ON  5- 5      TO 1/4 MILE OR LESS
LOWEST:     29 ON 11                               3 = THUNDER
                        SNOW, ICE PELLETS, HAIL    4 = ICE PELLETS
                        TOTAL MONTH:   0.0 INCH    5 = HAIL
                        GRTST 24HR     0.0         6 = FREEZING RAIN OR DRIZZLE
                        GRTST DEPTH:   0           7 = DUSTSTORM OR SANDSTORM:
                                                       VSBY 1/2 MILE OR LESS
                                                   8 = SMOKE OR HAZE
[NO. OF DAYS WITH]      [WEATHER - DAYS WITH]      9 = BLOWING SNOW
                                                   X = TORNADO
MAX 32 OR BELOW:   0    0.01 INCH OR MORE:   8
MAX 90 OR ABOVE:   0    0.10 INCH OR MORE:   6
MIN 32 OR BELOW:   3    0.50 INCH OR MORE:   3
MIN  0 OR BELOW:   0    1.00 INCH OR MORE:   2

[HDD (BASE 65) ]
TOTAL THIS MO.   216    CLEAR  (SCALE 0-3)   4
DPTR FM NORMAL    15    PTCLDY (SCALE 4-7)   4
TOTAL FM JUL 1   414    CLOUDY (SCALE 8-10)  8
DPTR FM NORMAL   -20

[CDD (BASE 65) ]
TOTAL THIS MO.     3
DPTR FM NORMAL     3    [PRESSURE DATA]
TOTAL FM JAN 1  2003    HIGHEST SLP 30.44 ON 15
DPTR FM NORMAL   460    LOWEST  SLP 29.62 ON 15

[REMARKS]
