942
CXUS56 KSGX 231445
CF6RNM
PRELIMINARY LOCAL CLIMATOLOGICAL DATA (WS FORM: F-6)

                                          STATION:   RAMONA AIRPORT CA
                                          MONTH:     SEPTEMBER
                                          YEAR:      2018
                                          LATITUDE:   33  2 N
                                          LONGITUDE: 116 55 W

  TEMPERATURE IN F:       :PCPN:    SNOW:  WIND      :SUNSHINE: SKY     :PK WND
================================================================================
1   2   3   4   5  6A  6B    7    8   9   10  11  12  13   14  15   16   17  18
                                     12Z  AVG MX 2MIN
DY MAX MIN AVG DEP HDD CDD  WTR  SNW DPTH SPD SPD DIR MIN PSBL S-S WX    SPD DR
================================================================================

 1  83  58  71  -3   0   6 0.00  0.0    0  5.2 16 260   M    M   4 128    20 280
 2  83  63  73   0   0   8 0.00  0.0    0  5.2 17 270   M    M   6        21 270
 3  83  60  72  -1   0   7 0.00  0.0    0  6.0 17 270   M    M   5        21 270
 4  79  58  69  -4   0   4 0.00  0.0    0  4.9 17 270   M    M   4 18     21 260
 5  86  59  73   0   0   8 0.00  0.0    0  5.2 16 280   M    M   4 1      21 260
 6  86  60  73   0   0   8 0.00  0.0    0  5.5 15 280   M    M   5 12     21 300
 7  94  61  78   6   0  13 0.00  0.0    0  4.1 15 320   M    M   4 12     19 300
 8 103  59  81   9   0  16 0.00  0.0    0  5.3 15 310   M    M   0        22 280
 9  99  57  78   6   0  13 0.00  0.0    0  4.0 14 260   M    M   0        20 270
10  93  52  73   1   0   8 0.00  0.0    0  4.2 14 300   M    M   2 128    20 210
11  89  46  68  -4   0   3 0.00  0.0    0  4.4 13 260   M    M   2 128    17 250
12  89  57  73   1   0   8 0.00  0.0    0  4.6 15 270   M    M   3 18     20 280
13  93  47  70  -1   0   5 0.00  0.0    0  3.8 14 300   M    M   0        19 270
14  95  51  73   2   0   8 0.00  0.0    0  4.7 16 270   M    M   0        22 270
15  92  51  72   1   0   7 0.00  0.0    0  4.7 15 270   M    M   0        21 300
16  92  53  73   3   0   8 0.00  0.0    0  4.2 15 280   M    M   0        19 280
17  90  53  72   2   0   7 0.00  0.0    0  4.7 14 280   M    M   0        19 270
18  91  48  70   0   0   5 0.00  0.0    0  4.8 16 270   M    M   0        20 280
19  86  42  64  -6   1   0 0.00  0.0    0  5.1 14 270   M    M   0        18 270
20  83  54  69  -1   0   4 0.00  0.0    0  4.8 15 300   M    M   1        20 290
21  89  48  69   0   0   4 0.00  0.0    0  4.1 14 300   M    M   0        18 300
22  93  55  74   5   0   9 0.00  0.0    0  4.9 15 310   M    M   0        20 280
================================================================================
SM 1971 1192         1 159  0.00     0.0 104.4          M       40
================================================================================
AV 89.6 54.2                               4.7 FASTST   M    M   2    MAX(MPH)
                                 MISC ---->  # 17 270               # 22  280
================================================================================
NOTES:
# LAST OF SEVERAL OCCURRENCES

COLUMN 17 PEAK WIND IN M.P.H.

PRELIMINARY LOCAL CLIMATOLOGICAL DATA (WS FORM: F-6) , PAGE 2

                                          STATION:  RAMONA AIRPORT CA
                                          MONTH:    SEPTEMBER
                                          YEAR:     2018
                                          LATITUDE:   33  2 N
                                          LONGITUDE: 116 55 W

[TEMPERATURE DATA]      [PRECIPITATION DATA]       SYMBOLS USED IN COLUMN 16

AVERAGE MONTHLY: 71.9   TOTAL FOR MONTH:   0.00    1 = FOG OR MIST
DPTR FM NORMAL:   0.4   DPTR FM NORMAL:   -0.23    2 = FOG REDUCING VISIBILITY
HIGHEST:   103 ON  8    GRTST 24HR  0.00 ON 22-22      TO 1/4 MILE OR LESS
LOWEST:     42 ON 19                               3 = THUNDER
                        SNOW, ICE PELLETS, HAIL    4 = ICE PELLETS
                        TOTAL MONTH:   0.0 INCH    5 = HAIL
                        GRTST 24HR     0.0         6 = FREEZING RAIN OR DRIZZLE
                        GRTST DEPTH:   0           7 = DUSTSTORM OR SANDSTORM:
                                                       VSBY 1/2 MILE OR LESS
                                                   8 = SMOKE OR HAZE
[NO. OF DAYS WITH]      [WEATHER - DAYS WITH]      9 = BLOWING SNOW
                                                   X = TORNADO
MAX 32 OR BELOW:   0    0.01 INCH OR MORE:   0
MAX 90 OR ABOVE:  11    0.10 INCH OR MORE:   0
MIN 32 OR BELOW:   0    0.50 INCH OR MORE:   0
MIN  0 OR BELOW:   0    1.00 INCH OR MORE:   0

[HDD (BASE 65) ]
TOTAL THIS MO.     1    CLEAR  (SCALE 0-3)  15
DPTR FM NORMAL    -2    PTCLDY (SCALE 4-7)   7
TOTAL FM JUL 1     1    CLOUDY (SCALE 8-10)  0
DPTR FM NORMAL    -5

[CDD (BASE 65) ]
TOTAL THIS MO.   159
DPTR FM NORMAL    11    [PRESSURE DATA]
TOTAL FM JAN 1  1121    HIGHEST SLP M ON M
DPTR FM NORMAL   360    LOWEST  SLP 29.64 ON 19

[REMARKS]
