000
CXUS56 KTFX 220915
CF6SDY
21
PRELIMINARY LOCAL CLIMATOLOGICAL DATA (WS FORM: F-6)

                                          STATION:   SIDNEY APT MT
                                          MONTH:     February
                                          YEAR:      2019
                                          LATITUDE:   47.72  N
                                          LONGITUDE: 104.18  W

  TEMPERATURE IN F:       :PCPN:    SNOW:  WIND      :SUNSHINE: SKY     :PK WND
================================================================================
1   2   3   4   5  6A  6B    7    8   9   10  11  12  13   14  15   16   17  18
                                     12Z  AVG MX 2MIN
DY MAX MIN AVG DEP HDD CDD  WTR  SNW DPTH SPD SPD DIR MIN PSBL S-S WX    SPD DR
================================================================================

01  36   8  22   3  43   0  0.00  M    M  7.2  M   M   M    M   M        M     M
02   8 -10  -1 -20  66   0 T      M    M  6.1  M   M   M    M   M        32  360
03  -6 -12  -9 -29  74   0 T      M    M 14.9  M   M   M    M   M        28  360
04  -1  -7  -4 -24  69   0 T      M    M  8.3  M   M   M    M   M        M     M
05  -4 -21 -12 -32  77   0  0.02  M    M  6.1  M   M   M    M   M        M     M
06 -12 -35 -23 -43  88   0  0.01  M    M  8.6  M   M   M    M   M        M     M
07  -4 -38 -21 -42  86   0 T      M    M  5.5  M   M   M    M   M        M     M
08  -3 -14  -8 -29  73   0 T      M    M  6.1  M   M   M    M   M        M     M
09   1 -15  -7 -28  72   0 T      M    M 10.4  M   M   M    M   M        M     M
10   5 -12  -3 -24  68   0 T      M    M  8.7  M   M   M    M   M        M     M
11   5 -11  -3 -25  68   0  0.02  M    M  8.4  M   M   M    M   M        M     M
12   4 -10  -3 -25  68   0 T      M    M  6.5  M   M   M    M   M        M     M
13  -2 -24 -13 -35  78   0 T      M    M  9.3  M   M   M    M   M        M     M
14  10 -28  -9 -31  74   0 T      M    M  8.5  M   M   M    M   M        26  350
15  12  -4   4 -19  61   0 T      M    M  8.3  M   M   M    M   M        M     M
16   8   3   5 -18  60   0 T      M    M  5.6  M   M   M    M   M        M     M
17   4 -12  -4 -27  69   0  0.04  M    M  8.8  M   M   M    M   M        M     M
18   7 -18  -5 -29  70   0 T      M    M  7.1  M   M   M    M   M        M     M
19  11  -8   1 -23  64   0 T      M    M  8.1  M   M   M    M   M        M     M
20  12 -13   0 -24  65   0  0.01  M    M  3.3  M   M   M    M   M        M     M
21  11  -9   1 -24  64   0 T      M    M  6.9  M   M   M    M   M        M     M
================================================================================
SM 102 -290         1457  0  0.1         162.7
================================================================================
AV 4.9 -13.8                              7.7                        MAX(MPH)
                                                                      32

[TEMPERATURE DATA]      [PRECIPITATION DATA]

Average Monthly:  -4.5  Total for Month:  0.1
Dptr fm Normal:    -26.1  Dptr fm Normal:  -0.12
