000
CXUS56 KTFX 160915
CF6SDY
15
PRELIMINARY LOCAL CLIMATOLOGICAL DATA (WS FORM: F-6)

                                          STATION:   SIDNEY APT MT
                                          MONTH:     October
                                          YEAR:      2019
                                          LATITUDE:   47.72  N
                                          LONGITUDE: 104.18  W

  TEMPERATURE IN F:       :PCPN:    SNOW:  WIND      :SUNSHINE: SKY     :PK WND
================================================================================
1   2   3   4   5  6A  6B    7    8   9   10  11  12  13   14  15   16   17  18
                                     12Z  AVG MX 2MIN
DY MAX MIN AVG DEP HDD CDD  WTR  SNW DPTH SPD SPD DIR MIN PSBL S-S WX    SPD DR
================================================================================

01  43  35  39 -14  26   0 T      M    M  6.3  M   M   M    M   M        M     M
02  41  33  37 -16  28   0  0.40  M    M  3.8  M   M   M    M   M        M     M
03  51  33  42 -10  23   0  0.00  M    M  6.7  M   M   M    M   M        M     M
04  56  38  47  -5  18   0  0.00  M    M 10.2  M   M   M    M   M        21  360
05  60  42  51  -1  14   0 T      M    M 17.0  M   M   M    M   M        32  330
06  61  35  48  -3  17   0  0.00  M    M 17.9  M   M   M    M   M        36  290
07  69  33  51   0  14   0  0.00  M    M 10.8  M   M   M    M   M        24  230
08  75  36  55   5  10   0  0.00  M    M 12.2  M   M   M    M   M        30  360
09  36  27  31 -19  34   0  0.02  M    M 18.9  M   M   M    M   M        32  360
10  33  26  29 -21  36   0 T      M    M 14.5  M   M   M    M   M        23  350
11  38  25  31 -18  34   0  0.00  M    M 17.5  M   M   M    M   M        33  320
12  46  28  37 -12  28   0  0.00  M    M 19.3  M   M   M    M   M        37  330
13  52  23  37 -11  28   0  0.00  M    M  5.5  M   M   M    M   M        M     M
14  58  22  40  -8  25   0 T      M    M  7.4  M   M   M    M   M        43  360
15  45  28  36 -12  29   0 T      M    M 11.5  M   M   M    M   M        32  350
================================================================================
SM 764 464         364  0  0.42         179.5
================================================================================
AV 50.9 30.9                              12.0                        MAX(MPH)
                                                                      43

[TEMPERATURE DATA]      [PRECIPITATION DATA]

Average Monthly:  40.9  Total for Month:  0.42
Dptr fm Normal:    -9.7  Dptr fm Normal:  -0.16
