000
CXUS56 KTFX 180915
CF6SDY
17
PRELIMINARY LOCAL CLIMATOLOGICAL DATA (WS FORM: F-6)

                                          STATION:   SIDNEY APT MT
                                          MONTH:     August
                                          YEAR:      2018
                                          LATITUDE:   47.72  N
                                          LONGITUDE: 104.18  W

  TEMPERATURE IN F:       :PCPN:    SNOW:  WIND      :SUNSHINE: SKY     :PK WND
================================================================================
1   2   3   4   5  6A  6B    7    8   9   10  11  12  13   14  15   16   17  18
                                     12Z  AVG MX 2MIN
DY MAX MIN AVG DEP HDD CDD  WTR  SNW DPTH SPD SPD DIR MIN PSBL S-S WX    SPD DR
================================================================================

01  82  57  69  -5   0   4  0.00  M    M  5.9  M   M   M    M   M        M     M
02  95  58  76   2   0  11  0.00  M    M  7.0  M   M   M    M   M        18  340
03  87  56  71  -3   0   6  0.00  M    M  8.6  M   M   M    M   M        35  360
04  83  53  68  -6   0   3  0.00  M    M 11.0  M   M   M    M   M        26  330
05  82  55  68  -5   0   3  0.37  M    M  7.0  M   M   M    M   M        31  360
06  94  55  74   1   0   9  0.01  M    M  3.7  M   M   M    M   M        37  350
07  91  55  73   0   0   8  0.00  M    M  6.8  M   M   M    M   M        21  360
08  98  56  77   4   0  12  0.00  M    M  3.9  M   M   M    M   M        17  360
09 100  55  77   4   0  12  0.00  M    M  3.5  M   M   M    M   M        M     M
10 105  58  81   8   0  16  0.00  M    M  3.2  M   M   M    M   M        M     M
11 104  59  81   8   0  16  0.00  M    M  5.9  M   M   M    M   M        M     M
12  76  55  65  -8   0   0  0.00  M    M  9.5  M   M   M    M   M        30  350
13  82  50  66  -6   0   1 T      M    M  9.0  M   M   M    M   M        26  360
14  88  52  70  -2   0   5  0.00  M    M  3.3  M   M   M    M   M        M     M
15  87  54  70  -2   0   5  0.00  M    M  3.8  M   M   M    M   M        M     M
16  96  56  76   4   0  11  0.00  M    M  1.8  M   M   M    M   M        M     M
17  95  57  76   4   0  11  0.00  M    M  4.3  M   M   M    M   M        M     M
================================================================================
SM 1545 941         0  133  0.38         98.2
================================================================================
AV 90.9 55.4                              5.8                        MAX(MPH)
                                                                      37

[TEMPERATURE DATA]      [PRECIPITATION DATA]

Average Monthly:  73.1  Total for Month:  0.38
Dptr fm Normal:    -0.1  Dptr fm Normal:  -0.3
