000
CXUS56 KTFX 170915
CF6SDY
16
PRELIMINARY LOCAL CLIMATOLOGICAL DATA (WS FORM: F-6)

                                          STATION:   SIDNEY APT MT
                                          MONTH:     November
                                          YEAR:      2018
                                          LATITUDE:   47.72  N
                                          LONGITUDE: 104.18  W

  TEMPERATURE IN F:       :PCPN:    SNOW:  WIND      :SUNSHINE: SKY     :PK WND
================================================================================
1   2   3   4   5  6A  6B    7    8   9   10  11  12  13   14  15   16   17  18
                                     12Z  AVG MX 2MIN
DY MAX MIN AVG DEP HDD CDD  WTR  SNW DPTH SPD SPD DIR MIN PSBL S-S WX    SPD DR
================================================================================

01  52  29  40   0  25   0  0.00  M    M 11.9  M   M   M    M   M        33  340
02  43  33  38  -1  27   0  0.18  M    M  8.4  M   M   M    M   M        M     M
03  40  27  33  -6  32   0  0.04  M    M  6.3  M   M   M    M   M        M     M
04  44  21  32  -6  33   0  0.15  M    M  8.7  M   M   M    M   M        M     M
05  21  10  15 -22  50   0  0.04  M    M 17.5  M   M   M    M   M        31  320
06  20   6  13 -24  52   0 T      M    M 16.3  M   M   M    M   M        32  360
07  19  -2   8 -28  57   0 T      M    M  5.0  M   M   M    M   M        M     M
08  22 -12   5 -31  60   0 T      M    M  7.9  M   M   M    M   M        M     M
09  35  19  27  -8  38   0 T      M    M  8.2  M   M   M    M   M        M     M
10  25  14  19 -16  46   0 T      M    M 14.4  M   M   M    M   M        39  360
11  25  16  20 -14  45   0 T      M    M  8.6  M   M   M    M   M        M     M
12  46  24  35   1  30   0 T      M    M  4.5  M   M   M    M   M        M     M
13  53  27  40   7  25   0  0.00  M    M  6.0  M   M   M    M   M        M     M
14  49  28  38   6  27   0  0.00  M    M  9.8  M   M   M    M   M        M     M
15  33  11  22 -10  43   0 T      M    M  9.2  M   M   M    M   M        25  350
16  34  11  22  -9  43   0  0.48  M    M 11.8  M   M   M    M   M        32  360
================================================================================
SM 561 262         633  0  0.89         154.5
================================================================================
AV 35.1 16.4                              9.7                        MAX(MPH)
                                                                      39

[TEMPERATURE DATA]      [PRECIPITATION DATA]

Average Monthly:  25.7  Total for Month:  0.89
Dptr fm Normal:    -10.1  Dptr fm Normal:  0.54
