000
CXUS56 KTFX 220915
CF6SDY
21
PRELIMINARY LOCAL CLIMATOLOGICAL DATA (WS FORM: F-6)

                                          STATION:   SIDNEY APT MT
                                          MONTH:     February
                                          YEAR:      2018
                                          LATITUDE:   47.72  N
                                          LONGITUDE: 104.18  W

  TEMPERATURE IN F:       :PCPN:    SNOW:  WIND      :SUNSHINE: SKY     :PK WND
================================================================================
1   2   3   4   5  6A  6B    7    8   9   10  11  12  13   14  15   16   17  18
                                     12Z  AVG MX 2MIN
DY MAX MIN AVG DEP HDD CDD  WTR  SNW DPTH SPD SPD DIR MIN PSBL S-S WX    SPD DR
================================================================================

01  17   6  11  -8  54   0  0.00  M    M  3.6  M   M   M    M   M        0  0
02  14  -8   3 -16  62   0  0.00  M    M  5.9  M   M   M    M   M        0  0
03   2 -17  -7 -27  72   0  0.00  M    M 13.1  M   M   M    M   M        0  0
04   5 -16  -5 -25  70   0  0.00  M    M  7.8  M   M   M    M   M        0  0
05  10 -18  -4 -24  69   0  0.00  M    M  6.3  M   M   M    M   M        M     M
06  11 -15  -2 -22  67   0 T      M    M  7.8  M   M   M    M   M        25  320
07   7  -5   1 -20  64   0 T      M    M  4.4  M   M   M    M   M        M     M
08   0 -21 -10 -31  75   0 T      M    M  9.8  M   M   M    M   M        23  360
09  10 -19  -4 -25  69   0 T      M    M  6.5  M   M   M    M   M        M     M
10  10 -16  -3 -24  68   0 T      M    M 11.9  M   M   M    M   M        23  310
11  10 -13  -1 -23  66   0 T      M    M 11.0  M   M   M    M   M        22  360
12  21 -10   5 -17  60   0 T      M    M  2.4  M   M   M    M   M        M     M
13  42  18  30   8  35   0  0.00  M    M 14.2  M   M   M    M   M        26  220
14  19  -6   6 -16  59   0  0.01  M    M 13.4  M   M   M    M   M        31  360
15  30  -5  12 -11  53   0 T      M    M 15.7  M   M   M    M   M        35  360
16  21   7  14  -9  51   0  0.00  M    M 10.9  M   M   M    M   M        M     M
17  13  -2   5 -18  60   0 T      M    M  8.9  M   M   M    M   M        M     M
18  16 -13   1 -23  64   0 T      M    M 12.8  M   M   M    M   M        24  360
19   7 -12  -2 -26  67   0 T      M    M  1.2  M   M   M    M   M        M     M
20  22 -17   2 -22  63   0 T      M    M  8.1  M   M   M    M   M        M     M
21  21 -17   2 -23  63   0  0.00  M    M  6.4  M   M   M    M   M        M     M
================================================================================
SM 308 -199         1311  0  0.01         182.1
================================================================================
AV 14.7 -9.5                              8.7                        MAX(MPH)
                                                                      35

[TEMPERATURE DATA]      [PRECIPITATION DATA]

Average Monthly:  2.6  Total for Month:  0.01
Dptr fm Normal:    -19.1  Dptr fm Normal:  -0.21
