000
CXUS56 KTFX 230915
CF6SDY
22
PRELIMINARY LOCAL CLIMATOLOGICAL DATA (WS FORM: F-6)

                                          STATION:   SIDNEY APT MT
                                          MONTH:     May
                                          YEAR:      2018
                                          LATITUDE:   47.72  N
                                          LONGITUDE: 104.18  W

  TEMPERATURE IN F:       :PCPN:    SNOW:  WIND      :SUNSHINE: SKY     :PK WND
================================================================================
1   2   3   4   5  6A  6B    7    8   9   10  11  12  13   14  15   16   17  18
                                     12Z  AVG MX 2MIN
DY MAX MIN AVG DEP HDD CDD  WTR  SNW DPTH SPD SPD DIR MIN PSBL S-S WX    SPD DR
================================================================================

01  65  39  52  -1  13   0 T      M    M  4.5  M   M   M    M   M        M     M
02  74  36  55   1  10   0 T      M    M  8.6  M   M   M    M   M        23  340
03  79  40  59   5   6   0  0.00  M    M 10.0  M   M   M    M   M        28  330
04  77  49  63   9   2   0 T      M    M  8.8  M   M   M    M   M        32  340
05  81  40  60   5   5   0 T      M    M  9.8  M   M   M    M   M        20  350
06  78  48  63   8   2   0  0.00  M    M  3.3  M   M   M    M   M        M     M
07  78  50  64   9   1   0 T      M    M  8.0  M   M   M    M   M        31  360
08  75  56  65   9   0   0 T      M    M  7.6  M   M   M    M   M        M     M
09  49  39  44 -12  21   0  0.01  M    M 14.5  M   M   M    M   M        23  360
10  49  40  44 -12  21   0  0.15  M    M 11.0  M   M   M    M   M        24  160
11  49  39  44 -13  21   0  0.00  M    M  7.6  M   M   M    M   M        M     M
12  72  38  55  -2  10   0  0.00  M    M  4.4  M   M   M    M   M        M     M
13  79  50  64   7   1   0  0.00  M    M  7.0  M   M   M    M   M        M     M
14  82  43  62   4   3   0 T      M    M  8.8  M   M   M    M   M        16  350
15  88  46  67   9   0   2  0.00  M    M  9.9  M   M   M    M   M        25  250
16  79  53  66   8   0   1 T      M    M  7.3  M   M   M    M   M        21  260
17  79  53  66   8   0   1  0.01  M    M 10.9  M   M   M    M   M        24  110
18  65  41  53  -6  12   0  1.10  M    M 11.4  M   M   M    M   M        25  360
19  71  34  52  -7  13   0  0.00  M    M  5.3  M   M   M    M   M        M     M
20  79  41  60   1   5   0  0.00  M    M 10.3  M   M   M    M   M        29  300
21  78  49  63   3   2   0  0.00  M    M  6.4  M   M   M    M   M        23  330
22  77  50  63   3   2   0  0.00  M    M  4.7  M   M   M    M   M        M     M
================================================================================
SM 1603 974         150  4  1.27         180.1
================================================================================
AV 72.9 44.3                              8.2                        MAX(MPH)
                                                                      32

[TEMPERATURE DATA]      [PRECIPITATION DATA]

Average Monthly:  58.6  Total for Month:  1.27
Dptr fm Normal:    1.6  Dptr fm Normal:  -0.09
