066
CXUS51 KBTV 270700
CF6SLK
PRELIMINARY LOCAL CLIMATOLOGICAL DATA (WS FORM: F-6)

                                          STATION:   SARANAC LAKE NY
                                          MONTH:     MAY
                                          YEAR:      2024
                                          LATITUDE:   44 23 N
                                          LONGITUDE:  74 12 W

  TEMPERATURE IN F:       :PCPN:    SNOW:  WIND      :SUNSHINE: SKY     :PK WND
================================================================================
1   2   3   4   5  6A  6B    7    8   9   10  11  12  13   14  15   16   17  18
                                     12Z  AVG MX 2MIN
DY MAX MIN AVG DEP HDD CDD  WTR  SNW DPTH SPD SPD DIR MIN PSBL S-S WX    SPD DR
================================================================================

 1  62  44  53   8  12   0 0.00    M    M  2.8 10 220   M    M   9 1       M   M
 2  59  44  52   6  13   0 0.16    M    M  5.1 13 230   M    M   7 123    20 240
 3  70  44  57  11   8   0 0.00    M    M  3.0 14  40   M    M   6 12     18  50
 4  69  49  59  13   6   0 0.02    M    M  4.0 17 180   M    M   8        21 200
 5  57  48  53   6  12   0 0.18    M    M  9.7 17 220   M    M  10 18     29 230
 6  70  40  55   8  10   0 0.03    M    M  5.7 13 240   M    M   4 1      21 330
 7  69  30  50   2  15   0 0.00    M    M  2.9 10 290   M    M   0        20 290
 8  65  36  51   3  14   0 0.21    M    M  4.6 26 240   M    M   8 18     39 270
 9  58  39  49   1  16   0 0.00    M    M  5.3 14  40   M    M   7 1      24  50
10  57  36  47  -2  18   0 0.00    M    M  4.4 15  40   M    M   7 1      20  40
11  56  34  45  -4  20   0 0.06    M    M  3.0 13 240   M    M  10 1      19 210
12  54  38  46  -3  19   0 0.07    M    M  2.3 12 210   M    M  10 1      15 230
13  64  31  48  -2  17   0 0.14    M    M  5.7 18 210   M    M   7 12     29 190
14  73  52  63  13   2   0 0.12    M    M  3.4 10 220   M    M   5 13     15 250
15  66  54  60  10   5   0 0.41    M    M  2.0 14 180   M    M  10 1      16 180
16  68  50  59   8   6   0 0.00    M    M  2.8 12  50   M    M  10 12     16  60
17  75  42  59   8   6   0    T    M    M  3.0 15 150   M    M   5 1      22 140
18  74  47  61  10   4   0 0.00    M    M  2.2 10 140   M    M   8        16 200
19  78  40  59   7   6   0 0.00    M    M  2.4 13 350   M    M   4 12     17 340
20  83  43  63  11   2   0 0.00    M    M  4.3 14 220   M    M   1 12     20 220
21  84  47  66  14   0   1 0.05    M    M  4.8 13 220   M    M   4 1      44 200
22  87  56  72  20   0   7 0.00    M    M  8.5 22 230   M    M   1 1      36 230
23  73  50  62   9   3   0 0.02    M    M  8.8 20 220   M    M   2 13     31 220
24  69  37  53   0  12   0 0.00    M    M  6.6 18 240   M    M   2        40 240
25  73  30  52  -1  13   0    T    M    M  1.9 14 220   M    M   4 12     22 200
26  78  51  65  11   0   0 0.00    M    M  3.5 15  60   M    M   6        21  60
================================================================================
SM 1791 1112       239   8  1.47    M    112.7          M      155
================================================================================
AV 68.9 42.8                               4.3 FASTST   M    M   6    MAX(MPH)
                                 MISC ---->    26 240                 44 200
================================================================================
NOTES:
# LAST OF SEVERAL OCCURRENCES

COLUMN 17 PEAK WIND IN M.P.H.

PRELIMINARY LOCAL CLIMATOLOGICAL DATA (WS FORM: F-6) , PAGE 2

                                          STATION:   SARANAC LAKE NY
                                          MONTH:     MAY
                                          YEAR:      2024
                                          LATITUDE:   44 23 N
                                          LONGITUDE:  74 12 W

[TEMPERATURE DATA]      [PRECIPITATION DATA]       SYMBOLS USED IN COLUMN 16

AVERAGE MONTHLY: 55.8   TOTAL FOR MONTH:   1.47    1 = FOG OR MIST
DPTR FM NORMAL:   6.1   DPTR FM NORMAL:   -1.55    2 = FOG REDUCING VISIBILITY
HIGHEST:    87 ON 22    GRTST 24HR  0.41 ON 15-15      TO 1/4 MILE OR LESS
LOWEST:     30 ON 25, 7                             3 = THUNDER
                        SNOW, ICE PELLETS, HAIL    4 = ICE PELLETS
                        TOTAL MONTH:  M            5 = HAIL
                        GRTST 24HR    M  ON   M    6 = FREEZING RAIN OR DRIZZLE
                        GRTST DEPTH:  M  ON   M    7 = DUSTSTORM OR SANDSTORM:
                                                       VSBY 1/2 MILE OR LESS
                                                   8 = SMOKE OR HAZE
[NO. OF DAYS WITH]      [WEATHER - DAYS WITH]      9 = BLOWING SNOW
                                                   X = TORNADO
MAX 32 OR BELOW:   0    0.01 INCH OR MORE:  12
MAX 90 OR ABOVE:   0    0.10 INCH OR MORE:   6
MIN 32 OR BELOW:   3    0.50 INCH OR MORE:   0
MIN  0 OR BELOW:   0    1.00 INCH OR MORE:   0

[HDD (BASE 65) ]
TOTAL THIS MO.   239    CLEAR  (SCALE 0-3)   5
DPTR FM NORMAL  -161    PTCLDY (SCALE 4-7)  15
TOTAL FM JUL 1  7668    CLOUDY (SCALE 8-10)  6
DPTR FM NORMAL -1384

[CDD (BASE 65) ]
TOTAL THIS MO.     8
DPTR FM NORMAL     8    [PRESSURE DATA]
TOTAL FM JAN 1     8    HIGHEST SLP M ON M
DPTR FM NORMAL     8    LOWEST  SLP 29.45 ON  8

[REMARKS]