000
CXUS51 KBTV 250700
CF6SLK
PRELIMINARY LOCAL CLIMATOLOGICAL DATA (WS FORM: F-6)

                                          STATION:   SARANAC LAKE NY
                                          MONTH:     MAY
                                          YEAR:      2020
                                          LATITUDE:   44 23 N
                                          LONGITUDE:  74 12 W

  TEMPERATURE IN F:       :PCPN:    SNOW:  WIND      :SUNSHINE: SKY     :PK WND
================================================================================
1   2   3   4   5  6A  6B    7    8   9   10  11  12  13   14  15   16   17  18
                                     12Z  AVG MX 2MIN
DY MAX MIN AVG DEP HDD CDD  WTR  SNW DPTH SPD SPD DIR MIN PSBL S-S WX    SPD DR
================================================================================

 1  60  39  50   5  15   0 0.01    M    M  7.7 22 160   M    M   9 1      30 160
 2  65  25  45   0  20   0 0.02    M    M  4.1 14 240   M    M   3        20 260
 3  68  43  56  11   9   0    T    M    M  9.1 23 230   M    M   4        35 220
 4  47  32  40  -6  25   0 0.01    M    M  5.9 12 310   M    M   8 1      21 330
 5  49  24  37  -9  28   0 0.00    M    M  3.9 13 250   M    M   5        19 360
 6  53  18  36 -11  29   0 0.00    M    M  1.9 12  30   M    M   3        17  30
 7  58  18  38  -9  27   0 0.07    M    M  6.7 22 240   M    M   5 1      32 230
 8  44  28  36 -11  29   0 0.03    M    M  8.5 22 220   M    M   8 18     33 230
 9  32  23  28 -20  37   0 0.03    M    M  7.8 18 260   M    M   8 128    29 250
10  46  29  38 -10  27   0 0.01    M    M 10.5 22 220   M    M   9        32 240
11  46  32  39  -9  26   0 0.07    M    M  5.1 10 250   M    M  10 1      16 260
12  42  26  34 -15  31   0 0.01    M    M  6.2 18 250   M    M   6 1      29 240
13  51  18  35 -14  30   0    T    M    M  6.1 17 250   M    M   1        27 230
14  64  20  42  -8  23   0 0.00    M    M  4.1 15 230   M    M   3        24 210
15  63  47  55   5  10   0 0.47    M    M  6.0 16 220   M    M  10 18     27 330
16  56  33  45  -5  20   0 0.01    M    M  3.4  9 280   M    M   9 1      15 330
17  66  29  48  -3  17   0 0.00    M    M  3.9 15  60   M    M   5 12     18  60
18  67  34  51   0  14   0 0.00    M    M  6.9 17  50   M    M   5        24  60
19  68  33  51   0  14   0 0.00    M    M  6.2 16 120   M    M   0        22 100
20  75  28  52   0  13   0 0.00    M    M  3.3 15 190   M    M   0        18 210
21  78  30  54   2  11   0 0.00    M    M  4.7 18 210   M    M   0        24 210
22  82  30  56   4   9   0 0.00    M    M  3.8 14 330   M    M   0        25 330
23  78  38  58   5   7   0 0.00    M    M  7.6 17  30   M    M   1        23  50
24  81  36  59   6   6   0 0.00    M    M  4.9 18 200   M    M   0        22 190
================================================================================
SM 1439  713       477   0  0.74    M    138.3          M      112
================================================================================
AV 60.0 29.7                               5.8 FASTST   M    M   5    MAX(MPH)
                                 MISC ---->    23 230                 35 220
================================================================================
NOTES:
# LAST OF SEVERAL OCCURRENCES

COLUMN 17 PEAK WIND IN M.P.H.

PRELIMINARY LOCAL CLIMATOLOGICAL DATA (WS FORM: F-6) , PAGE 2

                                          STATION:   SARANAC LAKE NY
                                          MONTH:     MAY
                                          YEAR:      2020
                                          LATITUDE:   44 23 N
                                          LONGITUDE:  74 12 W

[TEMPERATURE DATA]      [PRECIPITATION DATA]       SYMBOLS USED IN COLUMN 16

AVERAGE MONTHLY: 44.8   TOTAL FOR MONTH:   0.74    1 = FOG OR MIST
DPTR FM NORMAL:  -4.1   DPTR FM NORMAL:   -1.83    2 = FOG REDUCING VISIBILITY
HIGHEST:    82 ON 22    GRTST 24HR  0.48 ON 15-16      TO 1/4 MILE OR LESS
LOWEST:     18 ON 13, 7                             3 = THUNDER
                        SNOW, ICE PELLETS, HAIL    4 = ICE PELLETS
                        TOTAL MONTH:  M            5 = HAIL
                        GRTST 24HR    M  ON   M    6 = FREEZING RAIN OR DRIZZLE
                        GRTST DEPTH:  M  ON   M    7 = DUSTSTORM OR SANDSTORM:
                                                       VSBY 1/2 MILE OR LESS
                                                   8 = SMOKE OR HAZE
[NO. OF DAYS WITH]      [WEATHER - DAYS WITH]      9 = BLOWING SNOW
                                                   X = TORNADO
MAX 32 OR BELOW:   1    0.01 INCH OR MORE:  11
MAX 90 OR ABOVE:   0    0.10 INCH OR MORE:   1
MIN 32 OR BELOW:  16    0.50 INCH OR MORE:   0
MIN  0 OR BELOW:   0    1.00 INCH OR MORE:   0

[HDD (BASE 65) ]
TOTAL THIS MO.   477    CLEAR  (SCALE 0-3)  10
DPTR FM NORMAL    91    PTCLDY (SCALE 4-7)   8
TOTAL FM JUL 1  8904    CLOUDY (SCALE 8-10)  6
DPTR FM NORMAL  -253

[CDD (BASE 65) ]
TOTAL THIS MO.     0
DPTR FM NORMAL     0    [PRESSURE DATA]
TOTAL FM JAN 1     0    HIGHEST SLP M ON M
DPTR FM NORMAL     0    LOWEST  SLP 29.60 ON  3

[REMARKS]
