000
CXUS51 KBTV 190700
CF6SLK
PRELIMINARY LOCAL CLIMATOLOGICAL DATA (WS FORM: F-6)

                                          STATION:   SARANAC LAKE NY
                                          MONTH:     OCTOBER
                                          YEAR:      2019
                                          LATITUDE:   44 23 N
                                          LONGITUDE:  74 12 W

  TEMPERATURE IN F:       :PCPN:    SNOW:  WIND      :SUNSHINE: SKY     :PK WND
================================================================================
1   2   3   4   5  6A  6B    7    8   9   10  11  12  13   14  15   16   17  18
                                     12Z  AVG MX 2MIN
DY MAX MIN AVG DEP HDD CDD  WTR  SNW DPTH SPD SPD DIR MIN PSBL S-S WX    SPD DR
================================================================================

 1  75  52  64  17   1   0 1.34    M    M  8.0 18 230   M    M   9 13     26 250
 2  67  38  53   6  12   0 0.45    M    M  5.9 12  70   M    M  10 1      17 330
 3  48  33  41  -5  24   0 0.10    M    M  5.1 13  40   M    M   6 18     17  40
 4  46  27  37  -9  28   0 0.02    M    M  4.4 12 340   M    M   9 1      17 270
 5  54  23  39  -7  26   0    T    M    M  1.5  8  70   M    M   2 12     10  60
 6  59  27  43  -2  22   0 0.02    M    M 10.9 21 220   M    M   8 1      28 220
 7  58  49  54   9  11   0 0.71    M    M  4.9 12 230   M    M   8 1      16 230
 8  61  26  44  -1  21   0 0.00    M    M  1.5  9 340   M    M   1 12     16 300
 9  60  24  42  -2  23   0 0.00    M    M  2.6 13  60   M    M   0        16  60
10  64  28  46   2  19   0 0.00    M    M  4.4 15  50   M    M   0        19  40
11  66  25  46   2  19   0 0.00    M    M  4.3 15  70   M    M   0        20  80
12  67  30  49   6  16   0 0.04    M    M  3.2 13 230   M    M   4 1      19 230
13  62  30  46   3  19   0 0.00    M    M  2.5  9 170   M    M   2 1      14 170
14  58  28  43   0  22   0 0.07    M    M  4.6 21 240   M    M   4 18     26 250
15  53  26  40  -2  25   0 0.00    M    M  4.2 16 220   M    M   2        22 210
16  57  28  43   1  22   0 0.20    M    M  7.5 25 180   M    M   5        34 190
17  46  39  43   1  22   0 1.26    M    M  8.6 17  30   M    M  10 1      23 340
18  41  37  39  -2  26   0 0.02    M    M  6.7 13 310   M    M  10 1      25 300
================================================================================
SM 1042  570       358   0  4.23    M     90.8          M       90
================================================================================
AV 57.9 31.7                               5.0 FASTST   M    M   5    MAX(MPH)
                                 MISC ---->    25 180                 34 190
================================================================================
NOTES:
# LAST OF SEVERAL OCCURRENCES

COLUMN 17 PEAK WIND IN M.P.H.

PRELIMINARY LOCAL CLIMATOLOGICAL DATA (WS FORM: F-6) , PAGE 2

                                          STATION:   SARANAC LAKE NY
                                          MONTH:     OCTOBER
                                          YEAR:      2019
                                          LATITUDE:   44 23 N
                                          LONGITUDE:  74 12 W

[TEMPERATURE DATA]      [PRECIPITATION DATA]       SYMBOLS USED IN COLUMN 16

AVERAGE MONTHLY: 44.8   TOTAL FOR MONTH:   4.23    1 = FOG OR MIST
DPTR FM NORMAL:   0.6   DPTR FM NORMAL:    1.93    2 = FOG REDUCING VISIBILITY
HIGHEST:    75 ON  1    GRTST 24HR  1.63 ON  1- 2      TO 1/4 MILE OR LESS
LOWEST:     23 ON  5                               3 = THUNDER
                        SNOW, ICE PELLETS, HAIL    4 = ICE PELLETS
                        TOTAL MONTH:  M            5 = HAIL
                        GRTST 24HR    M  ON   M    6 = FREEZING RAIN OR DRIZZLE
                        GRTST DEPTH:  M  ON   M    7 = DUSTSTORM OR SANDSTORM:
                                                       VSBY 1/2 MILE OR LESS
                                                   8 = SMOKE OR HAZE
[NO. OF DAYS WITH]      [WEATHER - DAYS WITH]      9 = BLOWING SNOW
                                                   X = TORNADO
MAX 32 OR BELOW:   0    0.01 INCH OR MORE:  11
MAX 90 OR ABOVE:   0    0.10 INCH OR MORE:   6
MIN 32 OR BELOW:  12    0.50 INCH OR MORE:   3
MIN  0 OR BELOW:   0    1.00 INCH OR MORE:   2

[HDD (BASE 65) ]
TOTAL THIS MO.   358    CLEAR  (SCALE 0-3)   7
DPTR FM NORMAL   -17    PTCLDY (SCALE 4-7)   6
TOTAL FM JUL 1   902    CLOUDY (SCALE 8-10)  5
DPTR FM NORMAL   -58

[CDD (BASE 65) ]
TOTAL THIS MO.     0
DPTR FM NORMAL     0    [PRESSURE DATA]
TOTAL FM JAN 1    93    HIGHEST SLP M ON M
DPTR FM NORMAL   -21    LOWEST  SLP 29.12 ON 17

[REMARKS]
