000
CXUS51 KBTV 200700
CF6SLK
PRELIMINARY LOCAL CLIMATOLOGICAL DATA (WS FORM: F-6)

                                          STATION:   SARANAC LAKE NY
                                          MONTH:     JANUARY
                                          YEAR:      2019
                                          LATITUDE:   44 23 N
                                          LONGITUDE:  74 12 W

  TEMPERATURE IN F:       :PCPN:    SNOW:  WIND      :SUNSHINE: SKY     :PK WND
================================================================================
1   2   3   4   5  6A  6B    7    8   9   10  11  12  13   14  15   16   17  18
                                     12Z  AVG MX 2MIN
DY MAX MIN AVG DEP HDD CDD  WTR  SNW DPTH SPD SPD DIR MIN PSBL S-S WX    SPD DR
================================================================================

 1  45  11  28  14  37   0 0.24    M    0  8.2 28 240   M    M  10 18     39 250
 2  25   1  13  -1  52   0 0.02    M    0  1.3  5  50   M    M   5 1       M  M
 3  27  19  23   9  42   0 0.17    M    0  4.1 15 250   M    M  10 1      20 220
 4  35  17  26  12  39   0 0.01    M    0  9.3 22 220   M    M   6 12     26 230
 5  38   9  24  10  41   0 0.00  0.0    0  1.9  9 240   M    M   6 12     12 260
 6  30   6  18   4  47   0 0.05    M    0  6.9 16 350   M    M  10 128    28 340
 7  18 -17   1 -13  64   0    T    M    M  2.9 12  60   M    M   3 1      13 320
 8  34  18  26  12  39   0 0.35    M    M  7.1 24 210   M    M   9 16     34 200
 9  33  25  29  15  36   0 0.19    M    0  5.9 14 260   M    M  10 1      26 280
10  25   3  14   1  51   0 0.04    M    0  7.7 14 270   M    M  10 18     24 320
11   M   M   M   M   M   M    T    M    0  7.3 10 270   M    M  10 18     20 250
12   M   M   M   M   M   M 0.00  0.0    0   M   M   M   M    M   0         M  M
13   M   M   M   M   M   M 0.00  0.0    0   M   M   M   M    M   0         M  M
14  18   0   9  -4  56   0 0.00  0.0    0  2.1  7 200   M    M   0         M  M
15  25   0  13   0  52   0    T    M    0  7.1 15 200   M    M  10 1      20 200
16  28  -7  11  -2  54   0    T    M    0 10.3 22 220   M    M   8 1      32 220
17  11 -21  -5 -18  70   0 0.00  0.0    0  1.7 10 240   M    M   2 18     12 240
18  25   7  16   3  49   0 0.03    M    0  5.5 14 210   M    M  10 1      18 210
19  14  -3   6  -7  59   0 0.05    M    0  7.7 13  50   M    M  10 18     17 340
================================================================================
SM  431   68       788   0  1.15     0.0  97.0          M      129
================================================================================
AV 26.9  4.3                               5.7 FASTST   M    M   7    MAX(MPH)
                                 MISC ---->  # 28 240               # 39  250
================================================================================
NOTES:
# LAST OF SEVERAL OCCURRENCES

COLUMN 17 PEAK WIND IN M.P.H.

PRELIMINARY LOCAL CLIMATOLOGICAL DATA (WS FORM: F-6) , PAGE 2

                                          STATION:  SARANAC LAKE NY
                                          MONTH:    JANUARY
                                          YEAR:     2019
                                          LATITUDE:   44 23 N
                                          LONGITUDE:  74 12 W

[TEMPERATURE DATA]      [PRECIPITATION DATA]       SYMBOLS USED IN COLUMN 16

AVERAGE MONTHLY: 15.6   TOTAL FOR MONTH:   1.15    1 = FOG OR MIST
DPTR FM NORMAL:   2.1   DPTR FM NORMAL:   -0.13    2 = FOG REDUCING VISIBILITY
HIGHEST:    45 ON  1    GRTST 24HR  0.35 ON  8- 8      TO 1/4 MILE OR LESS
LOWEST:    -21 ON 17                               3 = THUNDER
                        SNOW, ICE PELLETS, HAIL    4 = ICE PELLETS
                        TOTAL MONTH:   0.0 INCH    5 = HAIL
                        GRTST 24HR     0.0         6 = FREEZING RAIN OR DRIZZLE
                        GRTST DEPTH:   0           7 = DUSTSTORM OR SANDSTORM:
                                                       VSBY 1/2 MILE OR LESS
                                                   8 = SMOKE OR HAZE
[NO. OF DAYS WITH]      [WEATHER - DAYS WITH]      9 = BLOWING SNOW
                                                   X = TORNADO
MAX 32 OR BELOW:  11    0.01 INCH OR MORE:  10
MAX 90 OR ABOVE:   0    0.10 INCH OR MORE:   4
MIN 32 OR BELOW:  16    0.50 INCH OR MORE:   0
MIN  0 OR BELOW:   6    1.00 INCH OR MORE:   0

[HDD (BASE 65) ]
TOTAL THIS MO.   788    CLEAR  (SCALE 0-3)   4
DPTR FM NORMAL  -191    PTCLDY (SCALE 4-7)   5
TOTAL FM JUL 1  4394    CLOUDY (SCALE 8-10) 10
DPTR FM NORMAL  -284

[CDD (BASE 65) ]
TOTAL THIS MO.     0
DPTR FM NORMAL     0    [PRESSURE DATA]
TOTAL FM JAN 1     0    HIGHEST SLP M ON M
DPTR FM NORMAL     0    LOWEST  SLP 29.32 ON  9

[REMARKS]
