000
CXUS51 KBTV 210700
CF6SLK
PRELIMINARY LOCAL CLIMATOLOGICAL DATA (WS FORM: F-6)

                                          STATION:   SARANAC LAKE NY
                                          MONTH:     OCTOBER
                                          YEAR:      2018
                                          LATITUDE:   44 23 N
                                          LONGITUDE:  74 12 W

  TEMPERATURE IN F:       :PCPN:    SNOW:  WIND      :SUNSHINE: SKY     :PK WND
================================================================================
1   2   3   4   5  6A  6B    7    8   9   10  11  12  13   14  15   16   17  18
                                     12Z  AVG MX 2MIN
DY MAX MIN AVG DEP HDD CDD  WTR  SNW DPTH SPD SPD DIR MIN PSBL S-S WX    SPD DR
================================================================================

 1  48  44  46  -1  19   0 0.39    M    0  4.1  9  70   M    M  10 1      12  60
 2  54  44  49   2  16   0 0.99    M    0  3.5 12  60   M    M  10 1      15  40
 3  54  42  48   2  17   0 0.28    M    0  2.1  8 270   M    M   9 12     10 270
 4  68  39  54   8  11   0 0.09    M    0  7.4 16 220   M    M   4 12     22 220
 5  53  27  40  -6  25   0 0.00  0.0    0  5.8 15  50   M    M   2        20  50
 6  64  38  51   6  14   0 0.10    M    0  4.2 18 210   M    M  10 1      24 210
 7  62  41  52   7  13   0 0.06    M    0  5.9 10  50   M    M   9 1      20 140
 8  63  40  52   7  13   0 0.00  0.0    0  7.0 15 220   M    M  10 1      22 220
 9  73  61  67  23   0   2    T  0.0    0  8.1 16 230   M    M   8 1      24 210
10  78  53  66  22   0   1 0.00  0.0    0  5.0 16 210   M    M   5 12     21 210
11  68  51  60  16   5   0 0.69  0.0    0  8.6 15 240   M    M   9 1      23 230
12  51  39  45   2  20   0 0.07    M    0  7.6 15 270   M    M  10 1      26 280
13  43  35  39  -4  26   0 0.06    M    0  6.3 16 260   M    M  10 1      24 280
14  52  28  40  -3  25   0 0.00  0.0    0  4.8 16 210   M    M   2        24 210
15  54  27  41  -1  24   0 0.25    M    0  7.1 22 260   M    M   7 1      35 210
16  42  33  38  -4  27   0 0.00  0.0    0  9.9 17 260   M    M   8        38 270
17  42  28  35  -7  30   0 0.15    M    0  8.4 16 290   M    M   8 1      27 270
18  35  24  30 -11  35   0    T    M    0  9.0 17 240   M    M   7        26 260
19  59  32  46   5  19   0    T    M    0 12.3 22 220   M    M   4        32 220
20  52  35  44   3  21   0 0.01    M    0 11.3 25 230   M    M   7        37 260
================================================================================
SM 1115  761       360   3  3.14     0.0 138.4          M      149
================================================================================
AV 55.8 38.1                               6.9 FASTST   M    M   7    MAX(MPH)
                                 MISC ---->  # 25 230               # 38  270
================================================================================
NOTES:
# LAST OF SEVERAL OCCURRENCES

COLUMN 17 PEAK WIND IN M.P.H.

PRELIMINARY LOCAL CLIMATOLOGICAL DATA (WS FORM: F-6) , PAGE 2

                                          STATION:  SARANAC LAKE NY
                                          MONTH:    OCTOBER
                                          YEAR:     2018
                                          LATITUDE:   44 23 N
                                          LONGITUDE:  74 12 W

[TEMPERATURE DATA]      [PRECIPITATION DATA]       SYMBOLS USED IN COLUMN 16

AVERAGE MONTHLY: 46.9   TOTAL FOR MONTH:   3.14    1 = FOG OR MIST
DPTR FM NORMAL:   3.1   DPTR FM NORMAL:    0.57    2 = FOG REDUCING VISIBILITY
HIGHEST:    78 ON 10    GRTST 24HR  0.99 ON  2- 2      TO 1/4 MILE OR LESS
LOWEST:     24 ON 18                               3 = THUNDER
                        SNOW, ICE PELLETS, HAIL    4 = ICE PELLETS
                        TOTAL MONTH:   0.0 INCH    5 = HAIL
                        GRTST 24HR     0.0         6 = FREEZING RAIN OR DRIZZLE
                        GRTST DEPTH:   0           7 = DUSTSTORM OR SANDSTORM:
                                                       VSBY 1/2 MILE OR LESS
                                                   8 = SMOKE OR HAZE
[NO. OF DAYS WITH]      [WEATHER - DAYS WITH]      9 = BLOWING SNOW
                                                   X = TORNADO
MAX 32 OR BELOW:   0    0.01 INCH OR MORE:  12
MAX 90 OR ABOVE:   0    0.10 INCH OR MORE:   7
MIN 32 OR BELOW:   6    0.50 INCH OR MORE:   2
MIN  0 OR BELOW:   0    1.00 INCH OR MORE:   0

[HDD (BASE 65) ]
TOTAL THIS MO.   360    CLEAR  (SCALE 0-3)   2
DPTR FM NORMAL   -63    PTCLDY (SCALE 4-7)   8
TOTAL FM JUL 1   775    CLOUDY (SCALE 8-10) 10
DPTR FM NORMAL  -233

[CDD (BASE 65) ]
TOTAL THIS MO.     3
DPTR FM NORMAL     3    [PRESSURE DATA]
TOTAL FM JAN 1   221    HIGHEST SLP M ON M
DPTR FM NORMAL   107    LOWEST  SLP 29.54 ON M

[REMARKS]
