000
CXAK56 PAFC 161508
CF6SNP

PRELIMINARY LOCAL CLIMATOLOGICAL DATA (WS FORM: F-6)

                                          STATION:   SAINT PAUL ISLAND
                                          MONTH:     JANUARY
                                          YEAR:      2019
                                          LATITUDE:   57  9 N
                                          LONGITUDE: 170 13 W

  TEMPERATURE IN F:       :PCPN:    SNOW:  WIND      :SUNSHINE: SKY     :PK WND
================================================================================
1   2   3   4   5  6A  6B    7    8   9   10  11  12  13   14  15   16   17  18
                                     12Z  AVG MX 2MIN
DY MAX MIN AVG DEP HDD CDD  WTR  SNW DPTH SPD SPD DIR MIN PSBL S-S WX    SPD DR
================================================================================

 1  34  18  26  -1  39   0 0.10    M    M 16.7 37 310   M    M   7 128    45 310
 2  34  13  24  -3  41   0 0.06    M    M 16.1 30 120   M    M   4 12     42 140
 3  35  19  27   1  38   0 0.10    M    M 16.6 30 210   M    M   5 18     35 180
 4  35  11  23  -3  42   0    T    M    4 13.0 33 120   M    M   2 18     41 120
 5  37  30  34   8  31   0 0.10    M    M 24.3 44 140   M    M   8 18     51 130
 6  37  21  29   3  36   0 0.04    M    2 15.9 33 140   M    M   6 18     39 140
 7  37  32  35   9  30   0 0.15    M    2 20.8 38 140   M    M   7 18     48 150
 8  36  34  35   9  30   0 0.00  0.0    2 18.9 25 160   M    M   5        31 160
 9  36  32  34   8  31   0 0.12    T    2 14.3 24  90   M    M  10 1      30  90
10  35  28  32   6  33   0 0.02    T    1 28.3 44  80   M    M  10 18     53  80
11  28  19  24  -2  41   0    T    T    1 34.0 44  70   M    M  10        51  70
12  28  19  24  -1  41   0 0.01  1.1    1 30.4 38  40   M    M  10 169    46  40
13  37  28  33   8  32   0 0.18    M    2 31.0 44 140   M    M  10 1      54 150
14  37  32  35  10  30   0 0.23    M    M 17.0 25 100   M    M   8 1      34 110
15  36  32  34   9  31   0 0.04    M    M 10.5 22 210   M    M   9 126    26 320
================================================================================
SM  522  368       526   0  1.15     1.1 307.8          M      111
================================================================================
AV 34.8 24.5                              20.5 FASTST   M    M   7    MAX(MPH)
                                 MISC ---->  # 44 140               # 54  150
================================================================================
NOTES:
# LAST OF SEVERAL OCCURRENCES

COLUMN 17 PEAK WIND IN M.P.H.

PRELIMINARY LOCAL CLIMATOLOGICAL DATA (WS FORM: F-6) , PAGE 2

                                          STATION:  SAINT PAUL ISLAND
                                          MONTH:    JANUARY
                                          YEAR:     2019
                                          LATITUDE:   57  9 N
                                          LONGITUDE: 170 13 W

[TEMPERATURE DATA]      [PRECIPITATION DATA]       SYMBOLS USED IN COLUMN 16

AVERAGE MONTHLY: 29.7   TOTAL FOR MONTH:   1.15    1 = FOG OR MIST
DPTR FM NORMAL:   3.8   DPTR FM NORMAL:    0.33    2 = FOG REDUCING VISIBILITY
HIGHEST:    37 ON 14,13 GRTST 24HR  0.23 ON 14-14      TO 1/4 MILE OR LESS
LOWEST:     11 ON  4                               3 = THUNDER
                        SNOW, ICE PELLETS, HAIL    4 = ICE PELLETS
                        TOTAL MONTH:   1.1 INCHES  5 = HAIL
                        GRTST 24HR   1.1 ON 12-12  6 = FREEZING RAIN OR DRIZZLE
                        GRTST DEPTH:   4 ON  4     7 = DUSTSTORM OR SANDSTORM:
                                                       VSBY 1/2 MILE OR LESS
                                                   8 = SMOKE OR HAZE
[NO. OF DAYS WITH]      [WEATHER - DAYS WITH]      9 = BLOWING SNOW
                                                   X = TORNADO
MAX 32 OR BELOW:   2    0.01 INCH OR MORE:  12
MAX 90 OR ABOVE:   0    0.10 INCH OR MORE:   7
MIN 32 OR BELOW:  14    0.50 INCH OR MORE:   0
MIN  0 OR BELOW:   0    1.00 INCH OR MORE:   0

[HDD (BASE 65) ]
TOTAL THIS MO.   526    CLEAR  (SCALE 0-3)   1
DPTR FM NORMAL   -61    PTCLDY (SCALE 4-7)   8
TOTAL FM JUL 1  4693    CLOUDY (SCALE 8-10)  6
DPTR FM NORMAL  -436

[CDD (BASE 65) ]
TOTAL THIS MO.     0
DPTR FM NORMAL     0    [PRESSURE DATA]
TOTAL FM JAN 1     0    HIGHEST SLP M ON M
DPTR FM NORMAL     0    LOWEST  SLP 28.39 ON 13

[REMARKS]
