000
CXUS53 KFSD 200810
CF6SUX
PRELIMINARY LOCAL CLIMATOLOGICAL DATA (WS FORM: F-6)

                                          STATION:   SIOUX CITY IA
                                          MONTH:     OCTOBER
                                          YEAR:      2020
                                          LATITUDE:   42 24 N
                                          LONGITUDE:  96 23 W

  TEMPERATURE IN F:       :PCPN:    SNOW:  WIND      :SUNSHINE: SKY     :PK WND
================================================================================
1   2   3   4   5  6A  6B    7    8   9   10  11  12  13   14  15   16   17  18
                                     12Z  AVG MX 2MIN
DY MAX MIN AVG DEP HDD CDD  WTR  SNW DPTH SPD SPD DIR MIN PSBL S-S WX    SPD DR
================================================================================

 1  58  32  45 -12  20   0 0.00  0.0    0 13.6 26 330   M    M   4        37 310
 2  60  30  45 -11  20   0 0.09  0.0    0  5.2 13 150   M    M   3        19 170
 3  57  43  50  -6  15   0 0.03  0.0    0  4.6  9  70   M    M   9 1      13  70
 4  64  31  48  -8  17   0 0.00  0.0    0  8.0 16 160   M    M   1 12     22 140
 5  78  46  62   7   3   0 0.00  0.0    0 11.1 22 190   M    M   0        30 180
 6  84  39  62   7   3   0 0.00  0.0    0  6.8 22 240   M    M   0 1      34 230
 7  82  43  63   9   2   0 0.00  0.0    0  5.9 15 360   M    M   0        19  40
 8  79  40  60   6   5   0 0.00  0.0    0 10.9 24 130   M    M   0        36 160
 9  84  52  68  14   0   3 0.00  0.0    0  9.8 21 220   M    M   0 8      28 230
10  78  42  60   7   5   0 0.00  0.0    0  7.2 15  30   M    M   0        23  70
11  85  51  68  15   0   3 0.59  0.0    0 16.5 36 330   M    M   3 13     46 340
12  67  44  56   4   9   0 0.01  0.0    0  9.7 17 260   M    M   1        26 230
13  66  39  53   1  12   0 0.00  0.0    0  8.9 26 330   M    M   0        35 330
14  71  38  55   3  10   0    T  0.0    0 15.8 31 340   M    M   1        44 280
15  54  30  42  -9  23   0 0.00  0.0    0 11.7 22 310   M    M   1        30 290
16  55  32  44  -7  21   0 0.00  0.0    0 10.4 22 310   M    M   3        30 290
17  68  39  54   4  11   0 0.00  0.0    0 12.5 30 330   M    M   4        38 340
18  43  34  39 -11  26   0 0.00  0.0    0 10.3 20 340   M    M   7        27 350
19  36  31  34 -16  31   0 0.04    T    0  7.4 14 150   M    M   9 1      19 130
================================================================================
SM 1269  736       233   6  0.76    T    186.3          M       46
================================================================================
AV 66.8 38.7                               9.8 FASTST   M    M   2    MAX(MPH)
                                 MISC ---->    36 330                 46 340
================================================================================
NOTES:
# LAST OF SEVERAL OCCURRENCES

COLUMN 17 PEAK WIND IN M.P.H.

PRELIMINARY LOCAL CLIMATOLOGICAL DATA (WS FORM: F-6) , PAGE 2

                                          STATION:   SIOUX CITY IA
                                          MONTH:     OCTOBER
                                          YEAR:      2020
                                          LATITUDE:   42 24 N
                                          LONGITUDE:  96 23 W

[TEMPERATURE DATA]      [PRECIPITATION DATA]       SYMBOLS USED IN COLUMN 16

AVERAGE MONTHLY: 52.8   TOTAL FOR MONTH:   0.76    1 = FOG OR MIST
DPTR FM NORMAL:  -0.4   DPTR FM NORMAL:   -0.74    2 = FOG REDUCING VISIBILITY
HIGHEST:    85 ON 11    GRTST 24HR  0.60 ON 11-12      TO 1/4 MILE OR LESS
LOWEST:     30 ON 15, 2                             3 = THUNDER
                        SNOW, ICE PELLETS, HAIL    4 = ICE PELLETS
                        TOTAL MONTH:  T            5 = HAIL
                        GRTST 24HR   T   ON 19-19  6 = FREEZING RAIN OR DRIZZLE
                        GRTST DEPTH:  0            7 = DUSTSTORM OR SANDSTORM:
                                                       VSBY 1/2 MILE OR LESS
                                                   8 = SMOKE OR HAZE
[NO. OF DAYS WITH]      [WEATHER - DAYS WITH]      9 = BLOWING SNOW
                                                   X = TORNADO
MAX 32 OR BELOW:   0    0.01 INCH OR MORE:   5
MAX 90 OR ABOVE:   0    0.10 INCH OR MORE:   1
MIN 32 OR BELOW:   6    0.50 INCH OR MORE:   1
MIN  0 OR BELOW:   0    1.00 INCH OR MORE:   0

[HDD (BASE 65) ]
TOTAL THIS MO.   233    CLEAR  (SCALE 0-3)  13
DPTR FM NORMAL    -1    PTCLDY (SCALE 4-7)   4
TOTAL FM JUL 1   343    CLOUDY (SCALE 8-10)  2
DPTR FM NORMAL   -38

[CDD (BASE 65) ]
TOTAL THIS MO.     6
DPTR FM NORMAL    -2    [PRESSURE DATA]
TOTAL FM JAN 1  1061    HIGHEST SLP M ON M
DPTR FM NORMAL   192    LOWEST  SLP 29.44 ON 11

[REMARKS]
