000
CXUS55 KFSD 200905
CF6SUX
PRELIMINARY LOCAL CLIMATOLOGICAL DATA (WS FORM: F-6)

                                          STATION:   SIOUX CITY IA
                                          MONTH:     FEBRUARY
                                          YEAR:      2019
                                          LATITUDE:   42 24 N
                                          LONGITUDE:  96 23 W

  TEMPERATURE IN F:       :PCPN:    SNOW:  WIND      :SUNSHINE: SKY     :PK WND
================================================================================
1   2   3   4   5  6A  6B    7    8   9   10  11  12  13   14  15   16   17  18
                                     12Z  AVG MX 2MIN
DY MAX MIN AVG DEP HDD CDD  WTR  SNW DPTH SPD SPD DIR MIN PSBL S-S WX    SPD DR
================================================================================

 1  51   7  29   7  36   0 0.00  0.0    T 11.0 21 180   M    M   0        27 180
 2  52  27  40  18  25   0 0.00  0.0    0 12.7 25 200   M    M   3 12     32 220
 3  48  21  35  13  30   0    T  0.0    0  9.4 29 320   M    M   9 126    36 320
 4  20   2  11 -11  54   0    T    T    0 22.1 35 330   M    M   5 16     46 330
 5  12   3   8 -14  57   0    T    T    0  7.8 15 350   M    M   8 48     19 350
 6  12   6   9 -14  56   0 0.04  0.9    0 12.8 25 340   M    M  10 18     30 340
 7   6  -2   2 -21  63   0 0.07  1.0    2 23.6 33 320   M    M  10 1      45 290
 8  11  -8   2 -21  63   0 0.00  0.0    2  8.9 21 310   M    M   0        28 320
 9  26   0  13 -10  52   0 0.00  0.0    1 15.4 28 150   M    M   1        38 130
10  27  19  23  -1  42   0 0.05  0.5    1  7.4 16 120   M    M  10 1      22 120
11  25  19  22  -2  43   0 0.10  1.2    1  8.1 15  90   M    M  10 12     21 100
12  24   6  15  -9  50   0    T    T    1 19.3 31 320   M    M   5 1      40 330
13  28   3  16  -8  49   0 0.00  0.0    1  9.2 18 160   M    M   0        24 150
14  28   2  15 -10  50   0    T    T    1 20.5 39 320   M    M   4 18     48 330
15  13   1   7 -18  58   0 0.00  0.0    1  9.6 22 330   M    M   7        27 330
16  20   0  10 -15  55   0 0.26  3.6    1  7.7 15 110   M    M   5 1      20 120
17  22  15  19  -7  46   0 0.19  3.3    5 11.7 18 350   M    M  10 19     22 360
18  15  -6   5 -21  60   0    T    T    7  8.5 17 330   M    M   3 1      20 320
19  18  -8   5 -21  60   0 0.23  2.0    7  6.4 17 110   M    M   7 128    22 120
================================================================================
SM  458  107       949   0  0.94    12.5 232.1          M      107
================================================================================
AV 24.1  5.6                              12.2 FASTST   M    M   6    MAX(MPH)
                                 MISC ---->  # 39 320               # 48  330
================================================================================
NOTES:
# LAST OF SEVERAL OCCURRENCES

COLUMN 17 PEAK WIND IN M.P.H.

PRELIMINARY LOCAL CLIMATOLOGICAL DATA (WS FORM: F-6) , PAGE 2

                                          STATION:  SIOUX CITY IA
                                          MONTH:    FEBRUARY
                                          YEAR:     2019
                                          LATITUDE:   42 24 N
                                          LONGITUDE:  96 23 W

[TEMPERATURE DATA]      [PRECIPITATION DATA]       SYMBOLS USED IN COLUMN 16

AVERAGE MONTHLY: 14.9   TOTAL FOR MONTH:   0.94    1 = FOG OR MIST
DPTR FM NORMAL:  -8.9   DPTR FM NORMAL:    0.54    2 = FOG REDUCING VISIBILITY
HIGHEST:    52 ON  2    GRTST 24HR  0.26 ON 16-16      TO 1/4 MILE OR LESS
LOWEST:     -8 ON 19, 8                            3 = THUNDER
                        SNOW, ICE PELLETS, HAIL    4 = ICE PELLETS
                        TOTAL MONTH:  12.5 INCHES  5 = HAIL
                        GRTST 24HR   3.6 ON 16-16  6 = FREEZING RAIN OR DRIZZLE
                        GRTST DEPTH:   7 ON 19,18  7 = DUSTSTORM OR SANDSTORM:
                                                       VSBY 1/2 MILE OR LESS
                                                   8 = SMOKE OR HAZE
[NO. OF DAYS WITH]      [WEATHER - DAYS WITH]      9 = BLOWING SNOW
                                                   X = TORNADO
MAX 32 OR BELOW:  16    0.01 INCH OR MORE:   7
MAX 90 OR ABOVE:   0    0.10 INCH OR MORE:   4
MIN 32 OR BELOW:  19    0.50 INCH OR MORE:   0
MIN  0 OR BELOW:   6    1.00 INCH OR MORE:   0

[HDD (BASE 65) ]
TOTAL THIS MO.   949    CLEAR  (SCALE 0-3)   5
DPTR FM NORMAL   164    PTCLDY (SCALE 4-7)   8
TOTAL FM JUL 1  5188    CLOUDY (SCALE 8-10)  6
DPTR FM NORMAL   227

[CDD (BASE 65) ]
TOTAL THIS MO.     0
DPTR FM NORMAL     0    [PRESSURE DATA]
TOTAL FM JAN 1     0    HIGHEST SLP M ON M
DPTR FM NORMAL     0    LOWEST  SLP 29.52 ON 13

[REMARKS]
