000
CXUS55 KFSD 200905
CF6SUX
PRELIMINARY LOCAL CLIMATOLOGICAL DATA (WS FORM: F-6)

                                          STATION:   SIOUX CITY IA
                                          MONTH:     NOVEMBER
                                          YEAR:      2018
                                          LATITUDE:   42 24 N
                                          LONGITUDE:  96 23 W

  TEMPERATURE IN F:       :PCPN:    SNOW:  WIND      :SUNSHINE: SKY     :PK WND
================================================================================
1   2   3   4   5  6A  6B    7    8   9   10  11  12  13   14  15   16   17  18
                                     12Z  AVG MX 2MIN
DY MAX MIN AVG DEP HDD CDD  WTR  SNW DPTH SPD SPD DIR MIN PSBL S-S WX    SPD DR
================================================================================

 1  61  25  43  -1  22   0    T  0.0    0  5.3 24 230   M    M   3        37 250
 2  49  38  44   1  21   0    T  0.0    0  7.0 16 320   M    M   8        20 320
 3  43  39  41  -2  24   0 0.47  0.0    0  4.7 10 100   M    M  10 1      14 100
 4  42  37  40  -2  25   0 0.03  0.0    0  8.3 15 360   M    M  10 1      20 360
 5  46  37  42   0  23   0 0.24  0.0    0 12.6 30 310   M    M  10 1      42 300
 6  41  29  35  -6  30   0 0.00  0.0    0 16.0 31 320   M    M   6        39 310
 7  31  20  26 -15  39   0 0.00  0.0    0 12.3 24 340   M    M   6        32 330
 8  35  19  27 -13  38   0    T    T    0  4.4 13 340   M    M   8        15 320
 9  26   8  17 -23  48   0 0.05  0.6    T 12.9 30 320   M    M   6 18     36 320
10  29   6  18 -21  47   0 0.00  0.0    1  9.2 24 160   M    M   7        33 170
11  33  24  29  -9  36   0 0.00  0.0    1 13.0 29 310   M    M   8        39 320
12  25   9  17 -21  48   0 0.00  0.0    0 12.9 26  10   M    M   7        35  10
13  40   6  23 -14  42   0 0.00  0.0    0  6.0 12 210   M    M   1        16 220
14  50  19  35  -2  30   0 0.00  0.0    0 11.4 20 180   M    M   0        26 160
15  60  23  42   6  23   0 0.00  0.0    0 12.9 35 320   M    M   1        46 320
16  43  28  36   0  29   0 0.01  0.0    0  8.7 22  10   M    M   7 68     29  10
17  31  13  22 -13  43   0 0.00  0.0    0 14.4 24  20   M    M   6        34  10
18  38   8  23 -11  42   0 0.00  0.0    0  8.8 17 200   M    M   0        24 210
19  34  14  24 -10  41   0 0.00  0.0    0  9.0 20 330   M    M   5        27 330
================================================================================
SM  757  402       651   0  0.80     0.6 189.8          M      109
================================================================================
AV 39.8 21.2                              10.0 FASTST   M    M   6    MAX(MPH)
                                 MISC ---->  # 35 320               # 46  320
================================================================================
NOTES:
# LAST OF SEVERAL OCCURRENCES

COLUMN 17 PEAK WIND IN M.P.H.

PRELIMINARY LOCAL CLIMATOLOGICAL DATA (WS FORM: F-6) , PAGE 2

                                          STATION:  SIOUX CITY IA
                                          MONTH:    NOVEMBER
                                          YEAR:     2018
                                          LATITUDE:   42 24 N
                                          LONGITUDE:  96 23 W

[TEMPERATURE DATA]      [PRECIPITATION DATA]       SYMBOLS USED IN COLUMN 16

AVERAGE MONTHLY: 30.5   TOTAL FOR MONTH:   0.80    1 = FOG OR MIST
DPTR FM NORMAL:  -8.4   DPTR FM NORMAL:   -0.05    2 = FOG REDUCING VISIBILITY
HIGHEST:    61 ON  1    GRTST 24HR  0.47 ON  3- 3      TO 1/4 MILE OR LESS
LOWEST:      6 ON 13,10                            3 = THUNDER
                        SNOW, ICE PELLETS, HAIL    4 = ICE PELLETS
                        TOTAL MONTH:   0.6 INCH    5 = HAIL
                        GRTST 24HR   0.6 ON  9- 9  6 = FREEZING RAIN OR DRIZZLE
                        GRTST DEPTH:   1 ON 11,10  7 = DUSTSTORM OR SANDSTORM:
                                                       VSBY 1/2 MILE OR LESS
                                                   8 = SMOKE OR HAZE
[NO. OF DAYS WITH]      [WEATHER - DAYS WITH]      9 = BLOWING SNOW
                                                   X = TORNADO
MAX 32 OR BELOW:   5    0.01 INCH OR MORE:   5
MAX 90 OR ABOVE:   0    0.10 INCH OR MORE:   2
MIN 32 OR BELOW:  15    0.50 INCH OR MORE:   0
MIN  0 OR BELOW:   0    1.00 INCH OR MORE:   0

[HDD (BASE 65) ]
TOTAL THIS MO.   651    CLEAR  (SCALE 0-3)   4
DPTR FM NORMAL   156    PTCLDY (SCALE 4-7)  11
TOTAL FM JUL 1  1324    CLOUDY (SCALE 8-10)  4
DPTR FM NORMAL   229

[CDD (BASE 65) ]
TOTAL THIS MO.     0
DPTR FM NORMAL     0    [PRESSURE DATA]
TOTAL FM JAN 1  1045    HIGHEST SLP M ON M
DPTR FM NORMAL   176    LOWEST  SLP 29.56 ON  5

[REMARKS]
