103
CXUS53 KFSD 270810
CF6SUX
PRELIMINARY LOCAL CLIMATOLOGICAL DATA (WS FORM: F-6)

                                          STATION:   SIOUX CITY IA
                                          MONTH:     MAY
                                          YEAR:      2024
                                          LATITUDE:   42 24 N
                                          LONGITUDE:  96 23 W

  TEMPERATURE IN F:       :PCPN:    SNOW:  WIND      :SUNSHINE: SKY     :PK WND
================================================================================
1   2   3   4   5  6A  6B    7    8   9   10  11  12  13   14  15   16   17  18
                                     12Z  AVG MX 2MIN
DY MAX MIN AVG DEP HDD CDD  WTR  SNW DPTH SPD SPD DIR MIN PSBL S-S WX    SPD DR
================================================================================

 1  62  40  51  -3  14   0 0.39  0.0    0  6.4 15  30   M    M   5 13     23  40
 2  64  43  54  -1  11   0 1.25  0.0    0  9.0 21  80   M    M   7 13     29  80
 3  70  38  54  -1  11   0 0.01  0.0    0  8.7 28 350   M    M   3        36 360
 4  64  43  54  -2  11   0 0.61  0.0    0 11.6 29  20   M    M   7 1      41  20
 5  66  37  52  -4  13   0 0.00  0.0    0  9.1 22 160   M    M   0 1      28 160
 6  72  50  61   5   4   0 0.77  0.0    0 17.1 35 230   M    M   8 13     47 140
 7  72  50  61   4   4   0 0.00  0.0    0 11.8 26 230   M    M   2        39 260
 8  71  46  59   2   6   0    T  0.0    0  8.0 22 210   M    M   3 3      28 220
 9  72  45  59   1   6   0 0.00  0.0    0 10.0 25 360   M    M   5        33 360
10  76  44  60   2   5   0 0.00  0.0    0 10.1 29 330   M    M   1        38 340
11  81  43  62   4   3   0 0.00  0.0    0  4.2 18 320   M    M   0 8      28 320
12  79  50  65   6   0   0 0.12  0.0    0  9.6 24 260   M    M   3 1      35 260
13  74  49  62   3   3   0 0.03  0.0    0  7.0 17  20   M    M   4 18     23  70
14  78  42  60   0   5   0 0.00  0.0    0  5.4 12 110   M    M   0 18     19 130
15  73  57  65   5   0   0 0.54  0.0    0  8.8 22 210   M    M   6 13     27 220
16  78  49  64   4   1   0 0.00  0.0    0  5.2 13 290   M    M   1 1      22 280
17  86  56  71  10   0   6 0.00  0.0    0 15.1 31 180   M    M   0        42 190
18  79  50  65   4   0   0 0.00  0.0    0 14.6 30 330   M    M   0        40 310
19  71  46  59  -3   6   0 0.08  0.0    0  9.1 21 150   M    M   2        30 120
20  84  54  69   7   0   4 0.11  0.0    0  7.1 49 170   M    M   3 138    74 150
21  69  51  60  -3   5   0 0.51  0.0    0 16.1 51 230   M    M   7 13     71 230
22  74  47  61  -2   4   0 0.01  0.0    0  5.9 13 280   M    M   3        19 290
23  80  49  65   2   0   0 0.00  0.0    0 12.8 25 150   M    M   1        38 160
24  70  47  59  -5   6   0 0.85  0.0    0 13.8 31 290   M    M   2 13     39 290
25  78  46  62  -2   3   0    T  0.0    0 11.8 23 170   M    M   1        30 170
26  80  57  69   5   0   4 0.00  0.0    0  7.7 18 340   M    M   2        28 320
================================================================================
SM 1923 1229       121  14  5.28  0.0    256.0          M       76
================================================================================
AV 74.0 47.3                               9.8 FASTST   M    M   3    MAX(MPH)
                                 MISC ---->    51 230                 74 150
================================================================================
NOTES:
# LAST OF SEVERAL OCCURRENCES

COLUMN 17 PEAK WIND IN M.P.H.

PRELIMINARY LOCAL CLIMATOLOGICAL DATA (WS FORM: F-6) , PAGE 2

                                          STATION:   SIOUX CITY IA
                                          MONTH:     MAY
                                          YEAR:      2024
                                          LATITUDE:   42 24 N
                                          LONGITUDE:  96 23 W

[TEMPERATURE DATA]      [PRECIPITATION DATA]       SYMBOLS USED IN COLUMN 16

AVERAGE MONTHLY: 60.6   TOTAL FOR MONTH:   5.28    1 = FOG OR MIST
DPTR FM NORMAL:   1.2   DPTR FM NORMAL:    2.10    2 = FOG REDUCING VISIBILITY
HIGHEST:    86 ON 17    GRTST 24HR  1.64 ON  1- 2      TO 1/4 MILE OR LESS
LOWEST:     37 ON  5                               3 = THUNDER
                        SNOW, ICE PELLETS, HAIL    4 = ICE PELLETS
                        TOTAL MONTH:   0.0 INCH    5 = HAIL
                        GRTST 24HR  0.0            6 = FREEZING RAIN OR DRIZZLE
                        GRTST DEPTH:  0            7 = DUSTSTORM OR SANDSTORM:
                                                       VSBY 1/2 MILE OR LESS
                                                   8 = SMOKE OR HAZE
[NO. OF DAYS WITH]      [WEATHER - DAYS WITH]      9 = BLOWING SNOW
                                                   X = TORNADO
MAX 32 OR BELOW:   0    0.01 INCH OR MORE:  13
MAX 90 OR ABOVE:   0    0.10 INCH OR MORE:   9
MIN 32 OR BELOW:   0    0.50 INCH OR MORE:   6
MIN  0 OR BELOW:   0    1.00 INCH OR MORE:   1

[HDD (BASE 65) ]
TOTAL THIS MO.   121    CLEAR  (SCALE 0-3)  17
DPTR FM NORMAL   -61    PTCLDY (SCALE 4-7)   8
TOTAL FM JUL 1  5750    CLOUDY (SCALE 8-10)  1
DPTR FM NORMAL -1070

[CDD (BASE 65) ]
TOTAL THIS MO.    14
DPTR FM NORMAL   -28    [PRESSURE DATA]
TOTAL FM JAN 1    14    HIGHEST SLP M ON M
DPTR FM NORMAL   -36    LOWEST  SLP 29.31 ON  6

[REMARKS]