000
CXUS53 KFSD 210910
CF6SUX
PRELIMINARY LOCAL CLIMATOLOGICAL DATA (WS FORM: F-6)

                                          STATION:   SIOUX CITY IA
                                          MONTH:     FEBRUARY
                                          YEAR:      2020
                                          LATITUDE:   42 24 N
                                          LONGITUDE:  96 23 W

  TEMPERATURE IN F:       :PCPN:    SNOW:  WIND      :SUNSHINE: SKY     :PK WND
================================================================================
1   2   3   4   5  6A  6B    7    8   9   10  11  12  13   14  15   16   17  18
                                     12Z  AVG MX 2MIN
DY MAX MIN AVG DEP HDD CDD  WTR  SNW DPTH SPD SPD DIR MIN PSBL S-S WX    SPD DR
================================================================================

 1  43  22  33  11  32   0 0.00  0.0    4  5.5 13 200   M    M   3        17 210
 2  52  30  41  19  24   0 0.00  0.0    3  5.5 16 360   M    M   0        21 320
 3  33  22  28   6  37   0 0.00  0.0    1 16.1 25  10   M    M   7        35  10
 4  25  18  22   0  43   0 0.00  0.0    1 11.0 22 360   M    M   8        27 360
 5  32  17  25   3  40   0 0.00  0.0    1  4.1 10 170   M    M   6        14 150
 6  35  15  25   2  40   0 0.01  0.1    1  7.2 14 200   M    M   4 1      17 180
 7  32  12  22  -1  43   0    T    T    1 18.0 26 320   M    M   9 1      33 320
 8  33  10  22  -1  43   0 0.00  0.0    1  9.0 21 150   M    M   5        30 170
 9  37  20  29   6  36   0 0.00  0.0    1 15.9 33 360   M    M   5        44 360
10  41  12  27   3  38   0 0.00  0.0    1  8.4 18 230   M    M   1        25 250
11  40  22  31   7  34   0 0.00  0.0    T 10.7 21 210   M    M   0        30 200
12  38  -2  18  -6  47   0 0.02  0.3    T 20.2 38 330   M    M   3 1      45 320
13  10  -8   1 -23  64   0 0.00  0.0    1 11.7 30 330   M    M   0        36 320
14  30   2  16  -9  49   0 0.00  0.0    1 17.6 32 170   M    M   2        43 160
15  45  18  32   7  33   0 0.00  0.0    T  7.9 22 340   M    M   0        29 340
16  47  29  38  13  27   0 0.00  0.0    0  5.4 13  70   M    M   5        16 140
17  42  25  34   8  31   0    T    T    0 15.3 32 320   M    M   9 1      41 330
18  38  21  30   4  35   0    T    T    0  8.6 16 330   M    M   3        19  40
19  22  -8   7 -19  58   0 0.22  5.5    2  6.5 15  40   M    M   7 12     18  30
20  22 -14   4 -23  61   0 0.00  0.0    5  4.9 10 120   M    M   0 1      13 120
================================================================================
SM  697  263       815   0  0.25  5.9    209.5          M       77
================================================================================
AV 34.9 13.2                              10.5 FASTST   M    M   4    MAX(MPH)
                                 MISC ---->    38 330                 45 320
================================================================================
NOTES:
# LAST OF SEVERAL OCCURRENCES

COLUMN 17 PEAK WIND IN M.P.H.

PRELIMINARY LOCAL CLIMATOLOGICAL DATA (WS FORM: F-6) , PAGE 2

                                          STATION:   SIOUX CITY IA
                                          MONTH:     FEBRUARY
                                          YEAR:      2020
                                          LATITUDE:   42 24 N
                                          LONGITUDE:  96 23 W

[TEMPERATURE DATA]      [PRECIPITATION DATA]       SYMBOLS USED IN COLUMN 16

AVERAGE MONTHLY: 24.0   TOTAL FOR MONTH:   0.25    1 = FOG OR MIST
DPTR FM NORMAL:   0.1   DPTR FM NORMAL:   -0.18    2 = FOG REDUCING VISIBILITY
HIGHEST:    52 ON  2    GRTST 24HR  0.22 ON 18-19      TO 1/4 MILE OR LESS
LOWEST:    -14 ON 20                               3 = THUNDER
                        SNOW, ICE PELLETS, HAIL    4 = ICE PELLETS
                        TOTAL MONTH:   6.1 INCHES  5 = HAIL
                        GRTST 24HR   5.5 ON 19-19  6 = FREEZING RAIN OR DRIZZLE
                        GRTST DEPTH:   5 ON 20     7 = DUSTSTORM OR SANDSTORM:
                                                       VSBY 1/2 MILE OR LESS
                                                   8 = SMOKE OR HAZE
[NO. OF DAYS WITH]      [WEATHER - DAYS WITH]      9 = BLOWING SNOW
                                                   X = TORNADO
MAX 32 OR BELOW:   7    0.01 INCH OR MORE:   3
MAX 90 OR ABOVE:   0    0.10 INCH OR MORE:   1
MIN 32 OR BELOW:  20    0.50 INCH OR MORE:   0
MIN  0 OR BELOW:   4    1.00 INCH OR MORE:   0

[HDD (BASE 65) ]
TOTAL THIS MO.   815    CLEAR  (SCALE 0-3)   9
DPTR FM NORMAL    -8    PTCLDY (SCALE 4-7)   9
TOTAL FM JUL 1  4874    CLOUDY (SCALE 8-10)  2
DPTR FM NORMAL  -125

[CDD (BASE 65) ]
TOTAL THIS MO.     0
DPTR FM NORMAL     0    [PRESSURE DATA]
TOTAL FM JAN 1     0    HIGHEST SLP M ON M
DPTR FM NORMAL     0    LOWEST  SLP 29.57 ON  6

[REMARKS]
