000
CXUS54 KFWD 190730
CF6T35
PRELIMINARY LOCAL CLIMATOLOGICAL DATA (WS FORM: F-6)

                                          STATION:   CAMERON
                                          MONTH:     OCTOBER
                                          YEAR:      2019
                                          LATITUDE:   30 52 N
                                          LONGITUDE:  96 58 W

  TEMPERATURE IN F:       :PCPN:    SNOW:  WIND      :SUNSHINE: SKY     :PK WND
================================================================================
1   2   3   4   5  6A  6B    7    8   9   10  11  12  13   14  15   16   17  18
                                     12Z  AVG MX 2MIN
DY MAX MIN AVG DEP HDD CDD  WTR  SNW DPTH SPD SPD DIR MIN PSBL S-S WX    SPD DR
================================================================================

 1  97  73  85   M   0  20 0.00  0.0    0  8.1 17 180   M    M   5 12     22 180
 2  97  72  85   M   0  20 0.00  0.0    0  5.4 10 130   M    M   3 12     18 170
 3  96  70  83   M   0  18 0.02  0.0    0  3.3 10  90   M    M   2 3      18 140
 4  95  70  83   M   0  18 0.00  0.0    0  2.0  8  60   M    M   1 18      M  M
 5  96  70  83   M   0  18 0.00  0.0    0  2.3  7 160   M    M   1         M  M
 6  96  71  84   M   0  19 0.00  0.0    0  6.2 12 200   M    M   0        17 200
 7  80  63  72   M   0   7 0.00  0.0    0  9.0 15  10   M    M   7        24 350
 8  84  57  71   M   0   6 0.00  0.0    0  2.2  8  20   M    M   1         M  M
 9  93  60  77   M   0  12 0.00  0.0    0  8.2 15 170   M    M   5 1      22 170
10  96  75  86   M   0  21 0.00  0.0    0 12.3 20 190   M    M   6        27 210
11  80  45  63   M   2   0 0.90  0.0    0 13.9 24 350   M    M   9 13     32 360
12  68  51  60   M   5   0 0.00  0.0    0  5.6 12  10   M    M   5 8      16  30
13  77  56  67   M   0   2    M  0.0    0  2.5  8 140   M    M   6         M  M
14  86  67  77   M   0  12 0.04  0.0    0  3.3  8 100   M    M   6         M  M
15  87  75  81   M   0  16 0.00  0.0    0  4.6 10 250   M    M   3        16 300
16  75  52  64   M   1   0 0.00  0.0    0 10.9 18  20   M    M   4        25 360
17  73  49  61   M   4   0 0.00  0.0    0  2.2  5 150   M    M   0         M  M
18  81  46  64   M   1   0 0.00  0.0    0  1.9  6 140   M    M   0         M  M
================================================================================
SM 1557 1122        13 189  0.96     0.0 103.9          M       64
================================================================================
AV 86.5 62.3                               5.8 FASTST   M    M   4    MAX(MPH)
                                 MISC ---->  # 24 350               # 32  360
================================================================================
NOTES:
# LAST OF SEVERAL OCCURRENCES

COLUMN 17 PEAK WIND IN M.P.H.

PRELIMINARY LOCAL CLIMATOLOGICAL DATA (WS FORM: F-6) , PAGE 2

                                          STATION:  CAMERON
                                          MONTH:    OCTOBER
                                          YEAR:     2019
                                          LATITUDE:   30 52 N
                                          LONGITUDE:  96 58 W

[TEMPERATURE DATA]      [PRECIPITATION DATA]       SYMBOLS USED IN COLUMN 16

AVERAGE MONTHLY: 74.4   TOTAL FOR MONTH:   0.96    1 = FOG OR MIST
DPTR FM NORMAL:     M   DPTR FM NORMAL:       M    2 = FOG REDUCING VISIBILITY
HIGHEST:    97 ON  2, 1 GRTST 24HR  0.90 ON 11-11      TO 1/4 MILE OR LESS
LOWEST:     45 ON 11                               3 = THUNDER
                        SNOW, ICE PELLETS, HAIL    4 = ICE PELLETS
                        TOTAL MONTH:   0.0 INCH    5 = HAIL
                        GRTST 24HR     0.0         6 = FREEZING RAIN OR DRIZZLE
                        GRTST DEPTH:   0           7 = DUSTSTORM OR SANDSTORM:
                                                       VSBY 1/2 MILE OR LESS
                                                   8 = SMOKE OR HAZE
[NO. OF DAYS WITH]      [WEATHER - DAYS WITH]      9 = BLOWING SNOW
                                                   X = TORNADO
MAX 32 OR BELOW:   0    0.01 INCH OR MORE:   3
MAX 90 OR ABOVE:   8    0.10 INCH OR MORE:   1
MIN 32 OR BELOW:   0    0.50 INCH OR MORE:   1
MIN  0 OR BELOW:   0    1.00 INCH OR MORE:   0

[HDD (BASE 65) ]
TOTAL THIS MO.    13    CLEAR  (SCALE 0-3)   8
DPTR FM NORMAL     M    PTCLDY (SCALE 4-7)   9
TOTAL FM JUL 1    13    CLOUDY (SCALE 8-10)  1
DPTR FM NORMAL     M

[CDD (BASE 65) ]
TOTAL THIS MO.   189
DPTR FM NORMAL     M    [PRESSURE DATA]
TOTAL FM JAN 1  3090    HIGHEST SLP M ON M
DPTR FM NORMAL     M    LOWEST  SLP M ON M

[REMARKS]
