000
CXUS54 KSHV 161500
CF6TXK
PRELIMINARY LOCAL CLIMATOLOGICAL DATA (WS FORM: F-6)

                                          STATION:   TEXARKANA
                                          MONTH:     OCTOBER
                                          YEAR:      2019
                                          LATITUDE:   33 27 N
                                          LONGITUDE:  94  0 W

  TEMPERATURE IN F:       :PCPN:    SNOW:  WIND      :SUNSHINE: SKY     :PK WND
================================================================================
1   2   3   4   5  6A  6B    7    8   9   10  11  12  13   14  15   16   17  18
                                     12Z  AVG MX 2MIN
DY MAX MIN AVG DEP HDD CDD  WTR  SNW DPTH SPD SPD DIR MIN PSBL S-S WX    SPD DR
================================================================================

 1  95  72  84  15   0  19 0.00  0.0    0  8.1 18 190   M    M   0        22 190
 2  95  68  82  13   0  17 0.00  0.0    0  5.0 16 230   M    M   0        21 230
 3  93  70  82  13   0  17 0.01  0.0    0  4.5 17 320   M    M   2 3      22 320
 4  85  67  76   8   0  11    T  0.0    0  6.9 17  60   M    M   1        23  50
 5  91  62  77   9   0  12 0.00  0.0    0  4.2  8 230   M    M   0        12 260
 6  94  67  81  13   0  16    T  0.0    0  4.9 16 240   M    M   1 3      20 240
 7  75  54  65  -2   0   0 0.10  0.0    0  8.8 22  20   M    M   5 13     28  40
 8  78  50  64  -3   1   0 0.00  0.0    0  3.6 14  50   M    M   0        19  40
 9  83  51  67   0   0   2 0.00  0.0    0  5.5 17 180   M    M   2        22 160
10  91  66  79  13   0  14    T  0.0    0 10.4 20 180   M    M   2 3      28 170
11  75  44  60  -6   5   0 0.78    M    0  9.8 31 260   M    M   6 13     46 270
12  65  37  51 -15  14   0 0.00  0.0    0  3.2 13  20   M    M   0        16  20
13  64  44  54 -12  11   0 0.03    M    0  3.0 10 160   M    M   4 13     15 200
14  72  49  61  -4   4   0 0.07    M    0  4.0 10 130   M    M   4 1      15 140
15  75  66  71   6   0   6 1.71  0.0    0  4.4  9 350   M    M  10 123    12  20
================================================================================
SM 1231  867        35 114  2.70     0.0  86.3          M       37
================================================================================
AV 82.1 57.8                               5.8 FASTST   M    M   2    MAX(MPH)
                                 MISC ---->  # 31 260               # 46  270
================================================================================
NOTES:
# LAST OF SEVERAL OCCURRENCES

COLUMN 17 PEAK WIND IN M.P.H.

PRELIMINARY LOCAL CLIMATOLOGICAL DATA (WS FORM: F-6) , PAGE 2

                                          STATION:  TEXARKANA
                                          MONTH:    OCTOBER
                                          YEAR:     2019
                                          LATITUDE:   33 27 N
                                          LONGITUDE:  94  0 W

[TEMPERATURE DATA]      [PRECIPITATION DATA]       SYMBOLS USED IN COLUMN 16

AVERAGE MONTHLY: 69.9   TOTAL FOR MONTH:   2.70    1 = FOG OR MIST
DPTR FM NORMAL:   2.9   DPTR FM NORMAL:    0.49    2 = FOG REDUCING VISIBILITY
HIGHEST:    95 ON  2, 1 GRTST 24HR  1.71 ON 15-15      TO 1/4 MILE OR LESS
LOWEST:     37 ON 12                               3 = THUNDER
                        SNOW, ICE PELLETS, HAIL    4 = ICE PELLETS
                        TOTAL MONTH:   0.0 INCH    5 = HAIL
                        GRTST 24HR     0.0         6 = FREEZING RAIN OR DRIZZLE
                        GRTST DEPTH:   0           7 = DUSTSTORM OR SANDSTORM:
                                                       VSBY 1/2 MILE OR LESS
                                                   8 = SMOKE OR HAZE
[NO. OF DAYS WITH]      [WEATHER - DAYS WITH]      9 = BLOWING SNOW
                                                   X = TORNADO
MAX 32 OR BELOW:   0    0.01 INCH OR MORE:   6
MAX 90 OR ABOVE:   6    0.10 INCH OR MORE:   3
MIN 32 OR BELOW:   0    0.50 INCH OR MORE:   2
MIN  0 OR BELOW:   0    1.00 INCH OR MORE:   1

[HDD (BASE 65) ]
TOTAL THIS MO.    35    CLEAR  (SCALE 0-3)  10
DPTR FM NORMAL     5    PTCLDY (SCALE 4-7)   4
TOTAL FM JUL 1    35    CLOUDY (SCALE 8-10)  1
DPTR FM NORMAL    -6

[CDD (BASE 65) ]
TOTAL THIS MO.   114
DPTR FM NORMAL    51    [PRESSURE DATA]
TOTAL FM JAN 1  2460    HIGHEST SLP M ON M
DPTR FM NORMAL   303    LOWEST  SLP 29.80 ON 10

[REMARKS]
