441
CXUS54 KSHV 221300
CF6TXK
PRELIMINARY LOCAL CLIMATOLOGICAL DATA (WS FORM: F-6)

                                          STATION:   TEXARKANA
                                          MONTH:     FEBRUARY
                                          YEAR:      2018
                                          LATITUDE:   33 27 N
                                          LONGITUDE:  94  0 W

  TEMPERATURE IN F:       :PCPN:    SNOW:  WIND      :SUNSHINE: SKY     :PK WND
================================================================================
1   2   3   4   5  6A  6B    7    8   9   10  11  12  13   14  15   16   17  18
                                     12Z  AVG MX 2MIN
DY MAX MIN AVG DEP HDD CDD  WTR  SNW DPTH SPD SPD DIR MIN PSBL S-S WX    SPD DR
================================================================================

 1  65  43  54   9  11   0 0.00  0.0    0 10.3 23  20   M    M   5        28  20
 2  46  28  37  -9  28   0 0.00  0.0    0  7.0 16  50   M    M   0        23  70
 3  47  27  37  -9  28   0 0.05  0.0    0  5.4 16 150   M    M   9 1      20 150
 4  60  38  49   3  16   0 0.00  0.0    0  4.2 18 360   M    M   6 1      27  10
 5  54  27  41  -5  24   0 0.00  0.0    0  6.1 13  60   M    M   4        21  70
 6  51  37  44  -2  21   0 1.57  0.0    0  8.2 15 320   M    M  10 13     21 120
 7  44  32  38  -8  27   0 0.25  0.0    0  5.1 14  10   M    M   7 1      18 360
 8  57  27  42  -5  23   0 0.00  0.0    0  3.6  9 130   M    M   0 1      13  80
 9  57  39  48   1  17   0 0.04  0.0    0  5.9 17 210   M    M   8 1      21 210
10  61  36  49   2  16   0 0.23  0.0    0  6.3 14 280   M    M  10 12     16 280
11  36  29  33 -14  32   0 0.03    T    0 10.4 18 300   M    M  10 148    24 300
12  46  31  39  -9  26   0 0.00  0.0    0  8.3 14  50   M    M   5        20  40
13  42  33  38 -10  27   0 0.36  0.0    0  4.8 10  50   M    M   9 13     13  80
14  63  42  53   5  12   0 0.48  0.0    0  1.9 13 180   M    M  10 128    20 180
15  76  62  69  21   0   4 0.00  0.0    0 12.2 25 210   M    M   7 1      32 230
16  68  48  58  10   7   0    T  0.0    0  9.7 20  50   M    M   8        28  20
17  53  43  48  -1  17   0 0.38    M    0  4.1 10 290   M    M   9 1      15 100
18  61  43  52   3  13   0 0.00  0.0    0  6.1 18 140   M    M   9 1      22 150
19  77  61  69  20   0   4 0.01  0.0    0 14.4 26 180   M    M   6        35 180
20  76  63  70  20   0   5 0.15  0.0    0 12.3 21 190   M    M   8 13     29 170
21  63  47  55   5  10   0 4.60    M    0 10.7 18 330   M    M   9 1      25 330
================================================================================
SM 1203  836       355  13  8.15    T    157.0          M      149
================================================================================
AV 57.3 39.8                               7.5 FASTST   M    M   7    MAX(MPH)
                                 MISC ---->  # 26 180               # 35  180
================================================================================
NOTES:
# LAST OF SEVERAL OCCURRENCES

COLUMN 17 PEAK WIND IN M.P.H.

PRELIMINARY LOCAL CLIMATOLOGICAL DATA (WS FORM: F-6) , PAGE 2

                                          STATION:  TEXARKANA
                                          MONTH:    FEBRUARY
                                          YEAR:     2018
                                          LATITUDE:   33 27 N
                                          LONGITUDE:  94  0 W

[TEMPERATURE DATA]      [PRECIPITATION DATA]       SYMBOLS USED IN COLUMN 16

AVERAGE MONTHLY: 48.6   TOTAL FOR MONTH:   8.15    1 = FOG OR MIST
DPTR FM NORMAL:   1.1   DPTR FM NORMAL:    5.23    2 = FOG REDUCING VISIBILITY
HIGHEST:    77 ON 19    GRTST 24HR  4.60 ON 21-21      TO 1/4 MILE OR LESS
LOWEST:     27 ON  8, 5                            3 = THUNDER
                        SNOW, ICE PELLETS, HAIL    4 = ICE PELLETS
                        TOTAL MONTH:    T          5 = HAIL
                        GRTST 24HR    T  ON 11-11  6 = FREEZING RAIN OR DRIZZLE
                        GRTST DEPTH:   0           7 = DUSTSTORM OR SANDSTORM:
                                                       VSBY 1/2 MILE OR LESS
                                                   8 = SMOKE OR HAZE
[NO. OF DAYS WITH]      [WEATHER - DAYS WITH]      9 = BLOWING SNOW
                                                   X = TORNADO
MAX 32 OR BELOW:   0    0.01 INCH OR MORE:  12
MAX 90 OR ABOVE:   0    0.10 INCH OR MORE:   8
MIN 32 OR BELOW:   7    0.50 INCH OR MORE:   2
MIN  0 OR BELOW:   0    1.00 INCH OR MORE:   2

[HDD (BASE 65) ]
TOTAL THIS MO.   355    CLEAR  (SCALE 0-3)   2
DPTR FM NORMAL   -17    PTCLDY (SCALE 4-7)   9
TOTAL FM JUL 1  2052    CLOUDY (SCALE 8-10) 10
DPTR FM NORMAL   -42

[CDD (BASE 65) ]
TOTAL THIS MO.    13
DPTR FM NORMAL    13    [PRESSURE DATA]
TOTAL FM JAN 1    13    HIGHEST SLP M ON M
DPTR FM NORMAL    12    LOWEST  SLP 29.79 ON 10

[REMARKS]
