000
CXUS56 KPQR 291200
CF6VUO
PRELIMINARY LOCAL CLIMATOLOGICAL DATA (WS FORM: F-6)

                                          STATION:   VANCOUVER WA
                                          MONTH:     MAY
                                          YEAR:      2020
                                          LATITUDE:   45 37 N
                                          LONGITUDE: 122 39 W

  TEMPERATURE IN F:       :PCPN:    SNOW:  WIND      :SUNSHINE: SKY     :PK WND
================================================================================
1   2   3   4   5  6A  6B    7    8   9   10  11  12  13   14  15   16   17  18
                                     12Z  AVG MX 2MIN
DY MAX MIN AVG DEP HDD CDD  WTR  SNW DPTH SPD SPD DIR MIN PSBL S-S WX    SPD DR
================================================================================

 1  63  38  51  -4  14   0 0.07    M    M  2.7 12 220   M    M   5        19 210
 2  58  50  54  -1  11   0 0.27    M    M  5.8 14 270   M    M  10        19 230
 3  59  42  51  -4  14   0 0.32    M    M  3.2 12 120   M    M   5        14 310
 4  70  37  54  -2  11   0 0.03    M    M  3.1 17 270   M    M   6        21 260
 5  74  49  62   6   3   0 0.01    M    M  5.1 16 270   M    M   6 1      21 270
 6  65  48  57   1   8   0 0.09    M    M  6.5 18 260   M    M   6        26 260
 7  75  38  57   1   8   0 0.00    M    M  6.8 18  70   M    M   0        23  50
 8  82  49  66  10   0   1 0.00    M    M 12.6 25  90   M    M   0        35  80
 9  87  55  71  14   0   6 0.00    M    M  6.8 20  80   M    M   0        28  80
10  87  56  72  15   0   7 0.00    M    M  5.2 16  90   M    M   0        27  80
11  69  50  60   3   5   0 0.12    M    M  3.5 12 270   M    M   4 1      15  20
12  64  52  58   1   7   0 0.07    M    M  5.6 16 230   M    M   9        25 250
13  63  52  58   0   7   0 0.07    M    M  4.6 12 230   M    M   9        19 250
14  57  53  55  -3  10   0 0.32    M    M  2.8  8 110   M    M  10 1      12 120
15  68  53  61   3   4   0 0.03    M    M  2.2  9 270   M    M   6        12 280
16  70  54  62   4   3   0 0.20    M    M  2.7 13 250   M    M   9        19 260
17  70  50  60   2   5   0 0.01    M    M  3.1 15 320   M    M   4 1      20 310
18  62  53  58  -1   7   0 0.30    M    M  3.3 12 300   M    M   9 1      15 300
19  63  52  58  -1   7   0    T    M    M  4.0 12 280   M    M  10        16 320
20  62  50  56  -3   9   0 0.07    M    M  3.9 15 260   M    M  10 1      20 250
21  60  49  55  -4  10   0 0.16    M    M  5.5 18 310   M    M   8 1      26 310
22  62  46  54  -6  11   0 0.07    M    M  3.0 16 310   M    M   7        21 290
23  63  49  56  -4   9   0 0.00    M    M  2.8 10 330   M    M   7        16 290
24  74  49  62   2   3   0 0.00    M    M  3.6  8 330   M    M   3        13 350
25  67  52  60   0   5   0 0.07    M    M  1.6  7 160   M    M   7        11  20
26  72  58  65   5   0   0 0.00    M    M  5.3 12 290   M    M   5        18 300
27  84  47  66   6   0   1 0.00    M    M  5.0 14 320   M    M   0        21 310
28  91  51  71  10   0   6 0.00    M    M  4.9 14 320   M    M   0        20 310
================================================================================
SM 1941 1382       171  21  2.28    M    125.2          M      155
================================================================================
AV 69.3 49.4                               4.5 FASTST   M    M   6    MAX(MPH)
                                 MISC ---->  # 25  90               # 35   80
================================================================================
NOTES:
# LAST OF SEVERAL OCCURRENCES

COLUMN 17 PEAK WIND IN M.P.H.

PRELIMINARY LOCAL CLIMATOLOGICAL DATA (WS FORM: F-6) , PAGE 2

                                          STATION:  VANCOUVER WA
                                          MONTH:    MAY
                                          YEAR:     2020
                                          LATITUDE:   45 37 N
                                          LONGITUDE: 122 39 W

[TEMPERATURE DATA]      [PRECIPITATION DATA]       SYMBOLS USED IN COLUMN 16

AVERAGE MONTHLY: 59.3   TOTAL FOR MONTH:   2.28    1 = FOG OR MIST
DPTR FM NORMAL:   1.5   DPTR FM NORMAL:   -0.01    2 = FOG REDUCING VISIBILITY
HIGHEST:    91 ON 28    GRTST 24HR  0.32 ON 14-14      TO 1/4 MILE OR LESS
LOWEST:     37 ON  4                               3 = THUNDER
                        SNOW, ICE PELLETS, HAIL    4 = ICE PELLETS
                        TOTAL MONTH:    M          5 = HAIL
                        GRTST 24HR    M  ON   M    6 = FREEZING RAIN OR DRIZZLE
                        GRTST DEPTH:  M  ON   M    7 = DUSTSTORM OR SANDSTORM:
                                                       VSBY 1/2 MILE OR LESS
                                                   8 = SMOKE OR HAZE
[NO. OF DAYS WITH]      [WEATHER - DAYS WITH]      9 = BLOWING SNOW
                                                   X = TORNADO
MAX 32 OR BELOW:   0    0.01 INCH OR MORE:  18
MAX 90 OR ABOVE:   1    0.10 INCH OR MORE:   7
MIN 32 OR BELOW:   0    0.50 INCH OR MORE:   0
MIN  0 OR BELOW:   0    1.00 INCH OR MORE:   0

[HDD (BASE 65) ]
TOTAL THIS MO.   171    CLEAR  (SCALE 0-3)   7
DPTR FM NORMAL   -40    PTCLDY (SCALE 4-7)  12
TOTAL FM JUL 1  4065    CLOUDY (SCALE 8-10)  9
DPTR FM NORMAL  -176

[CDD (BASE 65) ]
TOTAL THIS MO.    21
DPTR FM NORMAL     8    [PRESSURE DATA]
TOTAL FM JAN 1    21    HIGHEST SLP  0.00 ON 22
DPTR FM NORMAL     8    LOWEST  SLP 29.68 ON M

[REMARKS]
