000
CXUS56 KPQR 211200
CF6VUO
PRELIMINARY LOCAL CLIMATOLOGICAL DATA (WS FORM: F-6)

                                          STATION:   VANCOUVER WA
                                          MONTH:     JANUARY
                                          YEAR:      2019
                                          LATITUDE:   45 37 N
                                          LONGITUDE: 122 39 W

  TEMPERATURE IN F:       :PCPN:    SNOW:  WIND      :SUNSHINE: SKY     :PK WND
================================================================================
1   2   3   4   5  6A  6B    7    8   9   10  11  12  13   14  15   16   17  18
                                     12Z  AVG MX 2MIN
DY MAX MIN AVG DEP HDD CDD  WTR  SNW DPTH SPD SPD DIR MIN PSBL S-S WX    SPD DR
================================================================================

 1  40  27  34  -6  31   0 0.00    M    M  1.4  7 300   M    M   5 12      8 260
 2  45  30  38  -2  27   0 0.00    M    M  3.5  9 100   M    M   7 12     12 100
 3  55  43  49   9  16   0 0.05    M    M  8.2 17 190   M    M   8        28 190
 4  52  41  47   6  18   0 0.03    M    M  5.1 15 200   M    M   8        25 180
 5  48  36  42   1  23   0 0.06    M    M  1.2  5  90   M    M   7 12      M  M
 6  52  36  44   3  21   0 0.23    M    M  5.5 25 170   M    M   8 12     44 150
 7  45  34  40  -1  25   0    T    M    M  1.9  7 280   M    M   6        12 210
 8  49  40  45   4  20   0 0.24    M    M  8.9 18 100   M    M   9        25 100
 9  46  42  44   3  21   0 0.28    M    M  8.4 17 120   M    M  10 1      20 130
10  49  36  43   2  22   0 0.01    M    M  4.8 13 120   M    M   5 1      17 130
11  50  32  41   0  24   0 0.00    M    M  1.3 13 110   M    M   0 1      17 120
12  53  29  41   0  24   0 0.00    M    M  2.9 14 120   M    M   0        18 110
13  53  27  40  -1  25   0 0.00    M    M  3.0 15 100   M    M   0        21  90
14  47  26  37  -5  28   0 0.00    M    M 10.3 23 100   M    M   0        32 110
15  43  26  35  -7  30   0 0.00    M    M  2.0 12 110   M    M   3        19 120
16  48  28  38  -4  27   0 0.16    M    M  5.1 16 110   M    M   8        22 100
17  54  36  45   3  20   0 0.04    M    M  9.0 21 110   M    M   8        30 170
18  47  41  44   2  21   0 1.03    M    M  7.8 18 110   M    M   8 1      24 110
19  51  42  47   5  18   0 0.03    M    M  1.9 16 110   M    M   7 12     20 120
20  45  40  43   1  22   0 0.39    M    M  1.7  8 120   M    M  10 1      11 310
================================================================================
SM  972  692       463   0  2.55    M     93.9          M      117
================================================================================
AV 48.6 34.6                               4.7 FASTST   M    M   6    MAX(MPH)
                                 MISC ---->  # 25 170               # 44  150
================================================================================
NOTES:
# LAST OF SEVERAL OCCURRENCES

COLUMN 17 PEAK WIND IN M.P.H.

PRELIMINARY LOCAL CLIMATOLOGICAL DATA (WS FORM: F-6) , PAGE 2

                                          STATION:  VANCOUVER WA
                                          MONTH:    JANUARY
                                          YEAR:     2019
                                          LATITUDE:   45 37 N
                                          LONGITUDE: 122 39 W

[TEMPERATURE DATA]      [PRECIPITATION DATA]       SYMBOLS USED IN COLUMN 16

AVERAGE MONTHLY: 41.6   TOTAL FOR MONTH:   2.55    1 = FOG OR MIST
DPTR FM NORMAL:   0.4   DPTR FM NORMAL:   -1.20    2 = FOG REDUCING VISIBILITY
HIGHEST:    55 ON  3    GRTST 24HR  1.03 ON 18-18      TO 1/4 MILE OR LESS
LOWEST:     26 ON 15,14                            3 = THUNDER
                        SNOW, ICE PELLETS, HAIL    4 = ICE PELLETS
                        TOTAL MONTH:    M          5 = HAIL
                        GRTST 24HR    M  ON   M    6 = FREEZING RAIN OR DRIZZLE
                        GRTST DEPTH:  M  ON   M    7 = DUSTSTORM OR SANDSTORM:
                                                       VSBY 1/2 MILE OR LESS
                                                   8 = SMOKE OR HAZE
[NO. OF DAYS WITH]      [WEATHER - DAYS WITH]      9 = BLOWING SNOW
                                                   X = TORNADO
MAX 32 OR BELOW:   0    0.01 INCH OR MORE:  12
MAX 90 OR ABOVE:   0    0.10 INCH OR MORE:   6
MIN 32 OR BELOW:   8    0.50 INCH OR MORE:   1
MIN  0 OR BELOW:   0    1.00 INCH OR MORE:   1

[HDD (BASE 65) ]
TOTAL THIS MO.   463    CLEAR  (SCALE 0-3)   5
DPTR FM NORMAL   -15    PTCLDY (SCALE 4-7)  10
TOTAL FM JUL 1  2064    CLOUDY (SCALE 8-10)  5
DPTR FM NORMAL  -199

[CDD (BASE 65) ]
TOTAL THIS MO.     0
DPTR FM NORMAL     0    [PRESSURE DATA]
TOTAL FM JAN 1     0    HIGHEST SLP M ON M
DPTR FM NORMAL     0    LOWEST  SLP 29.18 ON  5

[REMARKS]
