552
CXUS56 KPQR 231200
CF6VUO
PRELIMINARY LOCAL CLIMATOLOGICAL DATA (WS FORM: F-6)

                                          STATION:   VANCOUVER WA
                                          MONTH:     OCTOBER
                                          YEAR:      2019
                                          LATITUDE:   45 37 N
                                          LONGITUDE: 122 39 W

  TEMPERATURE IN F:       :PCPN:    SNOW:  WIND      :SUNSHINE: SKY     :PK WND
================================================================================
1   2   3   4   5  6A  6B    7    8   9   10  11  12  13   14  15   16   17  18
                                     12Z  AVG MX 2MIN
DY MAX MIN AVG DEP HDD CDD  WTR  SNW DPTH SPD SPD DIR MIN PSBL S-S WX    SPD DR
================================================================================

 1  63  34  49 -10  16   0 0.00    M    M  2.6 12 310   M    M   0        21  30
 2  61  36  49  -9  16   0    T    M    M  3.8 12 120   M    M   4        15 120
 3  58  50  54  -4  11   0 0.13    M    M  3.3 18 260   M    M   9 3      23 260
 4  62  50  56  -2   9   0 0.10    M    M  2.2 18 270   M    M   8        24 250
 5  65  44  55  -2  10   0 0.00    M    M  1.5  9 250   M    M   2 1      11 250
 6  70  42  56  -1   9   0 0.00    M    M  2.2 10 300   M    M   2 12     13 300
 7  66  42  54  -2  11   0 0.07    M    M  2.9 12 230   M    M   6 1      18 240
 8  59  38  49  -7  16   0 0.02    M    M  5.7 17 290   M    M   7        23 310
 9  56  33  45 -11  20   0 0.00    M    M  3.4  9 300   M    M   2 1      12 310
10  62  32  47  -8  18   0 0.00    M    M  5.5 18  80   M    M   0        24  80
11  66  34  50  -5  15   0 0.00    M    M  5.3 18  90   M    M   0        25  90
12  62  36  49  -6  16   0    T    M    M  0.3  6 250   M    M   3         7 260
13  64  44  54   0  11   0 0.00    M    M  1.7 12 300   M    M   9        16 300
14  63  38  51  -3  14   0 0.00    M    M  2.1  9 270   M    M   2 12     12 270
15  62  39  51  -3  14   0    T    M    M  3.4  9 110   M    M   3        13 150
16  59  53  56   2   9   0 0.35    M    M  6.6 14 110   M    M   7 1      20 110
17  57  51  54   1  11   0 0.43    M    M  5.3 13 200   M    M   8 1      20 170
18  58  50  54   1  11   0 0.04    M    M  5.5 13 200   M    M   9 1      20 200
19  58  47  53   0  12   0 0.59    M    M  5.8 18 280   M    M   8 1      26 280
20  58  48  53   1  12   0 0.08    M    M  4.2 14 160   M    M   9 18     23 290
21  62  51  57   5   8   0 0.01    M    M  4.0 13 220   M    M  10 8      19 220
22  64  44  54   2  11   0 0.13    M    M  3.5 12 310   M    M   5 1      15 320
================================================================================
SM 1355  936       280   0  1.95    M     80.8          M      113
================================================================================
AV 61.6 42.6                               3.7 FASTST   M    M   5    MAX(MPH)
                                 MISC ---->  # 18 260               # 26  280
================================================================================
NOTES:
# LAST OF SEVERAL OCCURRENCES

COLUMN 17 PEAK WIND IN M.P.H.

PRELIMINARY LOCAL CLIMATOLOGICAL DATA (WS FORM: F-6) , PAGE 2

                                          STATION:  VANCOUVER WA
                                          MONTH:    OCTOBER
                                          YEAR:     2019
                                          LATITUDE:   45 37 N
                                          LONGITUDE: 122 39 W

[TEMPERATURE DATA]      [PRECIPITATION DATA]       SYMBOLS USED IN COLUMN 16

AVERAGE MONTHLY: 52.1   TOTAL FOR MONTH:   1.95    1 = FOG OR MIST
DPTR FM NORMAL:  -3.0   DPTR FM NORMAL:   -0.11    2 = FOG REDUCING VISIBILITY
HIGHEST:    70 ON  6    GRTST 24HR  0.59 ON 19-19      TO 1/4 MILE OR LESS
LOWEST:     32 ON 10                               3 = THUNDER
                        SNOW, ICE PELLETS, HAIL    4 = ICE PELLETS
                        TOTAL MONTH:    M          5 = HAIL
                        GRTST 24HR    M  ON   M    6 = FREEZING RAIN OR DRIZZLE
                        GRTST DEPTH:  M  ON   M    7 = DUSTSTORM OR SANDSTORM:
                                                       VSBY 1/2 MILE OR LESS
                                                   8 = SMOKE OR HAZE
[NO. OF DAYS WITH]      [WEATHER - DAYS WITH]      9 = BLOWING SNOW
                                                   X = TORNADO
MAX 32 OR BELOW:   0    0.01 INCH OR MORE:  11
MAX 90 OR ABOVE:   0    0.10 INCH OR MORE:   6
MIN 32 OR BELOW:   1    0.50 INCH OR MORE:   1
MIN  0 OR BELOW:   0    1.00 INCH OR MORE:   0

[HDD (BASE 65) ]
TOTAL THIS MO.   280    CLEAR  (SCALE 0-3)   8
DPTR FM NORMAL    58    PTCLDY (SCALE 4-7)   6
TOTAL FM JUL 1   392    CLOUDY (SCALE 8-10)  8
DPTR FM NORMAL    48

[CDD (BASE 65) ]
TOTAL THIS MO.     0
DPTR FM NORMAL     0    [PRESSURE DATA]
TOTAL FM JAN 1   420    HIGHEST SLP  0.00 ON  2
DPTR FM NORMAL    47    LOWEST  SLP 29.62 ON 19

[REMARKS]
