000
CXUS56 KPQR 201200
CF6VUO
PRELIMINARY LOCAL CLIMATOLOGICAL DATA (WS FORM: F-6)

                                          STATION:   VANCOUVER WA
                                          MONTH:     APRIL
                                          YEAR:      2018
                                          LATITUDE:   45 37 N
                                          LONGITUDE: 122 39 W

  TEMPERATURE IN F:       :PCPN:    SNOW:  WIND      :SUNSHINE: SKY     :PK WND
================================================================================
1   2   3   4   5  6A  6B    7    8   9   10  11  12  13   14  15   16   17  18
                                     12Z  AVG MX 2MIN
DY MAX MIN AVG DEP HDD CDD  WTR  SNW DPTH SPD SPD DIR MIN PSBL S-S WX    SPD DR
================================================================================

 1  49  34  42  -8  23   0 0.31    M    0  4.3 15 320   M    M   8 1      22 290
 2  53  34  44  -6  21   0 0.00  0.0    0  4.0 14 310   M    M   7        22  80
 3  53  31  42  -8  23   0    T    M    0  0.9  9 260   M    M   5        12  20
 4  59  46  53   2  12   0 0.03    M    0  3.6  9 280   M    M   9        11 280
 5  54  49  52   1  13   0 0.32    M    0  5.1 10 110   M    M  10 1      14 110
 6  67  51  59   8   6   0 0.06    M    M  6.9 17 100   M    M   8 1      23 110
 7  60  49  55   4  10   0 1.09    M    M 10.6 21 200   M    M   8 13     36 200
 8  55  47  51   0  14   0 0.27    M    M  7.4 16 200   M    M   9 1      25 190
 9  66  38  52   1  13   0 0.00    M    M  2.3  8 250   M    M   3        12 270
10  62  50  56   5   9   0 0.11  0.0    0  7.3 17 100   M    M   7 1      24 120
11  57  44  51   0  14   0 0.14    M    0  6.9 16 100   M    M  10 1      20 100
12  51  42  47  -4  18   0 0.12    M    0  7.8 20 250   M    M   9 1      26 250
13  56  47  52   0  13   0 0.03    M    M  8.1 15 190   M    M  10        24 190
14  59  50  55   3  10   0 0.11    M    M  7.1 15 200   M    M  10        22 200
15  50  43  47  -5  18   0 0.47    M    M  4.2 17 180   M    M  10 1      26 190
16  50  42  46  -6  19   0 0.07    M    0  7.9 17 250   M    M   8        22 240
17  55  43  49  -3  16   0 0.02    M    0  4.1 20 260   M    M   7 1      30 250
18  64  41  53   1  12   0 0.00  0.0    0  3.2 13  80   M    M   4        16  70
19  68  36  52   0  13   0 0.00  0.0    0  4.0 12 290   M    M   0        19 280
================================================================================
SM 1088  817       277   0  3.15     0.0 105.7          M      142
================================================================================
AV 57.3 43.0                               5.6 FASTST   M    M   7    MAX(MPH)
                                 MISC ---->  # 21 200               # 36  200
================================================================================
NOTES:
# LAST OF SEVERAL OCCURRENCES

COLUMN 17 PEAK WIND IN M.P.H.

PRELIMINARY LOCAL CLIMATOLOGICAL DATA (WS FORM: F-6) , PAGE 2

                                          STATION:  VANCOUVER WA
                                          MONTH:    APRIL
                                          YEAR:     2018
                                          LATITUDE:   45 37 N
                                          LONGITUDE: 122 39 W

[TEMPERATURE DATA]      [PRECIPITATION DATA]       SYMBOLS USED IN COLUMN 16

AVERAGE MONTHLY: 50.1   TOTAL FOR MONTH:   3.15    1 = FOG OR MIST
DPTR FM NORMAL:  -1.1   DPTR FM NORMAL:    1.19    2 = FOG REDUCING VISIBILITY
HIGHEST:    68 ON 19    GRTST 24HR  1.09 ON  7- 7      TO 1/4 MILE OR LESS
LOWEST:     31 ON  3                               3 = THUNDER
                        SNOW, ICE PELLETS, HAIL    4 = ICE PELLETS
                        TOTAL MONTH:   0.0 INCH    5 = HAIL
                        GRTST 24HR     0.0         6 = FREEZING RAIN OR DRIZZLE
                        GRTST DEPTH:   0           7 = DUSTSTORM OR SANDSTORM:
                                                       VSBY 1/2 MILE OR LESS
                                                   8 = SMOKE OR HAZE
[NO. OF DAYS WITH]      [WEATHER - DAYS WITH]      9 = BLOWING SNOW
                                                   X = TORNADO
MAX 32 OR BELOW:   0    0.01 INCH OR MORE:  14
MAX 90 OR ABOVE:   0    0.10 INCH OR MORE:   9
MIN 32 OR BELOW:   1    0.50 INCH OR MORE:   1
MIN  0 OR BELOW:   0    1.00 INCH OR MORE:   1

[HDD (BASE 65) ]
TOTAL THIS MO.   277    CLEAR  (SCALE 0-3)   2
DPTR FM NORMAL    15    PTCLDY (SCALE 4-7)   7
TOTAL FM JUL 1  3887    CLOUDY (SCALE 8-10) 10
DPTR FM NORMAL   -16

[CDD (BASE 65) ]
TOTAL THIS MO.     0
DPTR FM NORMAL     0    [PRESSURE DATA]
TOTAL FM JAN 1     0    HIGHEST SLP M ON M
DPTR FM NORMAL     0    LOWEST  SLP 29.40 ON  7

[REMARKS]
