000
CXUS51 KCAR 132155
CLSBGR

CLIMATE REPORT
NATIONAL WEATHER SERVICE CARIBOU, ME
337 PM EST FRI DEC 13 2019

...................................

...THE BANGOR ME CLIMATE SUMMARY FOR THE SEASON, FROM
9/1/2019 TO 11/30/2019...

CLIMATE NORMAL PERIOD 1981 TO 2010
CLIMATE RECORD PERIOD 1925 TO 2019

WEATHER         OBSERVED          NORMAL  DEPART  LAST YEAR`S
                 VALUE   DATE(S)  VALUE   FROM    VALUE  DATE(S)
                                          NORMAL
................................................................
TEMPERATURE (F)
RECORD
 HIGH              99   09/07/1945
 LOW               -3   11/29/1940
HIGHEST            80   09/22        MM      MM       90  09/03
LOWEST              8   11/14        MM      MM        5  11/22
AVG. MAXIMUM     56.0              57.5    -1.5     55.1
AVG. MINIMUM     37.6              37.7    -0.1     37.1
MEAN             46.8              47.6    -0.8     46.1
DAYS MAX >= 90      0               0.4    -0.4        1
DAYS MAX <= 32      5               1.7     3.3        6
DAYS MIN <= 32     30              30.2    -0.2       33
DAYS MIN <= 0       0               0.0     0.0        0

PRECIPITATION (INCHES)
RECORD
 MAXIMUM        16.64   2006
 MINIMUM         8.59   2016
TOTALS          12.58                      0.38
DAILY AVG.       0.14              0.13    0.01     0.16
DAYS >= .01        38              31.9     6.1       43
DAYS >= .10        27              20.7     6.3       25
DAYS >= .50         6               7.9    -1.9       12
DAYS >= 1.00        2               3.3    -1.3        2
GREATEST
 24 HR. TOTAL    1.73   MM                       11/30 TO 11/30
                                                          11/30 TO 11/30EATHER         OBSERVED          NORMAL  DEPART  LAST YEAR`S
                                                          11/30 TO 11/30EATHER         OBSERVED          NORMAL  DEPART  LAST YEAR`S

SNOWFALL (INCHES)
RECORDS
 TOTAL              T   2017
                        2007
TOTALS            4.7R              2.4     2.3     15.9
SINCE 7/1         4.7               2.4     2.3     15.9
SNOWDEPTH AVG.      0                MM      MM        1
DAYS >= 1.0         2               0.9     1.1        4
GREATEST
 SNOW DEPTH         2   11/15                          8  11/21
                        11/13
                        11/14
 24 HR TOTAL      1.9R  MM                       11/30 TO 11/30
                                                          11/30 TO 11/30EATHER         OBSERVED          NORMAL  DEPART  LAST YEAR`S
                                                          11/30 TO 11/30EATHER         OBSERVED          NORMAL  DEPART  LAST YEAR`S

DEGREE_DAYS
HEATING TOTAL    1638              1606      32     1751
 SINCE 7/1         MM              1669      MM       MM
COOLING TOTAL      14                24     -10       58
 SINCE 1/1        336               318      18      511
.................................................................

WIND (MPH)
AVERAGE WIND SPEED              7.1
HIGHEST WIND SPEED/DIRECTION    40/190    DATE  11/01
HIGHEST GUST SPEED/DIRECTION    53/180    DATE  11/01

SKY COVER
POSSIBLE SUNSHINE (PERCENT)    0
AVERAGE SKY COVER           0.60
NUMBER OF DAYS FAIR           22
NUMBER OF DAYS PC             26
NUMBER OF DAYS CLOUDY         43

AVERAGE RH (PERCENT)     75

-  INDICATES NEGATIVE NUMBERS.
R  INDICATES RECORD WAS SET OR TIED.
MM INDICATES DATA IS MISSING.
T  INDICATES TRACE AMOUNT.
---------------------------------------------------------------------

...FALL 2019 NORTHERN AND EASTERN MAINE CLIMATE NARRATIVE...

METEOROLOGICAL FALL (SEPTEMBER THROUGH NOVEMBER) 2019 FEATURED
SLIGHTLY BELOW AVERAGE TEMPERATURES. PRECIPITATION WAS MORE VARIABLE
RANGING FROM 65 TO 100 PERCENT OF NORMAL ACROSS THE DOWNEAST REGION
AND CENTRAL HIGHLANDS AND FROM 125 TO 150 PERCENT OF NORMAL FOR MOST
AREAS FROM THE KATAHDIN REGION NORTH TO THE SAINT JOHN VALLEY.
SNOWFALL WAS ABOVE AVERAGE, ESPECIALLY NORTH AND WEST OF BANGOR. IT
RANKED AS THE 11TH SNOWIEST FALL ON RECORD IN CARIBOU WITH 23 INCHES
OF SNOW.

SEPTEMBER FEATURED TEMPERATURES THAT RANGED FROM 0.5 TO 1.5 DEGREES
BELOW AVERAGE ACROSS THE REGION. THE FIRST WIDESPREAD FROST/FREEZES
ACROSS THE NORTH OCCURRED ON THE MORNINGS OF THE 18TH AND 19TH.
RAINFALL RANGED FROM 70 TO 110 PERCENT OF AVERAGE, BUT LOCALLY UP T0
150 PERCENT OF AVERAGE ACROSS THE FAR NORTHEAST AND ALSO THE FAR
SOUTHEAST IN WASHINGTON DUE TO PERIPHERAL RAIN FROM HURRICANE DORIAN
WHICH PRODUCED UP TO 3 INCHES OF RAIN WASHINGTON COUNTY.

TEMPERATURES IN OCTOBER RANGED FROM 1.5 TO 2.5 DEGREES ABOVE
AVERAGE.  WIDESPREAD FREEZES FINISHED THE GROWING SEASON FOR CENTRAL
AND DOWNEAST ON THE 5TH AND 6TH.  PRECIPITATION RANGED FROM 110 TO
150 PERCENT OF AVERAGE.  VERY LIGHT SNOW WAS OBSERVED ON THE 4TH AND
THE 26TH/27TH ACROSS NORTHERN AND CENTRAL AREAS.

NOVEMBER WAS MUCH COLDER THAN AVERAGE AND TEMPERATURES RANGED FROM 3
TO 4 DEGREES BELOW AVERAGE. IRONICALLY, THE MONTH BEGAN WITH A HIGH
OF 68 DEGREE EARLY ON THE MORNING OF THE 1ST, WHICH TIED FOR THE ALL-
TIME WARMEST TEMPERATURE DURING THE MONTH.  THERE WAS A BITTER COLD
SNAP MID MONTH WITH A LOW OF 1 BELOW IN CARIBOU ON THE 17TH, WHICH
WAS THE EARLIEST SUB-ZERO TEMPERATURE ON RECORD. PRECIPITATION
RANGED FROM 90 TO 150 PERCENT OF AVERAGE WITH THE GREATEST POSITIVE
DEPARTURES ACROSS THE FAR NORTH. SNOWFALL WAS ABOVE AVERAGE, MAINLY
IN AREAS FROM BANGOR NORTH TO THE SAINT JOHN VALLEY.

$$

CB/VJN
