000
CXUS55 KPUB 040420 RRB
CLSCOS

CLIMATE REPORT
NATIONAL WEATHER SERVICE
920 PM MST THU DEC 03 2020

...................................

...THE COLORADO SPRINGS CO CLIMATE SUMMARY FOR THE SEASON, FROM
9/1/2020 TO 11/30/2020...

CLIMATE NORMAL PERIOD 1981 TO 2010
CLIMATE RECORD PERIOD 1872 TO 2020

WEATHER         OBSERVED          NORMAL  DEPART   LAST YEAR`S
                VALUE   DATE(S)   VALUE   FROM     VALUE DATE(S)
                                          NORMAL
................................................................
TEMPERATURE (F)
RECORD
 HIGH             97   09/06/2020
 LOW             -12   11/14/1916
                       11/13/1916

HIGHEST           97R  09/06                          96  09/02
LOWEST             1   10/27                           4  10/30

AVG. MAXIMUM    68.0               62.8     5.2     64.2
AVG. MINIMUM    37.1               36.1     1.0     35.3

MEAN            52.6               49.5     3.1     49.8

DAYS MAX >= 90     5                0.5     4.5
DAYS MAX <= 32     2                3.0    -1.0
DAYS MIN <= 32    35               33.3     1.7
DAYS MIN <= 0      0                0.2    -0.2

PRECIPITATION (INCHES)
RECORD
 MAXIMUM        7.50   1909
 MINIMUM        0.23   2016

TOTALS          0.61               2.41   -1.80     2.04

DAILY AVG.      0.01               0.03   -0.02
DAYS >= .01        7               16.9    -9.9
DAYS >= .10        3                6.9    -3.9
DAYS >= .50        0                1.2    -1.2
DAYS >= 1.00       0                0.2    -0.2

GREATEST
 24 HR. TOTAL   0.26   09/08 TO 09/09

SNOWFALL (INCHES)
RECORDS
 MAXIMUM        37.7   1959
 MINIMUM         0.0   1939

TOTALS           6.0                7.8    -1.8     20.9
SINCE 7/1        6.0                7.8    -1.8     20.9

SNOWDEPTH AVG.     0
DAYS >= 1.0        4                2.3     1.7

GREATEST
 SNOW DEPTH        3   10/26                           5
                       09/09
 24 HR TOTAL     3.2   10/25 TO 10/26                7.1

DEGREE DAYS
HEATING TOTAL   1222               1451    -229     1528
 SINCE 7/1      1227               1480    -253     1528
COOLING TOTAL    113                 37      76      138
 SINCE 1/1       904                455     449      721
................................................................

WIND (MPH)
AVERAGE WIND SPEED              9.1
HIGHEST WIND SPEED/DIRECTION    46/300    DATE  10/11
HIGHEST GUST SPEED/DIRECTION    64/310    DATE  10/11

SKY COVER
POSSIBLE SUNSHINE (PERCENT)   MM
AVERAGE SKY COVER           0.38
NUMBER OF DAYS FAIR           50
NUMBER OF DAYS PC             33
NUMBER OF DAYS CLOUDY          8

AVERAGE RH (PERCENT)     41

WEATHER CONDITIONS. NUMBER OF DAYS WITH
THUNDERSTORM              2     MIXED PRECIP               2
HEAVY RAIN                0     RAIN                       1
LIGHT RAIN                9     FREEZING RAIN              0
LT FREEZING RAIN          0     HAIL                       0
HEAVY SNOW                1     SNOW                       4
LIGHT SNOW                8     SLEET                      0
FOG                      10     FOG W/VIS <= 1/4 MILE      3
HAZE                     29

-  INDICATES NEGATIVE NUMBERS.
R  INDICATES RECORD WAS SET OR TIED.
MM INDICATES DATA IS MISSING.
T  INDICATES TRACE AMOUNT.

$$
