000
CXUS55 KPUB 031230 RRA
CLSCOS

CLIMATE REPORT
NATIONAL WEATHER SERVICE PUEBLO
630 AM MDT TUE SEP 3 2019

...................................

...THE COLORADO SPRINGS CO CLIMATE SUMMARY FOR THE SEASON, FROM
6/1/2019 TO 8/31/2019...

CLIMATE NORMAL PERIOD 1981 TO 2010
CLIMATE RECORD PERIOD 1872 TO 2019

WEATHER         OBSERVED          NORMAL  DEPART  LAST YEAR`S
                 VALUE   DATE(S)  VALUE   FROM    VALUE  DATE(S)
                                          NORMAL
................................................................
TEMPERATURE (F)
RECORD
 HIGH             101   06/21/2016
                        06/26/2012
                        06/26/2012
 LOW               27   06/01/1903

HIGHEST            97   07/19                        100  06/28
                        07/18
LOWEST             41   06/24                         48  06/03
                                                          06/04
                                                          06/25
AVG. MAXIMUM     85.2              81.8     3.4     85.1
AVG. MINIMUM     55.1              54.7     0.4     56.7
MEAN             70.2              68.3     1.9     70.9

DAYS MAX >= 90     32              13.9    18.1
DAYS MAX <= 32      0               0.0     0.0
DAYS MIN <= 32      0               0.0     0.0
DAYS MIN <= 0       0               0.0     0.0

PRECIPITATION (INCHES)
RECORD
 MAXIMUM        16.85   1965
 MINIMUM         2.47   1939

TOTALS           4.08              8.68   -4.60     9.14
DAILY AVG.       0.05              0.09   -0.04
DAYS >= .01        34              35.3    -1.3
DAYS >= .10        11              18.0    -7.0
DAYS >= .50         1               4.9    -3.9
DAYS >= 1.00        0               1.7    -1.7

GREATEST
 24 HR. TOTAL    0.71   06/06 TO 06/06

SNOWFALL (INCHES)
RECORDS
 TOTAL            2.0   1917

TOTALS              T               0.0     0.0        T
SINCE 7/1           T               0.0     0.0        T
SNOWDEPTH AVG.      0
DAYS >= 1.0         0               0.0     0.0

GREATEST
 SNOW DEPTH         0   MM                             0
 24 HR TOTAL        T   08/31 TO 08/31                 T
                        07/05 TO 07/05
                        06/05 TO 06/05

DEGREE_DAYS
HEATING TOTAL      77               110     -33       18
 SINCE 7/1          0                31     -31        8
COOLING TOTAL     582               409     173      581
 SINCE 1/1        583               418     165      611

.................................................................

WIND (MPH)
AVERAGE WIND SPEED              8.9
HIGHEST WIND SPEED/DIRECTION    53/310    DATE  07/20
HIGHEST GUST SPEED/DIRECTION    70/310    DATE  07/20

SKY COVER
POSSIBLE SUNSHINE (PERCENT)   MM
AVERAGE SKY COVER           0.50
NUMBER OF DAYS FAIR           10
NUMBER OF DAYS PC             76
NUMBER OF DAYS CLOUDY          6

AVERAGE RH (PERCENT)     49

WEATHER CONDITIONS. NUMBER OF DAYS WITH
THUNDERSTORM             57   MIXED PRECIP               0
HEAVY RAIN               14   RAIN                      20
LIGHT RAIN               63   FREEZING RAIN              0
LT FREEZING RAIN          0   HAIL                       3
HEAVY SNOW                0   SNOW                       0
LIGHT SNOW                0   SLEET                      0
FOG                       8   FOG W/VIS <= 1/4 MILE      0
HAZE                      7

-  INDICATES NEGATIVE NUMBERS.
R  INDICATES RECORD WAS SET OR TIED.
MM INDICATES DATA IS MISSING.
T  INDICATES TRACE AMOUNT.

$$
