000
CXUS55 KPUB 101912
CLSCOS

CLIMATE REPORT
NATIONAL WEATHER SERVICE
1212 PM MST TUE DEC 10 2019

...................................

...THE COLORADO SPRINGS CO CLIMATE SUMMARY FOR THE SEASON, FROM
9/1/2019 TO 11/30/2019...

CLIMATE NORMAL PERIOD: 1981 TO 2010
CLIMATE RECORD PERIOD: 1872 TO 2019

WEATHER         OBSERVED          NORMAL  DEPART   LAST YEAR`S
                VALUE   DATE(S)   VALUE   FROM     VALUE DATE(S)
                                          NORMAL
................................................................
TEMPERATURE (F)
RECORD
 HIGH             96   09/02/2019
 LOW             -12   11/14/1916
                       11/13/1916

HIGHEST           96R  09/02                          93  09/18
LOWEST             4   10/30                          11  11/13
                                                          11/12
AVG. MAXIMUM    64.2               62.8     1.4     63.7
AVG. MINIMUM    35.3               36.1    -0.8     37.6
MEAN            49.8               49.5     0.3     50.7

DAYS MAX >= 90     4                0.5     3.5
DAYS MAX <= 32     7                3.0     4.0
DAYS MIN <= 32    46               33.3    12.7
DAYS MIN <= 0      0                0.2    -0.2

PRECIPITATION (INCHES)
RECORD
 MAXIMUM        7.50   1909
 MINIMUM        0.23   2016

TOTALS          2.04               2.41   -0.37     2.48
DAILY AVG.      0.02               0.03   -0.01

DAYS >= .01       19               16.9     2.1
DAYS >= .10        6                6.9    -0.9
DAYS >= .50        0                1.2    -1.2
DAYS >= 1.00       0                0.2    -0.2

GREATEST
 24 HR. TOTAL   0.46   11/21 TO 11/22               0.46 10/30 TO 10/31

SNOWFALL (INCHES)
RECORDS
 MAXIMUM        37.7   1959
 MINIMUM         0.0   1939


TOTALS          20.9                7.8    13.1      8.1
SINCE 7/1       20.9                7.8    13.1      8.1

SNOWDEPTH AVG.     1
DAYS >= 1.0        6                2.3     3.7

GREATEST
 SNOW DEPTH        5   10/27                           3  10/31
 24 HR TOTAL     7.1   10/27 TO 10/28                3.7  10/30 TO 10/31

DEGREE DAYS
HEATING TOTAL   1528               1451      77     1406
 SINCE 7/1      1528               1481      47     1414
COOLING TOTAL    138                 37     101      119
 SINCE 1/1       721                455     266      730
................................................................

WIND (MPH)
AVERAGE WIND SPEED              9.4
HIGHEST WIND SPEED/DIRECTION    44/020    DATE  10/18
HIGHEST GUST SPEED/DIRECTION    64/280    DATE  11/30

SKY COVER
POSSIBLE SUNSHINE (PERCENT)   MM
AVERAGE SKY COVER           0.42
NUMBER OF DAYS FAIR           38
NUMBER OF DAYS PC             44
NUMBER OF DAYS CLOUDY          9

AVERAGE RH (PERCENT)     49

WEATHER CONDITIONS. NUMBER OF DAYS WITH
THUNDERSTORM              5     MIXED PRECIP               0
HEAVY RAIN                5     RAIN                       6
LIGHT RAIN               19     FREEZING RAIN              0
LT FREEZING RAIN          3     HAIL                       0
HEAVY SNOW                3     SNOW                       6
LIGHT SNOW               13     SLEET                      0
FOG                      22     FOG W/VIS <= 1/4 MILE      5
HAZE                     13

-  INDICATES NEGATIVE NUMBERS.
R  INDICATES RECORD WAS SET OR TIED.
MM INDICATES DATA IS MISSING.
T  INDICATES TRACE AMOUNT.

$$
