000
CXUS53 KDVN 011155
CLSDBQ


CLIMATE REPORT
NATIONAL WEATHER SERVICE QUAD CITIES IA IL
643 AM CDT SUN SEP 1 2019

...................................

...THE DUBUQUE CLIMATE SUMMARY FOR THE SEASON, FROM
6/1/2019 TO 8/31/2019...

CLIMATE NORMAL PERIOD 1981 TO 2010
CLIMATE RECORD PERIOD 1873 TO 2019

WEATHER         OBSERVED          NORMAL  DEPART
                 VALUE   DATE(S)  VALUE   FROM
                                          NORMAL
................................................
TEMPERATURE (F)
RECORD
 HIGH             110   07/14/1936
 LOW               36   06/11/1972
HIGHEST            91   07/19        82       9
                        06/29
LOWEST             48   06/13        54      -6
AVG. MAXIMUM     79.8              80.1    -0.3
AVG. MINIMUM     60.6              60.2     0.4
MEAN             70.2              70.1     0.1
DAYS MAX >= 90      3               5.9    -2.9
DAYS MAX <= 32      0               0.0     0.0
DAYS MIN <= 32      0               0.0     0.0
DAYS MIN <= 0       0               0.0     0.0

PRECIPITATION (INCHES)
TOTALS          13.89             13.11    0.78
DAILY AVG.       0.15              0.14    0.01
DAYS >= .01        33              30.3     2.7
DAYS >= .10        23
DAYS >= .50        12
DAYS >= 1.00        6               3.6     2.4
GREATEST
 24 HR. TOTAL    1.90   06/04 TO 06/05

SNOWFALL (INCHES)
TOTALS            0.0               0.0     0.0
SINCE 7/1         0.0               0.0     0.0
SNOWDEPTH AVG.      0
DAYS >= TRACE       0               0.0     0.0
DAYS >= 1.0         0               0.0     0.0
GREATEST
 SNOW DEPTH         0
 24 HR TOTAL      0.0

DEGREE_DAYS
HEATING TOTAL      38                67     -29
 SINCE 7/1          9                27     -18
COOLING TOTAL     547               539       8
 SINCE 1/1        573               576      -3
.................................................

WIND (MPH)
AVERAGE WIND SPEED              7.4
HIGHEST WIND SPEED/DIRECTION    52/360    DATE  06/30
HIGHEST GUST SPEED/DIRECTION    76/010    DATE  06/30

SKY COVER
AVERAGE SKY COVER           0.30
NUMBER OF DAYS FAIR           64
NUMBER OF DAYS PC             23
NUMBER OF DAYS CLOUDY          5

AVERAGE RH (PERCENT)     76

WEATHER CONDITIONS. NUMBER OF DAYS WITH
THUNDERSTORM             19     HAIL                       0
SLEET                     0     FOG                       45
FOG W/VIS <= 1/4 MILE     5     HAZE                      12

-  INDICATES NEGATIVE NUMBERS.
R  INDICATES RECORD WAS SET OR TIED.
MM INDICATES DATA IS MISSING.
T  INDICATES TRACE AMOUNT.

$$
