000
CXUS53 KEAX 010817 RRA
CLSDMO

CLIMATE REPORT
NATIONAL WEATHER SERVICE KANSAS CITY/PLEASANT HILL MO
314 AM CDT SUN SEP 1 2019

...................................

...THE SEDALIA CLIMATE SUMMARY FOR THE SEASON, FROM
6/1/2019 TO 8/31/2019...

CLIMATE NORMAL PERIOD 1981 TO 2010
CLIMATE RECORD PERIOD 9999 TO 9999

WEATHER         OBSERVED          NORMAL  DEPART  LAST YEAR`S
                 VALUE   DATE(S)  VALUE   FROM    VALUE  DATE(S)
                                          NORMAL
................................................................
TEMPERATURE (F)
HIGHEST            92   08/20        98      -6       99  07/12
                        08/12
                        07/20
LOWEST             49R  06/13        49       0       58  06/05
                                                          06/04
AVG. MAXIMUM     82.5              87.7    -5.2     89.1
AVG. MINIMUM     64.3              67.1    -2.8     69.1
MEAN             73.4              77.4    -4.0     79.1
DAYS MAX >= 90      7              29.7   -22.7       48
DAYS MAX <= 32      0               0.0     0.0        0
DAYS MIN <= 32      0               0.0     0.0        0
DAYS MIN <= 0       0               0.0     0.0        0

PRECIPITATION (INCHES)
TOTALS          16.47             12.79    3.68    10.12
DAILY AVG.       0.19              0.14    0.05     0.11
DAYS >= .01        31              26.6     4.4       25
DAYS >= .10        22              18.1     3.9       19
DAYS >= .50        12               8.9     3.1        6
DAYS >= 1.00        6               4.0     2.0        2
GREATEST
 24 HR. TOTAL    2.02   MM

DEGREE_DAYS
HEATING TOTAL       8                 7       1        0
COOLING TOTAL     804              1146    -342     1307
.................................................................

WIND (MPH)
AVERAGE WIND SPEED              7.2
HIGHEST WIND SPEED/DIRECTION    40/030    DATE  07/20
HIGHEST GUST SPEED/DIRECTION    66/260    DATE  08/17

SKY COVER
POSSIBLE SUNSHINE (PERCENT)   MM
AVERAGE SKY COVER           0.20
NUMBER OF DAYS FAIR           68
NUMBER OF DAYS PC             20
NUMBER OF DAYS CLOUDY          4

AVERAGE RH (PERCENT)     79



-  INDICATES NEGATIVE NUMBERS.
R  INDICATES RECORD WAS SET OR TIED.
MM INDICATES DATA IS MISSING.
T  INDICATES TRACE AMOUNT.

$$
