000
CXUS54 KJAN 031821
CLSGWO


CLIMATE REPORT
NATIONAL WEATHER SERVICE JACKSON MS
1212 PM CST TUE MAR 3 2020

...................................

...THE GREENWOOD CLIMATE SUMMARY FOR THE SEASON, FROM
12/1/2019 TO 2/29/2020...

CLIMATE NORMAL PERIOD 1981 TO 2010
CLIMATE RECORD PERIOD 1948 TO 2020

WEATHER         OBSERVED          NORMAL  DEPART  LAST YEAR`S
                 VALUE   DATE(S)  VALUE   FROM    VALUE  DATE(S)
                                          NORMAL
................................................................
TEMPERATURE (F)
RECORD
 HIGH              84   02/23/2012
 LOW               -4   02/03/1951
HIGHEST            76   12/16        MM      MM       80  02/23
                                                          02/06
                                                          02/07
LOWEST             25   01/21        MM      MM       25  01/30
                                                          12/11
AVG. MAXIMUM     59.6              55.9     3.7     58.4
AVG. MINIMUM     40.6              35.1     5.5     39.4
MEAN             50.1              45.5     4.6     48.9
DAYS MAX >= 90      0               0.0     0.0        0
DAYS MAX <= 32      0               1.9    -1.9        0
DAYS MIN <= 32     21              39.2   -18.2       24
DAYS MIN <= 0       0               0.1    -0.1        0

PRECIPITATION (INCHES)
RECORD
 MAXIMUM        28.37   1983
 MINIMUM         6.01   1981
TOTALS          25.41             14.59   10.82    20.68
DAILY AVG.       0.28              0.16    0.12     0.24
DAYS >= .01        36              28.0     8.0       38
DAYS >= .10        25              19.6     5.4       25
DAYS >= .50        17               9.7     7.3       14
DAYS >= 1.00        8               4.7     3.3        8

SNOWFALL (INCHES)
TOTALS            0.0

DEGREE_DAYS
HEATING TOTAL    1349              1763    -414     1457
 SINCE 7/1       1901              2245    -344     1993
COOLING TOTAL       8                10      -2       18
 SINCE 1/1          5                 5       0       15

FREEZE DATES
RECORD
 EARLIEST     MM
 LATEST       MM
.................................................................

WIND (MPH)
AVERAGE WIND SPEED              6.5
HIGHEST WIND SPEED/DIRECTION    35/180    DATE  01/11
HIGHEST GUST SPEED/DIRECTION    46/170    DATE  01/11

SKY COVER
POSSIBLE SUNSHINE (PERCENT)   MM
AVERAGE SKY COVER           0.50
NUMBER OF DAYS FAIR           35
NUMBER OF DAYS PC             20
NUMBER OF DAYS CLOUDY         36

AVERAGE RH (PERCENT)     74

WEATHER CONDITIONS. NUMBER OF DAYS WITH
THUNDERSTORM             14     MIXED PRECIP               0
HEAVY RAIN               21     RAIN                      27
LIGHT RAIN               42     FREEZING RAIN              0
LT FREEZING RAIN          0     HAIL                       0
HEAVY SNOW                0     SNOW                       0
LIGHT SNOW                3     SLEET                      0
FOG                      52     FOG W/VIS <= 1/4 MILE      4
HAZE                      5

-  INDICATES NEGATIVE NUMBERS.
R  INDICATES RECORD WAS SET OR TIED.
MM INDICATES DATA IS MISSING.
T  INDICATES TRACE AMOUNT.

$$
