000
CXUS54 KJAN 011248
CLSGWO


CLIMATE REPORT
NATIONAL WEATHER SERVICE JACKSON MS
740 AM CDT SUN SEP 1 2019

...................................

...THE GREENWOOD CLIMATE SUMMARY FOR THE SEASON, FROM
6/1/2019 TO 8/31/2019...

CLIMATE NORMAL PERIOD 1981 TO 2010
CLIMATE RECORD PERIOD 1948 TO 2019

WEATHER         OBSERVED          NORMAL  DEPART  LAST YEAR`S
                 VALUE   DATE(S)  VALUE   FROM    VALUE  DATE(S)
                                          NORMAL
................................................................
TEMPERATURE (F)
RECORD
 HIGH             106   08/15/2007
                        08/30/2000
 LOW               49   06/11/1988
                        06/03/1956
HIGHEST            98   08/13        MM      MM       97  08/16
                        08/12
LOWEST             55   06/14        MM      MM       61  06/04
AVG. MAXIMUM     90.4              91.2    -0.8     91.4
AVG. MINIMUM     70.2              69.5     0.7     71.2
MEAN             80.3              80.4    -0.1     81.3
DAYS MAX >= 90     62              59.3     2.7       72
DAYS MAX <= 32      0               0.0     0.0        0
DAYS MIN <= 32      0               0.0     0.0        0
DAYS MIN <= 0       0               0.0     0.0        0

PRECIPITATION (INCHES)
RECORD
 MAXIMUM        30.36   1989
 MINIMUM         3.84   1954
TOTALS          17.80             10.74    7.06    15.16
DAILY AVG.       0.19              0.12    0.07     0.17
DAYS >= .01        32              24.2     7.8       29
DAYS >= .10        27              16.1    10.9       16
DAYS >= .50        12               6.7     5.3        8
DAYS >= 1.00        6               3.1     2.9        4

SNOWFALL (INCHES)
TOTALS            0.0

DEGREE_DAYS
HEATING TOTAL       0                 0       0        0
 SINCE 7/1          0                 0       0        0
COOLING TOTAL    1434              1412      22     1522
 SINCE 1/1       1837              1742      95     1983

FREEZE DATES
RECORD
 EARLIEST     MM
 LATEST       MM
.................................................................

WIND (MPH)
AVERAGE WIND SPEED              4.4
HIGHEST WIND SPEED/DIRECTION    36/200    DATE  07/15
HIGHEST GUST SPEED/DIRECTION    50/200    DATE  07/15

SKY COVER
POSSIBLE SUNSHINE (PERCENT)   MM
AVERAGE SKY COVER           0.20
NUMBER OF DAYS FAIR           68
NUMBER OF DAYS PC             21
NUMBER OF DAYS CLOUDY          3

AVERAGE RH (PERCENT)     74

WEATHER CONDITIONS. NUMBER OF DAYS WITH
THUNDERSTORM             31     MIXED PRECIP               0
HEAVY RAIN               24     RAIN                      30
LIGHT RAIN               36     FREEZING RAIN              0
LT FREEZING RAIN          0     HAIL                       0
HEAVY SNOW                0     SNOW                       0
LIGHT SNOW                0     SLEET                      0
FOG                      65     FOG W/VIS <= 1/4 MILE      7
HAZE                      8

-  INDICATES NEGATIVE NUMBERS.
R  INDICATES RECORD WAS SET OR TIED.
MM INDICATES DATA IS MISSING.
T  INDICATES TRACE AMOUNT.

$$
