986
CXUS54 KJAN 011248
CLSHBG


CLIMATE REPORT
NATIONAL WEATHER SERVICE JACKSON MS
740 AM CDT SUN SEP 1 2019

...................................

...THE HATTIESBURG CLIMATE SUMMARY FOR THE SEASON, FROM
6/1/2019 TO 8/31/2019...

CLIMATE NORMAL PERIOD 1981 TO 2010
CLIMATE RECORD PERIOD 1948 TO 2019

WEATHER         OBSERVED          NORMAL  DEPART  LAST YEAR`S
                 VALUE   DATE(S)  VALUE   FROM    VALUE  DATE(S)
                                          NORMAL
................................................................
TEMPERATURE (F)
RECORD
 HIGH             106   06/14/1963
                        08/30/1951
 LOW               49   06/01/1984
                        06/02/1972
                        06/03/1956
HIGHEST            99   07/09        MM      MM       98  06/30
LOWEST             58   06/14        MM      MM       66  08/24
                                                          06/07
AVG. MAXIMUM     91.3              91.4    -0.1     92.0
AVG. MINIMUM     71.5              70.3     1.2     72.2
MEAN             81.4              80.8     0.6     82.1
DAYS MAX >= 90     70              61.7     8.3       77
DAYS MAX <= 32      0               0.0     0.0        0
DAYS MIN <= 32      0               0.0     0.0        0
DAYS MIN <= 0       0               0.0     0.0        0

PRECIPITATION (INCHES)
RECORD
 MAXIMUM        26.53   1993
 MINIMUM         7.63   2009
TOTALS          21.32             15.62    5.70    18.65
DAILY AVG.       0.23              0.17    0.06     0.20
DAYS >= .01        33                MM      MM       35
DAYS >= .10        24                MM      MM       20
DAYS >= .50        14                MM      MM       14
DAYS >= 1.00        8                MM      MM        8

SNOWFALL (INCHES)
TOTALS            0.0
GREATEST
 SNOW DEPTH         0

DEGREE_DAYS
HEATING TOTAL       0                 0       0        0
 SINCE 7/1          0                 0       0        0
COOLING TOTAL    1527              1456      71     1598
 SINCE 1/1       2046              1871     175     2129

FREEZE DATES
RECORD
 EARLIEST     MM
 LATEST       MM
.................................................................

WIND (MPH)
AVERAGE WIND SPEED              4.0
HIGHEST WIND SPEED/DIRECTION    36/110    DATE  07/10
HIGHEST GUST SPEED/DIRECTION    46/220    DATE  07/14

SKY COVER
POSSIBLE SUNSHINE (PERCENT)   MM
AVERAGE SKY COVER           0.20
NUMBER OF DAYS FAIR           72
NUMBER OF DAYS PC             17
NUMBER OF DAYS CLOUDY          3

AVERAGE RH (PERCENT)     72

WEATHER CONDITIONS. NUMBER OF DAYS WITH
THUNDERSTORM             32     MIXED PRECIP               0
HEAVY RAIN               25     RAIN                      26
LIGHT RAIN               40     FREEZING RAIN              0
LT FREEZING RAIN          0     HAIL                       0
HEAVY SNOW                0     SNOW                       0
LIGHT SNOW                0     SLEET                      0
FOG                      45     FOG W/VIS <= 1/4 MILE     10
HAZE                      7

-  INDICATES NEGATIVE NUMBERS.
R  INDICATES RECORD WAS SET OR TIED.
MM INDICATES DATA IS MISSING.
T  INDICATES TRACE AMOUNT.

$$
