000
CXUS54 KJAN 021352
CLSHBG


CLIMATE REPORT
NATIONAL WEATHER SERVICE JACKSON MS
742 AM CST MON DEC 2 2019

...................................

...THE HATTIESBURG CLIMATE SUMMARY FOR THE SEASON, FROM
9/1/2019 TO 11/30/2019...

CLIMATE NORMAL PERIOD 1981 TO 2010
CLIMATE RECORD PERIOD 1893 TO 2019

WEATHER         OBSERVED          NORMAL  DEPART  LAST YEAR`S
                 VALUE   DATE(S)  VALUE   FROM    VALUE  DATE(S)
                                          NORMAL
................................................................
TEMPERATURE (F)
RECORD
 HIGH             102   09/21/1997
 LOW               18   11/25/1950
                        11/12/1950
HIGHEST            99   09/18        MM      MM       97  09/15
                        09/07
LOWEST             23   11/13        MM      MM       29  11/28
                                                          11/15
AVG. MAXIMUM     80.7              79.1     1.6     78.7
AVG. MINIMUM     56.1              55.1     1.0     58.6
MEAN             68.4              67.1     1.3     68.7
DAYS MAX >= 90     33              11.2    21.8       24
DAYS MAX <= 32      0               0.0     0.0        0
DAYS MIN <= 32      4               2.7     1.3        4
DAYS MIN <= 0       0               0.0     0.0        0

PRECIPITATION (INCHES)
RECORD
 MAXIMUM        25.10   1957
 MINIMUM         2.50   2010
TOTALS          12.66             12.10    0.56    14.55
DAILY AVG.       0.14              0.13    0.01     0.16
DAYS >= .01        20                MM      MM       32
DAYS >= .10        14                MM      MM       24
DAYS >= .50         7                MM      MM        9
DAYS >= 1.00        3                MM      MM        3

SNOWFALL (INCHES)
TOTALS            0.0
GREATEST
 SNOW DEPTH         0

DEGREE_DAYS
HEATING TOTAL     395               328      67      371
 SINCE 7/1        395               328      67      371
COOLING TOTAL     730               518     212      732
 SINCE 1/1       2776              2390     386     2861

FREEZE DATES
RECORD
 EARLIEST     MM
 LATEST       MM
.................................................................

WIND (MPH)
AVERAGE WIND SPEED              3.6
HIGHEST WIND SPEED/DIRECTION    38/160    DATE  10/26
HIGHEST GUST SPEED/DIRECTION    53/150    DATE  10/26

SKY COVER
POSSIBLE SUNSHINE (PERCENT)   MM
AVERAGE SKY COVER           0.20
NUMBER OF DAYS FAIR           65
NUMBER OF DAYS PC             18
NUMBER OF DAYS CLOUDY          8

AVERAGE RH (PERCENT)     81

WEATHER CONDITIONS. NUMBER OF DAYS WITH
THUNDERSTORM              7     MIXED PRECIP               0
HEAVY RAIN               13     RAIN                      29
LIGHT RAIN               29     FREEZING RAIN              0
LT FREEZING RAIN          0     HAIL                       0
HEAVY SNOW                0     SNOW                       0
LIGHT SNOW                0     SLEET                      0
FOG                      36     FOG W/VIS <= 1/4 MILE      4
HAZE                      6

-  INDICATES NEGATIVE NUMBERS.
R  INDICATES RECORD WAS SET OR TIED.
MM INDICATES DATA IS MISSING.
T  INDICATES TRACE AMOUNT.

$$
