000
CXUS51 KPBZ 011515
CLSHLG

CLIMATE REPORT
NATIONAL WEATHER SERVICE PITTSBURGH PA
1115 AM EDT MON JUN 01 2020

...................................

...THE WHEELING WV CLIMATE SUMMARY FOR THE SEASON, FROM
3/1/2020 TO 5/31/2020...

CLIMATE NORMAL PERIOD 1981 TO 2010
CLIMATE RECORD PERIOD 1878 TO 2020

WEATHER         OBSERVED          NORMAL  DEPART   LAST YEAR`S
                VALUE   DATE(S)   VALUE   FROM     VALUE DATE(S)
                                          NORMAL
................................................................
TEMPERATURE (F)
RECORD
 HIGH             96   05/31/1919
 LOW             -11   03/04/1943
HIGHEST           86   05/25         86       0       86  05/19
                       05/26
LOWEST            21   03/01         14       7        6  03/05
AVG. MAXIMUM    60.8               60.1     0.7     62.4
AVG. MINIMUM    41.9               40.8     1.1     43.2
MEAN            51.3               50.5     0.8     52.8
DAYS MAX >= 90     0                0.0     0.0        0
DAYS MAX <= 32     0                3.0    -3.0        5
DAYS MIN <= 32    18               22.5    -4.5       23
DAYS MIN <= 0      0                0.0     0.0        0

PRECIPITATION (INCHES)
RECORD
 MAXIMUM       17.26   1901
 MINIMUM        0.34
TOTALS         12.85              10.44               MM
DAILY AVG.      0.14               0.11    0.03       MM
DAYS >= .01       54               41.1    12.9       45
DAYS >= .10       30               24.2     5.8       27
DAYS >= .50        7                6.0     1.0        4
DAYS >= 1.00       2                1.3     0.7        0
GREATEST
 24 HR. TOTAL   1.26   04/25 TO 04/26
 STORM TOTAL    1.08
 (MM/DD(HH))


DEGREE DAYS
HEATING TOTAL   1316               1382     -66     1207
 SINCE 7/1      4972               5549    -577       MM
COOLING TOTAL     76                 46      30      106
 SINCE 1/1        76                 46      30       MM
................................................................

WIND (MPH)
AVERAGE WIND SPEED              8.9
HIGHEST WIND SPEED/DIRECTION    40/350    DATE  04/08
HIGHEST GUST SPEED/DIRECTION    55/270    DATE  03/03

AVERAGE RH (PERCENT)     64

WEATHER CONDITIONS. NUMBER OF DAYS WITH
THUNDERSTORM              7     MIXED PRECIP               0
HEAVY RAIN               17     RAIN                      27
LIGHT RAIN               58     FREEZING RAIN              0
LT FREEZING RAIN          0     HAIL                       0
HEAVY SNOW                0     SNOW                       1
LIGHT SNOW                6     SLEET                      0
FOG                      53     FOG W/VIS <= 1/4 MILE      4
HAZE                      1

-  INDICATES NEGATIVE NUMBERS.
R  INDICATES RECORD WAS SET OR TIED.
MM INDICATES DATA IS MISSING.
T  INDICATES TRACE AMOUNT.

$$
