000
CXUS53 KEAX 010817
CLSIRK

CLIMATE REPORT
NATIONAL WEATHER SERVICE KANSAS CITY/PLEASANT HILL MO
314 AM CDT SUN SEP 1 2019

...................................

...THE KIRKSVILLE CLIMATE SUMMARY FOR THE SEASON, FROM
6/1/2019 TO 8/31/2019...

CLIMATE NORMAL PERIOD 1981 TO 2010
CLIMATE RECORD PERIOD 9999 TO 9999

WEATHER         OBSERVED          NORMAL  DEPART  LAST YEAR`S
                 VALUE   DATE(S)  VALUE   FROM    VALUE  DATE(S)
                                          NORMAL
................................................................
TEMPERATURE (F)
HIGHEST            97   07/20        95       2       96  07/13
                        07/19                             07/10
                                                          07/12
LOWEST             49   06/13        48       1       49  06/04
AVG. MAXIMUM     84.7              83.6     1.1     87.6
AVG. MINIMUM     63.7              62.9     0.8     64.8
MEAN             74.2              73.2     1.0     76.2
DAYS MAX >= 90     21              17.6     3.4       40
DAYS MAX <= 32      0               0.0     0.0        0
DAYS MIN <= 32      0               0.0     0.0        0
DAYS MIN <= 0       0               0.0     0.0        0

PRECIPITATION (INCHES)
TOTALS          12.47             13.26   -0.79    16.12
DAILY AVG.       0.14              0.14    0.00     0.18
DAYS >= .01        24              33.4    -9.4       29
DAYS >= .10        20              21.4    -1.4       21
DAYS >= .50         5              10.2    -5.2        9
DAYS >= 1.00        3               3.8    -0.8        4
GREATEST
 24 HR. TOTAL    2.95   MM

DEGREE_DAYS
HEATING TOTAL       6                24     -18        1
COOLING TOTAL     880               782      98     1061
.................................................................

WIND (MPH)
AVERAGE WIND SPEED              6.7
HIGHEST WIND SPEED/DIRECTION    36/020    DATE  06/28
HIGHEST GUST SPEED/DIRECTION    52/020    DATE  06/28

SKY COVER
POSSIBLE SUNSHINE (PERCENT)   MM
AVERAGE SKY COVER           0.30
NUMBER OF DAYS FAIR           71
NUMBER OF DAYS PC             18
NUMBER OF DAYS CLOUDY          3

AVERAGE RH (PERCENT)     74



-  INDICATES NEGATIVE NUMBERS.
R  INDICATES RECORD WAS SET OR TIED.
MM INDICATES DATA IS MISSING.
T  INDICATES TRACE AMOUNT.

$$
