000
CXUS53 KJKL 011754
CLSLOZ

CLIMATE REPORT
NATIONAL WEATHER SERVICE JACKSON KY
150 PM EDT SUN SEP 1 2019

...................................

...THE LONDON KY CLIMATE SUMMARY FOR THE SEASON, FROM
6/1/2019 TO 8/31/2019...

CLIMATE NORMAL PERIOD 1981 TO 2010
CLIMATE RECORD PERIOD 1954 TO 2019

WEATHER         OBSERVED          NORMAL  DEPART  LAST YEAR`S
                 VALUE   DATE(S)  VALUE   FROM    VALUE  DATE(S)
                                          NORMAL
................................................................
TEMPERATURE (F)
RECORD
 HIGH             105   06/29/2012
 LOW               34   06/01/1966
HIGHEST            95   08/19        MM      MM       94  07/04
LOWEST             46   06/14        MM      MM       53  08/23
                                                          06/07
AVG. MAXIMUM     84.9              85.2    -0.3     85.2
AVG. MINIMUM     64.7              64.3     0.4     65.5
MEAN             74.8              74.8     0.0     75.4
DAYS MAX >= 90     13              17.1    -4.1       12
DAYS MAX <= 32      0               0.0     0.0        0
DAYS MIN <= 32      0               0.0     0.0        0
DAYS MIN <= 0       0               0.0     0.0        0

PRECIPITATION (INCHES)
RECORD
 MAXIMUM        21.68   2003
 MINIMUM         6.37   1980
TOTALS          18.04             12.15    5.89    19.10
DAILY AVG.       0.20              0.13    0.07     0.21
DAYS >= .01        34              33.2     0.8       42
DAYS >= .10        28              21.9     6.1       29
DAYS >= .50         9               9.0     0.0       13
DAYS >= 1.00        5               2.8     2.2        5
GREATEST
 24 HR. TOTAL    2.61   MM                          2.56

SNOWFALL (INCHES)
RECORDS
 TOTAL             MM   MM
TOTALS             MM               0.0      MM       MM
SINCE 7/1          MM               0.0      MM       MM
SNOWDEPTH AVG.     MM                MM      MM       MM
DAYS >= 1.0         0               0.0     0.0       MM
GREATEST
 24 HR TOTAL       MM                                 MM

DEGREE_DAYS
HEATING TOTAL      10                11      -1        0
 SINCE 7/1          0                 1      -1        0
COOLING TOTAL     936               911      25      976
 SINCE 1/1       1114              1024      90     1208
.................................................................

WIND (MPH)
AVERAGE WIND SPEED              4.0
RESULTANT WIND SPEED/DIRECTION   1/223
HIGHEST WIND SPEED/DIRECTION    33/250    DATE  06/23
HIGHEST GUST SPEED/DIRECTION    50/240    DATE  06/23

SKY COVER
POSSIBLE SUNSHINE (PERCENT)   MM
NUMBER OF DAYS FAIR           48
NUMBER OF DAYS PC             36
NUMBER OF DAYS CLOUDY          7

AVERAGE RH (PERCENT)     76

WEATHER CONDITIONS. NUMBER OF DAYS WITH
THUNDERSTORM             36     MIXED PRECIP               0
HEAVY RAIN               29     RAIN                      26
LIGHT RAIN               44     FREEZING RAIN              0
LT FREEZING RAIN          0     HAIL                       0
HEAVY SNOW                0     SNOW                       0
LIGHT SNOW                0     SLEET                      0
FOG                      76     FOG W/VIS <= 1/4 MILE     18
HAZE                      2

-  INDICATES NEGATIVE NUMBERS.
R  INDICATES RECORD WAS SET OR TIED.
MM INDICATES DATA IS MISSING.
T  INDICATES TRACE AMOUNT.

$$

TAB
