000
CXUS53 KJKL 011648
CLSLOZ

CLIMATE REPORT
NATIONAL WEATHER SERVICE JACKSON KY
1148 AM EST SUN DEC 1 2019

...................................

...THE LONDON KY CLIMATE SUMMARY FOR THE SEASON, FROM
9/1/2019 TO 11/30/2019...

CLIMATE NORMAL PERIOD 1981 TO 2010
CLIMATE RECORD PERIOD 1954 TO 2019

WEATHER         OBSERVED          NORMAL  DEPART  LAST YEAR`S
                 VALUE   DATE(S)  VALUE   FROM    VALUE  DATE(S)
                                          NORMAL
................................................................
TEMPERATURE (F)
RECORD
 HIGH              97   09/05/2007
 LOW                2   11/30/1976
HIGHEST            95   09/13        MM      MM       91  09/04
                        09/10
LOWEST             15   11/13        MM      MM       19  11/28
AVG. MAXIMUM     71.3              69.2     2.1     67.4
AVG. MINIMUM     46.9              46.3     0.6     49.3
MEAN             59.1              57.7     1.4     58.3
DAYS MAX >= 90     18               2.0    16.0        4
DAYS MAX <= 32      0               0.2    -0.2        2
DAYS MIN <= 32     18              13.8     4.2       16
DAYS MIN <= 0       0               0.0     0.0        0

PRECIPITATION (INCHES)
RECORD
 MAXIMUM        20.16   2004
 MINIMUM         4.07   2008
TOTALS          13.29             10.22    3.07     5.73
DAILY AVG.       0.14              0.11    0.03     0.20
DAYS >= .01        27              27.5    -0.5       37
DAYS >= .10        19              17.9     1.1       25
DAYS >= .50        11               7.1     3.9       11
DAYS >= 1.00        2               2.5    -0.5        5
GREATEST
 24 HR. TOTAL    1.88   11/30 TO 11/30              1.58

SNOWFALL (INCHES)
RECORDS
 TOTAL            4.5   1963
                        1959
TOTALS             MM                 T      MM       MM
SINCE 7/1          MM                 T      MM       MM
SNOWDEPTH AVG.     MM                MM      MM       MM
DAYS >= 1.0        MM               0.0      MM       MM
GREATEST
 24 HR TOTAL       MM                                 MM

DEGREE_DAYS
HEATING TOTAL     885               829      56      953
 SINCE 7/1        885               830      55      953
COOLING TOTAL     370               165     205      366
 SINCE 1/1       1484              1190     294     1574
.................................................................

WIND (MPH)
AVERAGE WIND SPEED              4.0
RESULTANT WIND SPEED/DIRECTION   1/254
HIGHEST WIND SPEED/DIRECTION    35/270    DATE  11/27
HIGHEST GUST SPEED/DIRECTION    54/250    DATE  10/05

SKY COVER
POSSIBLE SUNSHINE (PERCENT)   MM
NUMBER OF DAYS FAIR           58
NUMBER OF DAYS PC             21
NUMBER OF DAYS CLOUDY         12

AVERAGE RH (PERCENT)     70

WEATHER CONDITIONS. NUMBER OF DAYS WITH
THUNDERSTORM              7     MIXED PRECIP               0
HEAVY RAIN               10     RAIN                      20
LIGHT RAIN               32     FREEZING RAIN              0
LT FREEZING RAIN          0     HAIL                       0
HEAVY SNOW                0     SNOW                       0
LIGHT SNOW                2     SLEET                      0
FOG                      60     FOG W/VIS <= 1/4 MILE      7
HAZE                      4

-  INDICATES NEGATIVE NUMBERS.
R  INDICATES RECORD WAS SET OR TIED.
MM INDICATES DATA IS MISSING.
T  INDICATES TRACE AMOUNT.

$$

CARICO
