648
CXUS53 KILX 012117 RRA
CLSLWV

CLIMATE REPORT
NATIONAL WEATHER SERVICE LINCOLN IL
355 PM CDT SUN SEP 1 2019

...................................

...THE LAWRENCEVILLE IL AIRPORT CLIMATE SUMMARY FOR THE SEASON, FROM
6/1/2019 TO 8/31/2019...

CLIMATE NORMAL PERIOD 1981 TO 2010
CLIMATE RECORD PERIOD 9999 TO 9999

WEATHER         OBSERVED          NORMAL  DEPART  LAST YEAR`S
                 VALUE   DATE(S)  VALUE   FROM    VALUE
                                          NORMAL
.............................................................
TEMPERATURE (F)
RECORD
 HIGH              MM   MM
 LOW               MM   MM
HIGHEST            94   07/10        MM      MM       98
                        06/30
LOWEST             51   06/14        MM      MM       55
AVG. MAXIMUM     85.9              87.0    -1.1     88.0
AVG. MINIMUM     66.1              65.5     0.6     68.0
MEAN             76.0              76.3    -0.3     78.0
DAYS MAX >= 90     20              31.0   -11.0       39
DAYS MAX <= 32      0               0.0     0.0        0
DAYS MIN <= 32      0               0.0     0.0        0
DAYS MIN <= 0       0               0.0     0.0        0

PRECIPITATION (INCHES)
RECORD
 MAXIMUM           MM   MM
 MINIMUM           MM   MM
TOTALS          15.84             11.79    4.05    10.64
DAILY AVG.       0.18                               0.12
DAYS >= .01        34                MM      MM       29
DAYS >= .10        24                MM      MM       19
DAYS >= .50        11                MM      MM        8
DAYS >= 1.00        6                MM      MM        4
GREATEST
 24 HR. TOTAL    1.94   MM                          1.61

DEGREE_DAYS
HEATING TOTAL       0                 8      -8        1
 SINCE 7/1          0                 1      -1        1
COOLING TOTAL    1007              1044     -37     1221
 SINCE 1/1       1194              1183      11     1541

FREEZE DATES
RECORD
 EARLIEST     MM
 LATEST       MM
EARLIEST                        MM
LATEST                          MM
..............................................................

WIND (MPH)
AVERAGE WIND SPEED              6.8
HIGHEST WIND SPEED/DIRECTION    44/220    DATE  06/23
HIGHEST GUST SPEED/DIRECTION    55/220    DATE  06/23

SKY COVER
POSSIBLE SUNSHINE (PERCENT)   MM
AVERAGE SKY COVER           0.20
NUMBER OF DAYS FAIR           65
NUMBER OF DAYS PC             24
NUMBER OF DAYS CLOUDY          2

AVERAGE RH (PERCENT)     73

WEATHER CONDITIONS. NUMBER OF DAYS WITH
THUNDERSTORM             26     MIXED PRECIP               0
HEAVY RAIN               25     RAIN                      18
LIGHT RAIN               41     FREEZING RAIN              0
LT FREEZING RAIN          0     HAIL                       0
HEAVY SNOW                0     SNOW                       0
LIGHT SNOW                0     SLEET                      0
FOG                      54     FOG W/VIS <= 1/4 MILE      8
HAZE                     11

-  INDICATES NEGATIVE NUMBERS.
R  INDICATES RECORD WAS SET OR TIED.
MM INDICATES DATA IS MISSING.
T  INDICATES TRACE AMOUNT.

$$
