000
CXUS54 KJAN 021352
CLSMEI


CLIMATE REPORT
NATIONAL WEATHER SERVICE JACKSON MS
742 AM CST MON DEC 2 2019

...................................

...THE MERIDIAN CLIMATE SUMMARY FOR THE SEASON, FROM
9/1/2019 TO 11/30/2019...

CLIMATE NORMAL PERIOD 1981 TO 2010
CLIMATE RECORD PERIOD 1889 TO 2019

WEATHER         OBSERVED          NORMAL  DEPART  LAST YEAR`S
                 VALUE   DATE(S)  VALUE   FROM    VALUE  DATE(S)
                                          NORMAL
................................................................
TEMPERATURE (F)
RECORD
 HIGH             105   09/04/1990
 LOW               12   11/16/2000
HIGHEST           103   09/17        MM      MM       97  09/19
LOWEST             22   11/13        MM      MM       30  11/28
                                                          11/27
AVG. MAXIMUM     81.2              77.3     3.9     78.2
AVG. MINIMUM     55.6              51.8     3.8     57.7
MEAN             68.4              64.5     3.9     68.0
DAYS MAX >= 90     38              10.5    27.5       27
DAYS MAX <= 32      0               0.0     0.0        0
DAYS MIN <= 32      5               7.2    -2.2        5
DAYS MIN <= 0       0               0.0     0.0        0

PRECIPITATION (INCHES)
RECORD
 MAXIMUM        24.43   2002
 MINIMUM         1.82   1903
TOTALS          13.71             12.14    1.57    15.82
DAILY AVG.       0.15              0.13    0.02     0.18
DAYS >= .01        21              23.3    -2.3       31
DAYS >= .10        13              16.2    -3.2       19
DAYS >= .50         7               7.2    -0.2       11
DAYS >= 1.00        3               4.0    -1.0        4

SNOWFALL (INCHES)
RECORDS
 TOTAL              T   2001
                        2000
                        1998
TOTALS              TR              0.0     0.0      0.0
SINCE 7/1           T               0.0     0.0      0.0
DAYS >= TRACE       1
DAYS >= 1.0         0               0.0     0.0        0

DEGREE_DAYS
HEATING TOTAL     428               450     -22      418
 SINCE 7/1        428               450     -22      418
COOLING TOTAL     764               409     355      706
 SINCE 1/1       2847              2029     818     2858

FREEZE DATES
RECORD
 EARLIEST     MM
 LATEST       MM
.................................................................

WIND (MPH)
AVERAGE WIND SPEED              4.6
HIGHEST WIND SPEED/DIRECTION    37/200    DATE  10/26
HIGHEST GUST SPEED/DIRECTION    48/190    DATE  10/26

SKY COVER
POSSIBLE SUNSHINE (PERCENT)   MM
AVERAGE SKY COVER           0.30
NUMBER OF DAYS FAIR           59
NUMBER OF DAYS PC             22
NUMBER OF DAYS CLOUDY         10

AVERAGE RH (PERCENT)     68

WEATHER CONDITIONS. NUMBER OF DAYS WITH
THUNDERSTORM             10     MIXED PRECIP               0
HEAVY RAIN               12     RAIN                      14
LIGHT RAIN               24     FREEZING RAIN              0
LT FREEZING RAIN          0     HAIL                       0
HEAVY SNOW                0     SNOW                       0
LIGHT SNOW                1     SLEET                      0
FOG                      27     FOG W/VIS <= 1/4 MILE      5
HAZE                      1

-  INDICATES NEGATIVE NUMBERS.
R  INDICATES RECORD WAS SET OR TIED.
MM INDICATES DATA IS MISSING.
T  INDICATES TRACE AMOUNT.

$$
