000
CXUS54 KJAN 011248
CLSMEI


CLIMATE REPORT
NATIONAL WEATHER SERVICE JACKSON MS
740 AM CDT SUN SEP 1 2019

...................................

...THE MERIDIAN CLIMATE SUMMARY FOR THE SEASON, FROM
6/1/2019 TO 8/31/2019...

CLIMATE NORMAL PERIOD 1981 TO 2010
CLIMATE RECORD PERIOD 1889 TO 2019

WEATHER         OBSERVED          NORMAL  DEPART  LAST YEAR`S
                 VALUE   DATE(S)  VALUE   FROM    VALUE  DATE(S)
                                          NORMAL
................................................................
TEMPERATURE (F)
RECORD
 HIGH             107   07/14/1980
 LOW               42   06/01/1984
HIGHEST           100   07/10        MM      MM       98  07/12
                        07/09                             06/30
                                                          06/28
LOWEST             57   06/14        MM      MM       63  06/07
                                                          06/06
AVG. MAXIMUM     92.6              90.8     1.8     92.9
AVG. MINIMUM     71.3              68.2     3.1     72.2
MEAN             81.9              79.5     2.4     82.6
DAYS MAX >= 90     72              55.4    16.6       82
DAYS MAX <= 32      0               0.0     0.0        0
DAYS MIN <= 32      0               0.0     0.0        0
DAYS MIN <= 0       0               0.0     0.0        0

PRECIPITATION (INCHES)
RECORD
 MAXIMUM        28.51   2003
 MINIMUM         3.75   1952
TOTALS          10.10             13.53   -3.43    18.04
DAILY AVG.       0.11              0.15   -0.04     0.20
DAYS >= .01        31              31.2    -0.2       32
DAYS >= .10        18              20.8    -2.8       25
DAYS >= .50         7               9.1    -2.1        9
DAYS >= 1.00        3               4.0    -1.0        6

SNOWFALL (INCHES)
RECORDS
 TOTAL             MM   MM
TOTALS            0.0               0.0     0.0      0.0
SINCE 7/1         0.0               0.0     0.0      0.0
DAYS >= TRACE       0
DAYS >= 1.0         0               0.0     0.0        0

DEGREE_DAYS
HEATING TOTAL       0                 0       0        0
 SINCE 7/1          0                 0       0        0
COOLING TOTAL    1587              1336     251     1636
 SINCE 1/1       2083              1620     463     2152

FREEZE DATES
RECORD
 EARLIEST     MM
 LATEST       MM
.................................................................

WIND (MPH)
AVERAGE WIND SPEED              4.3
HIGHEST WIND SPEED/DIRECTION    43/010    DATE  06/27
HIGHEST GUST SPEED/DIRECTION    52/360    DATE  06/27

SKY COVER
POSSIBLE SUNSHINE (PERCENT)   MM
AVERAGE SKY COVER           0.20
NUMBER OF DAYS FAIR           66
NUMBER OF DAYS PC             24
NUMBER OF DAYS CLOUDY          2

AVERAGE RH (PERCENT)     71

WEATHER CONDITIONS. NUMBER OF DAYS WITH
THUNDERSTORM             39     MIXED PRECIP               0
HEAVY RAIN               14     RAIN                      21
LIGHT RAIN               42     FREEZING RAIN              0
LT FREEZING RAIN          0     HAIL                       0
HEAVY SNOW                0     SNOW                       0
LIGHT SNOW                0     SLEET                      0
FOG                      37     FOG W/VIS <= 1/4 MILE      3
HAZE                      7

-  INDICATES NEGATIVE NUMBERS.
R  INDICATES RECORD WAS SET OR TIED.
MM INDICATES DATA IS MISSING.
T  INDICATES TRACE AMOUNT.

$$
