000
CXUS51 KPBZ 011646 CCA
CLSMGW

CLIMATE REPORT
NATIONAL WEATHER SERVICE PITTSBURGH PA
1245 PM EDT SUN SEP 1 2019

...................................

...THE MORGANTOWN WV CLIMATE SUMMARY FOR THE SEASON, FROM
6/1/2019 TO 8/31/2019...

CLIMATE NORMAL PERIOD 1981 TO 2010
CLIMATE RECORD PERIOD 1872 TO 2019

WEATHER         OBSERVED          NORMAL  DEPART  LAST YEAR`S
                 VALUE   DATE(S)  VALUE   FROM    VALUE  DATE(S)
                                          NORMAL
................................................................
TEMPERATURE (F)
RECORD
 HIGH             105   08/26/1893
 LOW               30   06/11/1972
HIGHEST            93   07/21        82      11       MM  MM
                        07/20
LOWEST             43   06/04        56     -13       MM  MM
AVG. MAXIMUM     82.9              81.9     1.0       MM
AVG. MINIMUM     62.6              61.1     1.5       MM
MEAN             72.8              71.5     1.3       MM
DAYS MAX >= 90     10               7.6     2.4       MM
DAYS MAX <= 32      0               0.0     0.0       MM
DAYS MIN <= 32      0               0.0     0.0       MM
DAYS MIN <= 0       0               0.0     0.0       MM

PRECIPITATION (INCHES)
RECORD
 MAXIMUM        22.80   2003
 MINIMUM         4.69   1893
TOTALS          12.18             12.28   -0.10       MM
DAILY AVG.       0.13              0.13    0.00       MM
DAYS >= .01        37              34.4     2.6       MM
DAYS >= .10        23              22.6     0.4       MM
DAYS >= .50         7               8.8    -1.8       MM
DAYS >= 1.00        3               2.7     0.3       MM
GREATEST
 24 HR. TOTAL    1.70   7/11/2019


DEGREE_DAYS
HEATING TOTAL      23                42     -19       MM
 SINCE 7/1          0                11     -11       MM
COOLING TOTAL     767               642     125       MM
 SINCE 1/1        924               709     215       MM
.................................................................

WIND (MPH)
AVERAGE WIND SPEED              4.1
HIGHEST WIND SPEED/DIRECTION    22/160    DATE  08/05
HIGHEST GUST SPEED/DIRECTION    31/220    DATE  08/20

AVERAGE RH (PERCENT)     71

WEATHER CONDITIONS. NUMBER OF DAYS WITH
THUNDERSTORM             26     MIXED PRECIP               0
HEAVY RAIN               19     RAIN                      21
LIGHT RAIN               41     FREEZING RAIN              0
LT FREEZING RAIN          0     HAIL                       0
HEAVY SNOW                0     SNOW                       0
LIGHT SNOW                0     SLEET                      0
FOG                      56     FOG W/VIS <= 1/4 MILE     12
HAZE                     10

-  INDICATES NEGATIVE NUMBERS.
R  INDICATES RECORD WAS SET OR TIED.
MM INDICATES DATA IS MISSING.
T  INDICATES TRACE AMOUNT.

$$
