000
CXUS53 KMKX 022153 CCA
CLSMKE

CLIMATE REPORT...CORRECTED
NATIONAL WEATHER SERVICE MILWAUKEE/SULLIVAN WI
353 PM CST TUE MAR 02 2021

...................................

...THE MILWAUKEE  WI CLIMATE SUMMARY FOR THE SEASON, FROM
12/1/2020 TO 2/28/2021...

CLIMATE NORMAL PERIOD 1981 TO 2010
CLIMATE RECORD PERIOD 1871 TO 2021

WEATHER         OBSERVED          NORMAL  DEPART   LAST YEAR`S
                VALUE   DATE(S)   VALUE   FROM     VALUE DATE(S)
                                          NORMAL
................................................................
TEMPERATURE (F)
RECORD
 HIGH             71   02/22/2017
 LOW             -26   02/03/1996
                       01/17/1982
HIGHEST           57   12/23         55       2       58    12/26
LOWEST            -7   02/07        -13       6       -3    02/14
AVG. MAXIMUM    32.6               31.4     1.2       37.2
AVG. MINIMUM    20.4               18.3     2.1       23.8
MEAN            26.5               24.9     1.6       30.4
DAYS MAX >= 90     0                0.0     0.0       0
DAYS MAX <= 32    35               44.0    -9.0       23
DAYS MIN <= 32    80               80.7    -0.7       75
DAYS MIN <= 0      6                6.8    -0.8       1

PRECIPITATION (INCHES)
RECORD
 MAXIMUM       11.13   1876
 MINIMUM        1.53   2003
TOTALS          5.36               5.45   -0.09       4.93
DAILY AVG.      0.06               0.06   -0.00       0.05
DAYS >= .01       26               32.0    -6.0       22
DAYS >= .10       16               14.2     1.8       12
DAYS >= .50        3                2.8     0.2       1
DAYS >= 1.00       0                0.7    -0.7       1
GREATEST
 24 HR. TOTAL   1.50   12/11 TO 12/12                 1.15   12/29 TO 12/30

SNOWFALL (INCHES)
RECORDS
 TOTAL          89.8   1886
TOTALS          46.1               35.1    11.0       23.2
SINCE 7/1       46.2               37.8     8.4       36.6
DAYS >= 1.0       17               10.3     6.7       9
GREATEST
 SNOW DEPTH       22   02/16                          5    01/24
                       02/17        01/23
   01/21
 24 HR TOTAL     6.5   01/31 TO 01/31                 4.3  01/17 TO 01/17

DEGREE DAYS
HEATING TOTAL   3420               3615    -195       3113
 SINCE 7/1      4571               5015    -444       4522
COOLING TOTAL      0                  0       0       0
 SINCE 1/1         0                  0       0       0

FREEZE DATES
RECORD
 EARLIEST     09/20/1956
 LATEST       05/27/1961
EARLIEST                        10/29
LATEST                          04/28
................................................................

WIND (MPH)
AVERAGE WIND SPEED              9.4
RESULTANT WIND SPEED/DIRECTION   4/290
HIGHEST WIND SPEED/DIRECTION    32/230    DATE  12/23
HIGHEST GUST SPEED/DIRECTION    50/240    DATE  12/23

SKY COVER
AVERAGE SKY COVER           0.71
NUMBER OF DAYS FAIR            9
NUMBER OF DAYS PC             35
NUMBER OF DAYS CLOUDY         46

AVERAGE RH (PERCENT)     69

WEATHER CONDITIONS. NUMBER OF DAYS WITH
THUNDERSTORM              1     MIXED PRECIP               0
HEAVY RAIN                0     RAIN                       3
LIGHT RAIN               10     FREEZING RAIN              0
LT FREEZING RAIN          2     HAIL                       0
HEAVY SNOW                1     SNOW                      10
LIGHT SNOW               48     SLEET                      2
FOG                      37     FOG W/VIS <= 1/4 MILE      4
HAZE                     33

-  INDICATES NEGATIVE NUMBERS.
R  INDICATES RECORD WAS SET OR TIED.
MM INDICATES DATA IS MISSING.
T  INDICATES TRACE AMOUNT.

$$
