000
CXUS53 KMKX 021847
CLSMKE

CLIMATE REPORT
NATIONAL WEATHER SERVICE IN MILWAUKEE
1240 PM CST MON MAR 2 2020

...................................

...THE MILWAUKEE WI CLIMATE SUMMARY FOR THE SEASON, FROM
12/1/2019 TO 2/29/2020...

CLIMATE NORMAL PERIOD 1981 TO 2010
CLIMATE RECORD PERIOD 1871 TO 2020

WEATHER         OBSERVED          NORMAL  DEPART  LAST YEAR`S
                 VALUE   DATE(S)  VALUE   FROM    VALUE  DATE(S)
                                          NORMAL
................................................................
TEMPERATURE (F)
RECORD
 HIGH              71   02/22/2017
 LOW              -26   02/03/1996
                        01/17/1982
HIGHEST            58   12/26        55       3       56  01/05
LOWEST             -3   02/14       -13      10      -23  01/31
AVG. MAXIMUM     37.2              31.4     5.8     32.5
AVG. MINIMUM     23.8              18.3     5.5     19.2
MEAN             30.5              24.9     5.6     25.8
DAYS MAX >= 90      0               0.0     0.0        0
DAYS MAX <= 32     23              44.0   -21.0       42
DAYS MIN <= 32     75              80.7    -5.7       83
DAYS MIN <= 0       1               6.8    -5.8        7

PRECIPITATION (INCHES)
RECORD
 MAXIMUM        11.13   1875
                        1876
 MINIMUM         1.53   2002
                        2003
TOTALS           4.93              5.45   -0.52     7.99
DAILY AVG.       0.05              0.06   -0.01     0.09
DAYS >= .01        22              32.0   -10.0       33
DAYS >= .10        12              14.2    -2.2       16
DAYS >= .50         1               2.8    -1.8        5
DAYS >= 1.00        1               0.7     0.3        1
GREATEST
 24 HR. TOTAL    1.15   12/29 TO 12/30              1.02

SNOWFALL (INCHES)
RECORDS
 TOTAL           89.8   1885
                        1886
TOTALS           23.2              35.1   -11.9     40.4
SINCE 7/1        36.6              37.8    -1.2     47.0
SNOWDEPTH AVG.      1                 4      -3        3
DAYS >= 1.0         9              10.3    -1.3        9
GREATEST
 SNOW DEPTH         5   01/24                         12  02/02
                        01/21                             02/01
                        01/23                             01/31
 24 HR TOTAL      4.3   01/17 TO 01/17               8.3

DEGREE_DAYS
HEATING TOTAL    3113              3615    -502     3499
 SINCE 7/1       4522              5015    -493     4929
COOLING TOTAL       0                 0       0        0
 SINCE 1/1          0                 0       0        0

FREEZE DATES
RECORD
 EARLIEST     09/20/1956
 LATEST       05/27/1961
EARLIEST                        10/17
LATEST                          04/27
.................................................................

WIND (MPH)
AVERAGE WIND SPEED              10.1
RESULTANT WIND SPEED/DIRECTION   5/268
HIGHEST WIND SPEED/DIRECTION    35/010    DATE  01/11
HIGHEST GUST SPEED/DIRECTION    54/020    DATE  01/11

SKY COVER
AVERAGE SKY COVER           0.70
NUMBER OF DAYS FAIR           10
NUMBER OF DAYS PC             40
NUMBER OF DAYS CLOUDY         41

AVERAGE RH (PERCENT)     68



-  INDICATES NEGATIVE NUMBERS.
R  INDICATES RECORD WAS SET OR TIED.
MM INDICATES DATA IS MISSING.
T  INDICATES TRACE AMOUNT.

$$
