000
CXUS51 KPBZ 011349
CLSPHD


CLIMATE REPORT
NATIONAL WEATHER SERVICE PITTSBURGH PA
949 AM EDT SUN SEP 1 2019

...................................

...THE NEW PHILADELPHIA OH CLIMATE SUMMARY FOR THE SEASON, FROM
6/1/2019 TO 8/31/2019...

CLIMATE NORMAL PERIOD 1981 TO 2010
CLIMATE RECORD PERIOD 1948 TO 2019

WEATHER         OBSERVED          NORMAL  DEPART  LAST YEAR`S
                 VALUE   DATE(S)  VALUE   FROM    VALUE  DATE(S)
                                          NORMAL
................................................................
TEMPERATURE (F)
RECORD
 HIGH             102   MM
 LOW               41   06/04/2013
HIGHEST            91   07/20        MM      MM       MM  MM
                        07/02
LOWEST             45   06/04        MM      MM       MM  MM
AVG. MAXIMUM     81.8              82.1    -0.3       MM
AVG. MINIMUM     61.5              59.5     2.0       MM
MEAN             71.7              70.8     0.9       MM
DAYS MAX >= 90      6               7.7    -1.7       MM
DAYS MAX <= 32      0               0.0     0.0       MM
DAYS MIN <= 32      0               0.0     0.0       MM
DAYS MIN <= 0       0               0.0     0.0       MM

PRECIPITATION (INCHES)
RECORD
 MAXIMUM           MM   MM
 MINIMUM           MM   MM
TOTALS          15.38             11.35    4.03       MM
DAILY AVG.       0.17              0.12    0.05       MM
DAYS >= .01        39                MM      MM       MM
DAYS >= .10        29                MM      MM       MM
DAYS >= .50        13                MM      MM       MM
DAYS >= 1.00        2                MM      MM       MM
GREATEST
 24 HR. TOTAL    2.74

DEGREE_DAYS
HEATING TOTAL      37                45      -8       MM
 SINCE 7/1          4                10      -6       MM
COOLING TOTAL     675               579      96       MM
 SINCE 1/1        773               622     151       MM
.................................................................

WIND (MPH)
AVERAGE WIND SPEED              3.7
HIGHEST WIND SPEED/DIRECTION    30/350    DATE  07/02
HIGHEST GUST SPEED/DIRECTION    47/350    DATE  07/02

AVERAGE RH (PERCENT)     73

WEATHER CONDITIONS. NUMBER OF DAYS WITH
THUNDERSTORM             30     MIXED PRECIP               0
HEAVY RAIN               24     RAIN                      23
LIGHT RAIN               43     FREEZING RAIN              0
LT FREEZING RAIN          0     HAIL                       0
HEAVY SNOW                0     SNOW                       0
LIGHT SNOW                0     SLEET                      0
FOG                      71     FOG W/VIS <= 1/4 MILE     24
HAZE                     16

-  INDICATES NEGATIVE NUMBERS.
R  INDICATES RECORD WAS SET OR TIED.
MM INDICATES DATA IS MISSING.
T  INDICATES TRACE AMOUNT.

$$
