227
CXUS55 KPUB 031230
CLSPUB

CLIMATE REPORT
NATIONAL WEATHER SERVICE PUEBLO
630 AM MDT TUE SEP 3 2019

...................................

...THE PUEBLO CO CLIMATE SUMMARY FOR THE SEASON, FROM
6/1/2019 TO 8/31/2019...

CLIMATE NORMAL PERIOD 1981 TO 2010
CLIMATE RECORD PERIOD 1888 TO 2019

WEATHER         OBSERVED          NORMAL  DEPART  LAST YEAR`S
                 VALUE   DATE(S)  VALUE   FROM    VALUE  DATE(S)
                                          NORMAL
................................................................
TEMPERATURE (F)
RECORD
 HIGH             109   07/13/2003
 LOW               32   06/02/1919

HIGHEST           105   07/19                        106  06/27
LOWEST             43   06/10                         46  06/25

AVG. MAXIMUM     92.0              89.8     2.2     92.7
AVG. MINIMUM     58.3              56.4     1.9     60.3
MEAN             75.2              73.1     2.1     76.5

DAYS MAX >= 90     60
DAYS MAX <= 32      0
DAYS MIN <= 32      0
DAYS MIN <= 0       0

PRECIPITATION (INCHES)
RECORD
 MAXIMUM        14.64   1921
 MINIMUM         0.86   1939

TOTALS           6.32              5.74    0.58     3.74
DAILY AVG.       0.07              0.06    0.01

DAYS >= .01        22
DAYS >= .10        11
DAYS >= .50         3
DAYS >= 1.00        1

GREATEST
 24 HR. TOTAL    1.67   06/17 TO 06/17

SNOWFALL (INCHES)
RECORDS
 TOTAL            1.0   1950

TOTALS              T               0.0     0.0      0.0
SINCE 7/1           T               0.0     0.0

SNOWDEPTH AVG.      0
DAYS >= TRACE       5               0.0     5.0
DAYS >= 1.0         0               0.0     0.0

GREATEST
 SNOW DEPTH         0   MM                             0
 24 HR TOTAL        T   08/02 TO 08/02               0.0
                        07/02 TO 07/02
                        07/01 TO 07/01
                        06/17 TO 06/17
                        06/05 TO 06/05

DEGREE_DAYS
HEATING TOTAL       8                31     -23        3
 SINCE 7/1          0                 5      -5        0
COOLING TOTAL     970               777     193     1083
 SINCE 1/1        979               811     168     1220

.................................................................

WIND (MPH)
AVERAGE WIND SPEED              8.0
HIGHEST WIND SPEED/DIRECTION    55/340    DATE  08/10
HIGHEST GUST SPEED/DIRECTION    76/340    DATE  08/10

SKY COVER
POSSIBLE SUNSHINE (PERCENT)   MM
AVERAGE SKY COVER           0.10
NUMBER OF DAYS FAIR           87
NUMBER OF DAYS PC              4
NUMBER OF DAYS CLOUDY          1

AVERAGE RH (PERCENT)     51

WEATHER CONDITIONS. NUMBER OF DAYS WITH
THUNDERSTORM             38   MIXED PRECIP               0
HEAVY RAIN               14   RAIN                      16
LIGHT RAIN               39   FREEZING RAIN              0
LT FREEZING RAIN          0   HAIL                       5
HEAVY SNOW                0   SNOW                       0
LIGHT SNOW                0   SLEET                      0
FOG                      10   FOG W/VIS <= 1/4 MILE      0
HAZE                      7

-  INDICATES NEGATIVE NUMBERS.
R  INDICATES RECORD WAS SET OR TIED.
MM INDICATES DATA IS MISSING.
T  INDICATES TRACE AMOUNT.

$$
