000
CXUS53 KDLH 031851
CLMHIB


CLIMATE REPORT
NATIONAL WEATHER SERVICE DULUTH MN
150 PM CDT FRI APR 3 2020

...................................

...THE HIBBING CLIMATE SUMMARY FOR THE MONTH OF MARCH 2020...

CLIMATE NORMAL PERIOD 1981 TO 2010
CLIMATE RECORD PERIOD 1931 TO 2020

WEATHER         OBSERVED          NORMAL  DEPART  LAST YEAR`S
                 VALUE   DATE(S)  VALUE   FROM    VALUE  DATE(S)
                                          NORMAL
................................................................
TEMPERATURE (F)
RECORD
 HIGH              80   MM
 LOW              -28   03/04/2019
HIGHEST            52   03/30        MM      MM       58  03/27
                        03/08
LOWEST            -13   03/21        MM      MM      -28  03/04
AVG. MAXIMUM     38.0              36.0     2.0     32.0
AVG. MINIMUM     14.4              12.8     1.6      8.0
MEAN             26.2              24.4     1.8     20.0
DAYS MAX >= 90      0                MM      MM        0
DAYS MAX <= 32      7                MM      MM       13
DAYS MIN <= 32     31                MM      MM       30
DAYS MIN <= 0       3                MM      MM        8

PRECIPITATION (INCHES)
RECORD
 MAXIMUM           MM   MM
 MINIMUM           MM   MM
TOTALS           0.39                MM      MM       MM
DAILY AVG.         MM              0.03      MM       MM
DAYS >= .01         0                MM      MM        0
DAYS >= .10         0                MM      MM        0
DAYS >= .50         0                MM      MM        0
DAYS >= 1.00        0                MM      MM        0
GREATEST
 24 HR. TOTAL    0.00   02/29 TO 03/01

DEGREE_DAYS
HEATING TOTAL    1194              1259     -65     1387
 SINCE 7/1       8522              8720    -198     9320
COOLING TOTAL       0                 0       0        0
 SINCE 1/1          0                 0       0        0
.................................................................

WIND (MPH)
AVERAGE WIND SPEED              7.2
HIGHEST WIND SPEED/DIRECTION    29/300    DATE  03/13
HIGHEST GUST SPEED/DIRECTION    44/300    DATE  03/13

SKY COVER
POSSIBLE SUNSHINE (PERCENT)   MM
AVERAGE SKY COVER           0.50
NUMBER OF DAYS FAIR           14
NUMBER OF DAYS PC              8
NUMBER OF DAYS CLOUDY          8

AVERAGE RH (PERCENT)     66

-  INDICATES NEGATIVE NUMBERS.
R  INDICATES RECORD WAS SET OR TIED.
MM INDICATES DATA IS MISSING.
T  INDICATES TRACE AMOUNT.

$$





USA.gov is the U.S. government's official web portal to all federal, state and local government web resources and services.
  • National Weather Service
  • WSO Pago Pago Weather Service Office
  • Pago Pago, AS
  • (684) 699-9130
  • Page Author: PPG Webmaster
  • Incorrect Region Format!
  • Web Master's E-mail:
  • Page last modified: Mar 10th, 2020 21:02 UTC