000
CXUS52 KMLB 010725
CF6LEE
PRELIMINARY LOCAL CLIMATOLOGICAL DATA (WS FORM: F-6)
STATION: LEESBURG
MONTH: NOVEMBER
YEAR: 2022
LATITUDE: 28 49 N
LONGITUDE: 81 49 W
TEMPERATURE IN F: :PCPN: SNOW: WIND :SUNSHINE: SKY :PK WND
================================================================================
1 2 3 4 5 6A 6B 7 8 9 10 11 12 13 14 15 16 17 18
12Z AVG MX 2MIN
DY MAX MIN AVG DEP HDD CDD WTR SNW DPTH SPD SPD DIR MIN PSBL S-S WX SPD DR
================================================================================
1 90 69 80 10 0 15 0.00 0.0 0 3.4 12 80 M M 2 1 15 70
2 89 72 81 11 0 16 0.05 0.0 0 5.5 14 60 M M 6 13 18 60
3 85 68 77 7 0 12 0.00 0.0 0 8.3 17 40 M M 4 22 50
4 85 67 76 6 0 11 T 0.0 0 10.0 22 40 M M 2 25 40
5 85 68 77 8 0 12 T 0.0 0 6.7 16 90 M M 3 21 110
6 89 70 80 11 0 15 0.09 0.0 0 7.7 16 100 M M 1 21 90
7 85 68 77 8 0 12 0.01 0.0 0 8.7 28 50 M M 4 1 33 60
8 81 69 75 6 0 10 0.01 0.0 0 14.5 28 20 M M 9 37 30
9 73 65 69 1 0 4 0.31 0.0 0 18.3 28 10 M M 10 18 37 360
10 75 67 71 3 0 6 1.74 0.0 0 22.2 37 100 M M 10 1 49 10
11 82 70 76 8 0 11 0.32 0.0 0 7.4 16 180 M M 4 1 25 200
12 82 67 75 7 0 10 0.00 0.0 0 4.5 13 260 M M 3 12 18 240
13 76 61 69 1 0 4 T 0.0 0 6.1 16 30 M M 6 1 19 40
14 82 56 69 2 0 4 0.00 0.0 0 6.9 14 40 M M 5 17 20
15 80 65 73 6 0 8 0.00 0.0 0 3.0 12 180 M M 3 12 15 190
16 77 60 69 2 0 4 0.00 0.0 0 6.1 17 340 M M 7 1 24 330
17 65 50 58 -9 7 0 0.00 0.0 0 8.7 17 360 M M 2 24 10
18 67 50 59 -7 6 0 0.00 0.0 0 8.5 13 50 M M 1 17 360
19 72 50 61 -5 4 0 0.00 0.0 0 9.5 16 20 M M 3 21 20
20 57 51 54 -12 11 0 0.21 0.0 0 10.2 15 10 M M 8 1 21 10
21 80 53 67 1 0 2 0.01 0.0 0 10.1 17 50 M M 7 22 70
22 74 63 69 3 0 4 0.00 0.0 0 10.1 16 40 M M 10 1 19 10
23 76 63 70 4 0 5 0.00 0.0 0 8.4 15 30 M M 9 1 19 20
24 81 65 73 7 0 8 T 0.0 0 4.9 12 110 M M 8 128 14 110
25 84 66 75 10 0 10 0.00 0.0 0 3.5 13 260 M M 6 12 18 260
26 81 68 75 10 0 10 0.00 0.0 0 4.6 13 40 M M 7 12 16 40
27 84 65 75 10 0 10 0.13 0.0 0 7.7 17 230 M M 5 13 24 270
28 78 60 69 4 0 4 0.00 0.0 0 2.8 9 340 M M 1 1 14 330
29 81 56 69 4 0 4 0.00 0.0 0 5.4 13 110 M M 0 12 16 100
30 83 64 74 9 0 9 T 0.0 0 5.8 22 330 M M 2 34 320
================================================================================
SM 2379 1886 28 220 2.88 0.0 239.5 M 148
================================================================================
AV 79.3 62.9 8.0 FASTST M M 5 MAX(MPH)
MISC ----> 37 100 49 10
================================================================================
NOTES:
# LAST OF SEVERAL OCCURRENCES
COLUMN 17 PEAK WIND IN M.P.H.
PRELIMINARY LOCAL CLIMATOLOGICAL DATA (WS FORM: F-6) , PAGE 2
STATION: LEESBURG
MONTH: NOVEMBER
YEAR: 2022
LATITUDE: 28 49 N
LONGITUDE: 81 49 W
[TEMPERATURE DATA] [PRECIPITATION DATA] SYMBOLS USED IN COLUMN 16
AVERAGE MONTHLY: 71.1 TOTAL FOR MONTH: 2.88 1 = FOG OR MIST
DPTR FM NORMAL: 3.9 DPTR FM NORMAL: 1.12 2 = FOG REDUCING VISIBILITY
HIGHEST: 90 ON 1 GRTST 24HR 2.02 ON 9-10 TO 1/4 MILE OR LESS
LOWEST: 50 ON 19,18 3 = THUNDER
SNOW, ICE PELLETS, HAIL 4 = ICE PELLETS
TOTAL MONTH: 0.0 INCH 5 = HAIL
GRTST 24HR 0.0 6 = FREEZING RAIN OR DRIZZLE
GRTST DEPTH: 0 7 = DUSTSTORM OR SANDSTORM:
VSBY 1/2 MILE OR LESS
8 = SMOKE OR HAZE
[NO. OF DAYS WITH] [WEATHER - DAYS WITH] 9 = BLOWING SNOW
X = TORNADO
MAX 32 OR BELOW: 0 0.01 INCH OR MORE: 10
MAX 90 OR ABOVE: 1 0.10 INCH OR MORE: 5
MIN 32 OR BELOW: 0 0.50 INCH OR MORE: 1
MIN 0 OR BELOW: 0 1.00 INCH OR MORE: 1
[HDD (BASE 65) ]
TOTAL THIS MO. 28 CLEAR (SCALE 0-3) 10
DPTR FM NORMAL -27 PTCLDY (SCALE 4-7) 14
TOTAL FM JUL 1 37 CLOUDY (SCALE 8-10) 6
DPTR FM NORMAL -26
[CDD (BASE 65) ]
TOTAL THIS MO. 220
DPTR FM NORMAL 99 [PRESSURE DATA]
TOTAL FM JAN 1 3693 HIGHEST SLP 30.30 ON 20
DPTR FM NORMAL 278 LOWEST SLP 29.31 ON 10
[REMARKS]
#FINAL-11-22#