000
CXUS52 KMLB 040334
CF6LEE
PRELIMINARY LOCAL CLIMATOLOGICAL DATA (WS FORM: F-6)
STATION: LEESBURG
MONTH: DECEMBER
YEAR: 2022
LATITUDE: 28 49 N
LONGITUDE: 81 49 W
TEMPERATURE IN F: :PCPN: SNOW: WIND :SUNSHINE: SKY :PK WND
================================================================================
1 2 3 4 5 6A 6B 7 8 9 10 11 12 13 14 15 16 17 18
12Z AVG MX 2MIN
DY MAX MIN AVG DEP HDD CDD WTR SNW DPTH SPD SPD DIR MIN PSBL S-S WX SPD DR
================================================================================
1 76 56 66 2 0 1 0.00 0.0 0 10.5 18 40 M M 2 24 30
2 80 59 70 6 0 5 0.00 0.0 0 7.8 17 80 M M 4 22 50
3 83 58 71 7 0 6 0.00 0.0 0 2.1 8 310 M M 5 10 310
4 80 59 70 6 0 5 0.00 0.0 0 2.5 9 300 M M 3 1 13 300
5 75 63 69 5 0 4 0.00 0.0 0 2.8 8 100 M M 7 1 11 100
6 82 63 73 9 0 8 0.00 0.0 0 2.2 8 80 M M 5 11 100
7 83 60 72 8 0 7 0.00 0.0 0 2.6 8 20 M M 0 1 10 40
8 83 62 73 9 0 8 0.00 0.0 0 2.1 8 330 M M 1 12 11 310
9 80 62 71 8 0 6 0.00 0.0 0 3.1 10 360 M M 1 12 13 10
10 81 63 72 9 0 7 0.00 0.0 0 5.9 14 20 M M 7 1 17 20
11 68 59 64 1 1 0 0.00 0.0 0 5.3 10 360 M M 9 13 10
12 74 60 67 4 0 2 0.00 0.0 0 4.5 12 40 M M 5 15 30
13 75 58 67 4 0 2 T 0.0 0 8.0 18 70 M M 6 1 23 50
14 80 63 72 10 0 7 0.00 0.0 0 8.3 14 150 M M 4 19 150
15 73 60 67 5 0 2 0.38 0.0 0 9.1 16 180 M M 3 13 24 190
16 67 51 59 -3 6 0 0.00 0.0 0 4.2 13 360 M M 4 17 360
17 69 46 58 -4 7 0 T 0.0 0 3.8 14 30 M M 5 16 30
18 64 47 56 -6 9 0 0.00 0.0 0 6.7 16 360 M M 0 22 10
19 72 43 58 -4 7 0 0.00 0.0 0 7.0 13 50 M M 0 16 50
20 63 55 59 -3 6 0 0.12 0.0 0 4.4 12 350 M M 4 1 17 350
21 64 56 60 -1 5 0 0.27 0.0 0 8.8 16 350 M M 10 1 22 350
22 65 55 60 -1 5 0 0.00 0.0 0 3.3 9 340 M M 8 1 11 200
23 68 37 53 -8 12 0 T 0.0 0 9.7 20 320 M M 3 1 29 340
24 44 29 37 -24 28 0 0.00 0.0 0 8.1 15 320 M M 0 22 320
25 50 29 40 -21 25 0 0.00 0.0 0 5.6 13 330 M M 0 16 280
26 53 35 44 -17 21 0 0.00 0.0 0 5.1 12 330 M M 0 15 350
27 62 38 50 -10 15 0 0.00 0.0 0 5.9 13 20 M M 1 17 20
28 73 40 57 -3 8 0 0.00 0.0 0 3.8 9 50 M M 0 12 120
29 78 47 63 3 2 0 0.00 0.0 0 4.7 13 50 M M 3 12 16 50
30 79 51 65 5 0 0 0.00 0.0 0 3.5 10 100 M M 2 12 14 100
31 71 62 67 7 0 2 0.10 0.0 0 4.5 15 160 M M 8 12 18 180
================================================================================
SM 2215 1626 157 72 0.87 0.0 165.9 M 110
================================================================================
AV 71.5 52.5 5.4 FASTST M M 4 MAX(MPH)
MISC ----> 20 320 29 340
================================================================================
NOTES:
# LAST OF SEVERAL OCCURRENCES
COLUMN 17 PEAK WIND IN M.P.H.
PRELIMINARY LOCAL CLIMATOLOGICAL DATA (WS FORM: F-6) , PAGE 2
STATION: LEESBURG
MONTH: DECEMBER
YEAR: 2022
LATITUDE: 28 49 N
LONGITUDE: 81 49 W
[TEMPERATURE DATA] [PRECIPITATION DATA] SYMBOLS USED IN COLUMN 16
AVERAGE MONTHLY: 62.0 TOTAL FOR MONTH: 0.87 1 = FOG OR MIST
DPTR FM NORMAL: -0.2 DPTR FM NORMAL: -1.30 2 = FOG REDUCING VISIBILITY
HIGHEST: 83 ON 8, 7 GRTST 24HR 0.39 ON 20-21 TO 1/4 MILE OR LESS
LOWEST: 29 ON 25,24 3 = THUNDER
SNOW, ICE PELLETS, HAIL 4 = ICE PELLETS
TOTAL MONTH: 0.0 INCH 5 = HAIL
GRTST 24HR 0.0 6 = FREEZING RAIN OR DRIZZLE
GRTST DEPTH: 0 7 = DUSTSTORM OR SANDSTORM:
VSBY 1/2 MILE OR LESS
8 = SMOKE OR HAZE
[NO. OF DAYS WITH] [WEATHER - DAYS WITH] 9 = BLOWING SNOW
X = TORNADO
MAX 32 OR BELOW: 0 0.01 INCH OR MORE: 4
MAX 90 OR ABOVE: 0 0.10 INCH OR MORE: 4
MIN 32 OR BELOW: 2 0.50 INCH OR MORE: 0
MIN 0 OR BELOW: 0 1.00 INCH OR MORE: 0
[HDD (BASE 65) ]
TOTAL THIS MO. 157 CLEAR (SCALE 0-3) 15
DPTR FM NORMAL 3 PTCLDY (SCALE 4-7) 13
TOTAL FM JUL 1 194 CLOUDY (SCALE 8-10) 3
DPTR FM NORMAL -22
[CDD (BASE 65) ]
TOTAL THIS MO. 72
DPTR FM NORMAL 5 [PRESSURE DATA]
TOTAL FM JAN 1 3765 HIGHEST SLP 30.38 ON 24
DPTR FM NORMAL 283 LOWEST SLP 29.86 ON 15
[REMARKS]
#FINAL-12-22#