000
CXUS53 KTOP 280810
CF6LWC
PRELIMINARY LOCAL CLIMATOLOGICAL DATA (WS FORM: F-6)
STATION: LAWRENCE KS
MONTH: MARCH
YEAR: 2024
LATITUDE: 39 0 N
LONGITUDE: 95 13 W
TEMPERATURE IN F: :PCPN: SNOW: WIND :SUNSHINE: SKY :PK WND
================================================================================
1 2 3 4 5 6A 6B 7 8 9 10 11 12 13 14 15 16 17 18
12Z AVG MX 2MIN
DY MAX MIN AVG DEP HDD CDD WTR SNW DPTH SPD SPD DIR MIN PSBL S-S WX SPD DR
================================================================================
1 58 35 47 7 18 0 0.00 M M 9.7 18 210 M M 6 23 200
2 75 30 53 13 12 0 0.00 M M 12.2 25 160 M M 0 1 36 160
3 82 43 63 23 2 0 0.00 M M 16.0 31 200 M M 0 8 47 190
4 77 46 62 21 3 0 0.00 M M 13.6 23 340 M M 6 35 170
5 61 33 47 6 18 0 0.00 M M 7.9 16 20 M M 4 8 22 10
6 64 25 45 3 20 0 0.00 M M 7.6 21 100 M M 0 18 27 100
7 53 38 46 4 19 0 0.78 M M 6.4 13 60 M M 7 13 18 60
8 50 33 42 0 23 0 0.00 M M 13.4 23 350 M M 10 1 31 360
9 57 23 40 -3 25 0 0.00 M M 6.9 18 330 M M 0 25 330
10 66 21 44 1 21 0 0.00 M M 6.6 16 200 M M 0 22 220
11 73 32 53 10 12 0 0.00 M M 11.5 24 200 M M 0 32 190
12 76 49 63 19 2 0 0.00 M M 9.4 20 190 M M 1 27 200
13 76 36 56 12 9 0 T M M 7.9 22 330 M M 3 138 28 330
14 69 51 60 16 5 0 T M M 10.6 21 340 M M 6 18 27 340
15 66 36 51 6 14 0 0.00 M M 8.6 17 20 M M 4 24 20
16 69 33 51 6 14 0 0.00 M M 9.9 25 300 M M 3 36 310
17 50 21 36 -10 29 0 0.00 M M 13.2 30 340 M M 0 42 340
18 45 17 31 -15 34 0 0.00 M M 8.3 22 340 M M 0 32 320
19 72 25 49 3 16 0 0.00 M M 7.6 20 250 M M 0 28 290
20 59 30 45 -2 20 0 0.00 M M 9.8 20 40 M M 0 28 40
21 64 37 51 4 14 0 0.00 M M 9.1 20 100 M M 1 27 100
22 55 36 46 -1 19 0 0.00 M M 10.6 26 360 M M 7 18 37 360
23 49 32 41 -7 24 0 T M M 10.0 18 140 M M 6 27 130
24 62 44 53 5 12 0 0.20 M M 14.5 28 180 M M 7 1 41 170
25 69 38 54 6 11 0 T M M 16.9 30 170 M M 5 1 43 140
26 38 26 32 -17 33 0 0.02 M M 14.3 24 300 M M 8 18 32 310
27 53 16 35 -14 30 0 0.00 M M 2.5 12 330 M M 2 15 310
================================================================================
SM 1688 886 459 0 1.00 M 275.0 M 86
================================================================================
AV 62.5 32.8 10.2 FASTST M M 3 MAX(MPH)
MISC ----> 31 200 47 190
================================================================================
NOTES:
# LAST OF SEVERAL OCCURRENCES
COLUMN 17 PEAK WIND IN M.P.H.
PRELIMINARY LOCAL CLIMATOLOGICAL DATA (WS FORM: F-6) , PAGE 2
STATION: LAWRENCE KS
MONTH: MARCH
YEAR: 2024
LATITUDE: 39 0 N
LONGITUDE: 95 13 W
[TEMPERATURE DATA] [PRECIPITATION DATA] SYMBOLS USED IN COLUMN 16
AVERAGE MONTHLY: 47.7 TOTAL FOR MONTH: 1.00 1 = FOG OR MIST
DPTR FM NORMAL: 3.2 DPTR FM NORMAL: -0.87 2 = FOG REDUCING VISIBILITY
HIGHEST: 82 ON 3 GRTST 24HR 0.78 ON 7- 7 TO 1/4 MILE OR LESS
LOWEST: 16 ON 27 3 = THUNDER
SNOW, ICE PELLETS, HAIL 4 = ICE PELLETS
TOTAL MONTH: M 5 = HAIL
GRTST 24HR M ON M 6 = FREEZING RAIN OR DRIZZLE
GRTST DEPTH: M ON M 7 = DUSTSTORM OR SANDSTORM:
VSBY 1/2 MILE OR LESS
8 = SMOKE OR HAZE
[NO. OF DAYS WITH] [WEATHER - DAYS WITH] 9 = BLOWING SNOW
X = TORNADO
MAX 32 OR BELOW: 0 0.01 INCH OR MORE: 3
MAX 90 OR ABOVE: 0 0.10 INCH OR MORE: 2
MIN 32 OR BELOW: 12 0.50 INCH OR MORE: 1
MIN 0 OR BELOW: 0 1.00 INCH OR MORE: 0
[HDD (BASE 65) ]
TOTAL THIS MO. 459 CLEAR (SCALE 0-3) 15
DPTR FM NORMAL -101 PTCLDY (SCALE 4-7) 11
TOTAL FM JUL 1 3966 CLOUDY (SCALE 8-10) 1
DPTR FM NORMAL -538
[CDD (BASE 65) ]
TOTAL THIS MO. 0
DPTR FM NORMAL 0 [PRESSURE DATA]
TOTAL FM JAN 1 0 HIGHEST SLP M ON M
DPTR FM NORMAL 0 LOWEST SLP 29.30 ON 25
[REMARKS]