000
CXUS54 KHGX 011410
CF6HGX
PRELIMINARY LOCAL CLIMATOLOGICAL DATA (WS FORM: F-6)
STATION: DICKINSON WFO
MONTH: SEPTEMBER
YEAR: 2021
LATITUDE: 29 28 N
LONGITUDE: 95 5 W
TEMPERATURE IN F: :PCPN: SNOW: WIND :SUNSHINE: SKY :PK WND
================================================================================
1 2 3 4 5 6A 6B 7 8 9 10 11 12 13 14 15 16 17 18
12Z AVG MX 2MIN
DY MAX MIN AVG DEP HDD CDD WTR SNW DPTH SPD SPD DIR MIN PSBL S-S WX SPD DR
================================================================================
1 92 80 86 3 0 21 0.00 0.0 0 M M M M M M M M
2 90 78 84 1 0 19 0.00 0.0 0 M M M M M M M M
3 93 73 83 1 0 18 1.76 0.0 0 M M M M M M M M
4 95 74 85 3 0 20 0.00 0.0 0 M M M M M M M M
5 95 78 87 5 0 22 0.00 0.0 0 M M M M M M M M
6 91 77 84 2 0 19 0.00 0.0 0 M M M M M M M M
7 90 72 81 -1 0 16 0.00 0.0 0 M M M M M M M M
8 92 70 81 -1 0 16 0.00 0.0 0 M M M M M M M M
9 93 72 83 1 0 18 0.00 0.0 0 M M M M M M M M
10 90 68 79 -2 0 14 0.00 0.0 0 M M M M M M M M
11 88 67 78 -3 0 13 0.00 0.0 0 M M M M M M M M
12 89 72 81 0 0 16 0.78 0.0 0 M M M M M M M M
13 81 71 76 -5 0 11 3.86 0.0 0 M M M M M M 3 M M
14 78 69 74 -7 0 9 3.27 0.0 0 M M M M M M M M
15 84 72 78 -2 0 13 0.05 0.0 0 M M M M M M M M
16 85 72 79 -1 0 14 T 0.0 0 M M M M M M M M
17 89 73 81 1 0 16 0.00 0.0 0 M M M M M M M M
18 93 74 84 4 0 19 0.01 0.0 0 M M M M M M M M
19 90 72 81 1 0 16 0.09 0.0 0 M M M M M M M M
20 92 76 84 5 0 19 0.00 0.0 0 M M M M M M M M
21 96 79 88 9 0 23 0.00 0.0 0 M M M M M M M M
22 83 62 73 -6 0 8 0.00 0.0 0 M M M M M M M M
23 81 59 70 -9 0 5 0.00 0.0 0 M M M M M M M M
24 82 62 72 -6 0 7 0.00 0.0 0 M M M M M M M M
25 84 60 72 -6 0 7 0.00 0.0 0 M M M M M M M M
26 84 62 73 -5 0 8 0.00 0.0 0 M M M M M M M M
27 88 70 79 1 0 14 0.00 0.0 0 M M M M M M M M
28 86 73 80 3 0 15 0.43 0.0 0 M M M M M M 3 M M
29 84 67 76 -1 0 11 0.91 0.0 0 M M M M M M M M
30 85 75 80 3 0 15 0.83 0.0 0 M M M M M M M M
================================================================================
SM 2643 2129 0 442 11.99 0.0 M M M
================================================================================
AV 88.1 71.0 M FASTST M M M MAX(MPH)
MISC ----> M M M M
================================================================================
NOTES:
# LAST OF SEVERAL OCCURRENCES
COLUMN 17 PEAK WIND IN M.P.H.
PRELIMINARY LOCAL CLIMATOLOGICAL DATA (WS FORM: F-6) , PAGE 2
STATION: DICKINSON WFO
MONTH: SEPTEMBER
YEAR: 2021
LATITUDE: 29 28 N
LONGITUDE: 95 5 W
[TEMPERATURE DATA] [PRECIPITATION DATA] SYMBOLS USED IN COLUMN 16
AVERAGE MONTHLY: 79.5 TOTAL FOR MONTH: 11.99 1 = FOG OR MIST
DPTR FM NORMAL: -0.6 DPTR FM NORMAL: 4.65 2 = FOG REDUCING VISIBILITY
HIGHEST: 96 ON 21 GRTST 24HR 3.86 ON 13-13 TO 1/4 MILE OR LESS
LOWEST: 59 ON 23 3 = THUNDER
SNOW, ICE PELLETS, HAIL 4 = ICE PELLETS
TOTAL MONTH: 0.0 INCH 5 = HAIL
GRTST 24HR 0.0 6 = FREEZING RAIN OR DRIZZLE
GRTST DEPTH: 0 7 = DUSTSTORM OR SANDSTORM:
VSBY 1/2 MILE OR LESS
8 = SMOKE OR HAZE
[NO. OF DAYS WITH] [WEATHER - DAYS WITH] 9 = BLOWING SNOW
X = TORNADO
MAX 32 OR BELOW: 0 0.01 INCH OR MORE: 10
MAX 90 OR ABOVE: 14 0.10 INCH OR MORE: 7
MIN 32 OR BELOW: 0 0.50 INCH OR MORE: 6
MIN 0 OR BELOW: 0 1.00 INCH OR MORE: 3
[HDD (BASE 65) ]
TOTAL THIS MO. 0 CLEAR (SCALE 0-3) 0
DPTR FM NORMAL 0 PTCLDY (SCALE 4-7) 0
TOTAL FM JUL 1 0 CLOUDY (SCALE 8-10) 30
DPTR FM NORMAL 0
[CDD (BASE 65) ]
TOTAL THIS MO. 442
DPTR FM NORMAL -11 [PRESSURE DATA]
TOTAL FM JAN 1 2814 HIGHEST SLP M ON M
DPTR FM NORMAL -27 LOWEST SLP M ON M
[REMARKS]
#FINAL-09-21#