000
CXUS54 KHGX 011410
CF6HGX
PRELIMINARY LOCAL CLIMATOLOGICAL DATA (WS FORM: F-6)
STATION: DICKINSON WFO
MONTH: OCTOBER
YEAR: 2021
LATITUDE: 29 28 N
LONGITUDE: 95 5 W
TEMPERATURE IN F: :PCPN: SNOW: WIND :SUNSHINE: SKY :PK WND
================================================================================
1 2 3 4 5 6A 6B 7 8 9 10 11 12 13 14 15 16 17 18
12Z AVG MX 2MIN
DY MAX MIN AVG DEP HDD CDD WTR SNW DPTH SPD SPD DIR MIN PSBL S-S WX SPD DR
================================================================================
1 81 73 77 0 0 12 0.58 0.0 0 M M M M M M M M
2 82 72 77 1 0 12 0.39 0.0 0 M M M M M M M M
3 89 71 80 4 0 15 0.00 0.0 0 M M M M M M M M
4 88 67 78 2 0 13 0.00 0.0 0 M M M M M M M M
5 87 64 76 0 0 11 0.00 0.0 0 M M M M M M M M
6 88 64 76 1 0 11 0.00 0.0 0 M M M M M M M M
7 88 64 76 1 0 11 0.00 0.0 0 M M M M M M M M
8 87 64 76 1 0 11 0.00 0.0 0 M M M M M M M M
9 87 66 77 3 0 12 0.00 0.0 0 M M M M M M M M
10 86 72 79 5 0 14 0.00 0.0 0 M M M M M M M M
11 86 69 78 4 0 13 0.67 0.0 0 M M M M M M M M
12 88 76 82 8 0 17 0.02 0.0 0 M M M M M M M M
13 88 77 83 10 0 18 0.00 0.0 0 M M M M M M M M
14 83 77 80 7 0 15 0.27 0.0 0 M M M M M M M M
15 93 72 83 11 0 18 T 0.0 0 M M M M M M M M
16 75 57 66 -6 0 1 0.00 0.0 0 M M M M M M M M
17 73 52 63 -9 2 0 0.00 0.0 0 M M M M M M M M
18 76 52 64 -8 1 0 0.00 0.0 0 M M M M M M M M
19 80 59 70 -1 0 5 0.00 0.0 0 M M M M M M M M
20 85 69 77 6 0 12 0.00 0.0 0 M M M M M M 1 M M
21 85 67 76 5 0 11 0.00 0.0 0 M M M M M M 1 M M
22 85 67 76 6 0 11 0.00 0.0 0 M M M M M M M M
23 86 69 78 8 0 13 1.06 0.0 0 M M M M M M 13 M M
24 86 71 79 9 0 14 0.00 0.0 0 M M M M M M M M
25 89 73 81 12 0 16 0.00 0.0 0 M M M M M M M M
26 86 74 80 11 0 15 0.00 0.0 0 M M M M M M M M
27 82 62 72 3 0 7 1.16 0.0 0 M M M M M M 3 M M
28 78 57 68 0 0 3 0.00 0.0 0 M M M M M M M M
29 73 54 64 -4 1 0 0.00 0.0 0 M M M M M M M M
30 77 46 62 -6 3 0 0.00 0.0 0 M M M M M M M M
31 79 49 64 -3 1 0 0.00 0.0 0 M M M M M M M M
================================================================================
SM 2596 2026 8 311 4.15 0.0 M M M
================================================================================
AV 83.7 65.4 M FASTST M M M MAX(MPH)
MISC ----> M M M M
================================================================================
NOTES:
# LAST OF SEVERAL OCCURRENCES
COLUMN 17 PEAK WIND IN M.P.H.
PRELIMINARY LOCAL CLIMATOLOGICAL DATA (WS FORM: F-6) , PAGE 2
STATION: DICKINSON WFO
MONTH: OCTOBER
YEAR: 2021
LATITUDE: 29 28 N
LONGITUDE: 95 5 W
[TEMPERATURE DATA] [PRECIPITATION DATA] SYMBOLS USED IN COLUMN 16
AVERAGE MONTHLY: 74.5 TOTAL FOR MONTH: 4.15 1 = FOG OR MIST
DPTR FM NORMAL: 2.4 DPTR FM NORMAL: -1.64 2 = FOG REDUCING VISIBILITY
HIGHEST: 93 ON 15 GRTST 24HR 1.16 ON 27-27 TO 1/4 MILE OR LESS
LOWEST: 46 ON 30 3 = THUNDER
SNOW, ICE PELLETS, HAIL 4 = ICE PELLETS
TOTAL MONTH: 0.0 INCH 5 = HAIL
GRTST 24HR 0.0 6 = FREEZING RAIN OR DRIZZLE
GRTST DEPTH: 0 7 = DUSTSTORM OR SANDSTORM:
VSBY 1/2 MILE OR LESS
8 = SMOKE OR HAZE
[NO. OF DAYS WITH] [WEATHER - DAYS WITH] 9 = BLOWING SNOW
X = TORNADO
MAX 32 OR BELOW: 0 0.01 INCH OR MORE: 7
MAX 90 OR ABOVE: 1 0.10 INCH OR MORE: 6
MIN 32 OR BELOW: 0 0.50 INCH OR MORE: 4
MIN 0 OR BELOW: 0 1.00 INCH OR MORE: 2
[HDD (BASE 65) ]
TOTAL THIS MO. 8 CLEAR (SCALE 0-3) 0
DPTR FM NORMAL -14 PTCLDY (SCALE 4-7) 0
TOTAL FM JUL 1 8 CLOUDY (SCALE 8-10) 31
DPTR FM NORMAL -11
[CDD (BASE 65) ]
TOTAL THIS MO. 311
DPTR FM NORMAL 67 [PRESSURE DATA]
TOTAL FM JAN 1 3125 HIGHEST SLP M ON M
DPTR FM NORMAL 40 LOWEST SLP M ON M
[REMARKS]
#FINAL-10-21#