715
CXUS51 KPBZ 010830
CF6HLG
PRELIMINARY LOCAL CLIMATOLOGICAL DATA (WS FORM: F-6)
STATION: WHEELING WV
MONTH: FEBRUARY
YEAR: 2021
LATITUDE: 40 10 N
LONGITUDE: 80 39 W
TEMPERATURE IN F: :PCPN: SNOW: WIND :SUNSHINE: SKY :PK WND
================================================================================
1 2 3 4 5 6A 6B 7 8 9 10 11 12 13 14 15 16 17 18
12Z AVG MX 2MIN
DY MAX MIN AVG DEP HDD CDD WTR SNW DPTH SPD SPD DIR MIN PSBL S-S WX SPD DR
================================================================================
1 32 28 30 0 35 0 0.09 M M 7.4 13 330 M M 10 18 16 310
2 33 24 29 -1 36 0 T M M 13.0 22 300 M M 8 1 31 290
3 30 18 24 -6 41 0 0.00 M M 10.2 18 250 M M 6 24 270
4 38 14 26 -4 39 0 0.04 M M 7.5 18 190 M M 2 1 27 190
5 38 29 34 4 31 0 0.06 M M 14.2 30 240 M M 10 1 45 250
6 32 21 27 -3 38 0 0.00 M M 10.8 29 260 M M 2 42 240
7 30 13 22 -9 43 0 T M M 8.6 18 260 M M 4 8 23 250
8 31 11 21 -10 44 0 0.10 M M 3.8 9 60 M M 9 1 13 320
9 30 23 27 -4 38 0 0.27 M M 3.7 10 360 M M 10 18 12 360
10 26 20 23 -8 42 0 0.01 M M 6.8 13 30 M M 10 18 17 30
11 27 19 23 -8 42 0 T M M 8.6 17 350 M M 7 18 23 360
12 31 22 27 -4 38 0 T M M 6.8 13 60 M M 10 8 17 60
13 30 25 28 -4 37 0 0.00 M M 6.9 14 40 M M 10 128 16 70
14 27 23 25 -7 40 0 0.00 M M 6.4 12 360 M M 9 1 15 260
15 33 21 27 -5 38 0 0.48 M M 8.6 17 40 M M 10 1268 21 50
16 33 14 24 -8 41 0 0.06 M M 12.0 23 260 M M 10 1268 31 250
17 23 6 15 -17 50 0 0.01 M M 3.6 9 40 M M 6 18 11 280
18 31 22 27 -5 38 0 0.03 M M 5.4 14 90 M M 10 18 18 90
19 28 19 24 -9 41 0 T M M 7.3 15 280 M M 10 18 21 270
20 25 13 19 -14 46 0 T M M 9.3 18 260 M M 8 8 24 270
21 35 6 21 -12 44 0 0.00 M M 5.7 14 140 M M 0 18 18 140
22 41 33 37 4 28 0 0.06 M M 14.8 33 250 M M 9 1 42 250
23 47 34 41 7 24 0 0.00 M M 12.3 25 250 M M 5 35 250
24 63 35 49 15 16 0 0.10 M M 12.6 26 220 M M 4 39 220
25 44 29 37 3 28 0 0.00 M M 8.2 21 340 M M 3 27 340
26 43 25 34 0 31 0 0.00 M M 8.3 17 160 M M 2 25 160
27 52 40 46 12 19 0 0.01 M M 6.9 16 210 M M 6 1 20 200
28 60 42 51 16 14 0 0.77 M M 8.9 16 210 M M 8 1 22 250
================================================================================
SM 993 629 1002 0 2.09 M 238.6 M 198
================================================================================
AV 35.5 22.5 8.5 FASTST M M 7 MAX(MPH)
MISC ----> 33 250 45 250
================================================================================
NOTES:
# LAST OF SEVERAL OCCURRENCES
COLUMN 17 PEAK WIND IN M.P.H.
PRELIMINARY LOCAL CLIMATOLOGICAL DATA (WS FORM: F-6) , PAGE 2
STATION: WHEELING WV
MONTH: FEBRUARY
YEAR: 2021
LATITUDE: 40 10 N
LONGITUDE: 80 39 W
[TEMPERATURE DATA] [PRECIPITATION DATA] SYMBOLS USED IN COLUMN 16
AVERAGE MONTHLY: 29.0 TOTAL FOR MONTH: 2.09 1 = FOG OR MIST
DPTR FM NORMAL: -2.9 DPTR FM NORMAL: -0.02 2 = FOG REDUCING VISIBILITY
HIGHEST: 63 ON 24 GRTST 24HR 0.77 ON 28-28 TO 1/4 MILE OR LESS
LOWEST: 6 ON 21,17 3 = THUNDER
SNOW, ICE PELLETS, HAIL 4 = ICE PELLETS
TOTAL MONTH: M 5 = HAIL
GRTST 24HR M ON M 6 = FREEZING RAIN OR DRIZZLE
GRTST DEPTH: M ON M 7 = DUSTSTORM OR SANDSTORM:
VSBY 1/2 MILE OR LESS
8 = SMOKE OR HAZE
[NO. OF DAYS WITH] [WEATHER - DAYS WITH] 9 = BLOWING SNOW
X = TORNADO
MAX 32 OR BELOW: 15 0.01 INCH OR MORE: 14
MAX 90 OR ABOVE: 0 0.10 INCH OR MORE: 5
MIN 32 OR BELOW: 23 0.50 INCH OR MORE: 1
MIN 0 OR BELOW: 0 1.00 INCH OR MORE: 0
[HDD (BASE 65) ]
TOTAL THIS MO. 1002 CLEAR (SCALE 0-3) 5
DPTR FM NORMAL 77 PTCLDY (SCALE 4-7) 9
TOTAL FM JUL 1 3834 CLOUDY (SCALE 8-10) 14
DPTR FM NORMAL -333
[CDD (BASE 65) ]
TOTAL THIS MO. 0
DPTR FM NORMAL 0 [PRESSURE DATA]
TOTAL FM JAN 1 0 HIGHEST SLP 30.58 ON 21
DPTR FM NORMAL 0 LOWEST SLP 29.51 ON 5
[REMARKS]
#FINAL-02-21#