000
CXUS53 KDMX 260810
CF6MIW
PRELIMINARY LOCAL CLIMATOLOGICAL DATA (WS FORM: F-6)
STATION: MARSHALLTOWN IA
MONTH: APRIL
YEAR: 2024
LATITUDE: 42 6 N
LONGITUDE: 92 55 W
TEMPERATURE IN F: :PCPN: SNOW: WIND :SUNSHINE: SKY :PK WND
================================================================================
1 2 3 4 5 6A 6B 7 8 9 10 11 12 13 14 15 16 17 18
12Z AVG MX 2MIN
DY MAX MIN AVG DEP HDD CDD WTR SNW DPTH SPD SPD DIR MIN PSBL S-S WX SPD DR
================================================================================
1 45 39 42 -1 23 0 0.20 0.0 0 17.3 26 90 M M 10 13 34 100
2 44 34 39 -4 26 0 0.07 M 0 19.2 30 330 M M 9 1 41 360
3 53 33 43 -1 22 0 T M 0 25.2 40 340 M M 10 1 57 330
4 51 28 40 -4 25 0 0.00 0.0 0 13.8 31 360 M M 4 39 350
5 55 23 39 -5 26 0 0.00 0.0 0 8.5 20 80 M M 0 26 80
6 58 28 43 -2 22 0 0.00 0.0 0 21.9 33 120 M M 0 46 130
7 68 44 56 11 9 0 0.02 0.0 0 19.9 33 120 M M 9 44 130
8 65 42 54 8 11 0 0.00 0.0 0 14.6 29 300 M M 4 39 250
9 66 34 50 4 15 0 0.00 0.0 0 10.1 20 270 M M 0 29 310
10 73 35 54 8 11 0 0.00 0.0 0 5.0 15 330 M M 4 8 21 280
11 61 42 52 5 13 0 T 0.0 0 20.4 32 310 M M 5 3 42 290
12 66 39 53 6 12 0 0.00 0.0 0 15.7 33 310 M M 0 43 310
13 83 32 58 11 7 0 0.00 0.0 0 13.9 29 200 M M 0 40 200
14 85 50 68 20 0 3 0.00 0.0 0 11.7 24 320 M M 0 8 38 10
15 80 40 60 12 5 0 0.00 0.0 0 13.6 26 90 M M 0 33 100
16 72 55 64 16 1 0 1.24 0.0 0 18.3 37 120 M M 6 138 49 130
17 63 44 54 5 11 0 T 0.0 0 16.5 30 290 M M 7 1 43 300
18 54 35 45 -4 20 0 0.30 0.0 0 9.3 21 320 M M 7 1 27 310
19 55 31 43 -7 22 0 0.00 0.0 0 14.4 33 300 M M 1 45 290
20 46 29 38 -12 27 0 0.00 0.0 0 14.1 33 330 M M 5 42 320
21 61 27 44 -6 21 0 0.00 0.0 0 9.8 23 290 M M 0 8 31 290
22 68 38 53 2 12 0 0.00 0.0 0 16.8 33 200 M M 3 43 200
23 69 42 56 5 9 0 0.00 0.0 0 14.8 35 310 M M 2 45 290
24 63 34 49 -2 16 0 0.00 M M 7.8 15 60 M M 0 8 21 60
25 65 41 53 1 12 0 0.00 M M 17.3 29 120 M M 1 36 130
================================================================================
SM 1569 919 378 3 1.83 0.0 369.9 M 87
================================================================================
AV 62.8 36.8 14.8 FASTST M M 3 MAX(MPH)
MISC ----> 40 340 57 330
================================================================================
NOTES:
# LAST OF SEVERAL OCCURRENCES
COLUMN 17 PEAK WIND IN M.P.H.
PRELIMINARY LOCAL CLIMATOLOGICAL DATA (WS FORM: F-6) , PAGE 2
STATION: MARSHALLTOWN IA
MONTH: APRIL
YEAR: 2024
LATITUDE: 42 6 N
LONGITUDE: 92 55 W
[TEMPERATURE DATA] [PRECIPITATION DATA] SYMBOLS USED IN COLUMN 16
AVERAGE MONTHLY: 49.8 TOTAL FOR MONTH: 1.83 1 = FOG OR MIST
DPTR FM NORMAL: 2.4 DPTR FM NORMAL: -1.14 2 = FOG REDUCING VISIBILITY
HIGHEST: 85 ON 14 GRTST 24HR 1.24 ON 16-16 TO 1/4 MILE OR LESS
LOWEST: 23 ON 5 3 = THUNDER
SNOW, ICE PELLETS, HAIL 4 = ICE PELLETS
TOTAL MONTH: 0.0 INCH 5 = HAIL
GRTST 24HR 0.0 6 = FREEZING RAIN OR DRIZZLE
GRTST DEPTH: 0 7 = DUSTSTORM OR SANDSTORM:
VSBY 1/2 MILE OR LESS
8 = SMOKE OR HAZE
[NO. OF DAYS WITH] [WEATHER - DAYS WITH] 9 = BLOWING SNOW
X = TORNADO
MAX 32 OR BELOW: 0 0.01 INCH OR MORE: 5
MAX 90 OR ABOVE: 0 0.10 INCH OR MORE: 3
MIN 32 OR BELOW: 7 0.50 INCH OR MORE: 1
MIN 0 OR BELOW: 0 1.00 INCH OR MORE: 1
[HDD (BASE 65) ]
TOTAL THIS MO. 378 CLEAR (SCALE 0-3) 13
DPTR FM NORMAL -67 PTCLDY (SCALE 4-7) 8
TOTAL FM JUL 1 5382 CLOUDY (SCALE 8-10) 4
DPTR FM NORMAL -1320
[CDD (BASE 65) ]
TOTAL THIS MO. 3
DPTR FM NORMAL 3 [PRESSURE DATA]
TOTAL FM JAN 1 3 HIGHEST SLP M ON M
DPTR FM NORMAL 2 LOWEST SLP 29.35 ON 16
[REMARKS]