000
CXUS53 KMKX 210900
CF6MKE
PRELIMINARY LOCAL CLIMATOLOGICAL DATA (WS FORM: F-6)

                                          STATION:   MILWAUKEE  WI
                                          MONTH:     AUGUST
                                          YEAR:      2018
                                          LATITUDE:   42 57 N
                                          LONGITUDE:  87 54 W

  TEMPERATURE IN F:       :PCPN:    SNOW:  WIND      :SUNSHINE: SKY     :PK WND
================================================================================
1   2   3   4   5  6A  6B    7    8   9   10  11  12  13   14  15   16   17  18
                                     12Z  AVG MX 2MIN
DY MAX MIN AVG DEP HDD CDD  WTR  SNW DPTH SPD SPD DIR MIN PSBL S-S WX    SPD DR
================================================================================

 1  85  65  75   3   0  10 0.14  0.0    0  7.3 29 310   M    M   5 38     39 300
 2  79  66  73   1   0   8 0.06  0.0    0  7.5 18 270   M    M   7 13     29 270
 3  76  65  71  -1   0   6 0.00  0.0    0  6.3 15 130   M    M   7        19 110
 4  94  67  81   9   0  16 0.00  0.0    0  9.7 17 220   M    M   5        26 230
 5  91  76  84  12   0  19 0.01  0.0    0 13.3 26 240   M    M   7        36 240
 6  81  68  75   3   0  10 0.94  0.0    0  7.3 17 270   M    M   6 13     29 290
 7  75  67  71  -1   0   6 0.04  0.0    0  6.8 15  30   M    M   7        19  20
 8  83  64  74   2   0   9 0.00  0.0    0  6.1 13 110   M    M   5        23 250
 9  87  68  78   6   0  13 0.40  0.0    0  6.0 16 100   M    M   6 13     23  30
10  79  65  72   1   0   7    T  0.0    0  4.9 13  70   M    M   2        19  20
11  85  64  75   4   0  10 0.00  0.0    0  4.7 13  30   M    M   2        16  40
12  84  66  75   4   0  10 0.00  0.0    0  3.5  9  80   M    M   1        13  70
13  84  65  75   4   0  10 0.00  0.0    0  5.2 14 130   M    M   2        17 130
14  88  73  81  10   0  16 0.00  0.0    0  6.3 14 230   M    M   4        19 230
15  84  71  78   7   0  13 0.00  0.0    0  5.7 18 130   M    M   7 18     24 130
16  81  72  77   6   0  12 0.00  0.0    0  6.1 12 120   M    M   7        16 120
17  79  71  75   4   0  10 0.05  0.0    0  6.0 16  30   M    M   8 13     23  40
18  76  66  71   0   0   6 0.00  0.0    0  7.4 15  40   M    M   5 1      22  10
19  79  64  72   1   0   7 0.00  0.0    0  5.5 16 120   M    M   5 18     19 120
20   M   M   M   M   M   M 2.13  0.0    0 10.0 20 110   M    M   9 13     31 130
================================================================================
SM 1570 1283         0 198  3.77     0.0 135.6          M      107
================================================================================
AV 82.6 67.5                               6.8 FASTST   M    M   5    MAX(MPH)
                                 MISC ---->  # 29 310               # 39  300
================================================================================
NOTES:
# LAST OF SEVERAL OCCURRENCES

COLUMN 17 PEAK WIND IN M.P.H.

PRELIMINARY LOCAL CLIMATOLOGICAL DATA (WS FORM: F-6) , PAGE 2

                                          STATION:  MILWAUKEE  WI
                                          MONTH:    AUGUST
                                          YEAR:     2018
                                          LATITUDE:   42 57 N
                                          LONGITUDE:  87 54 W

[TEMPERATURE DATA]      [PRECIPITATION DATA]       SYMBOLS USED IN COLUMN 16

AVERAGE MONTHLY: 75.1   TOTAL FOR MONTH:   3.77    1 = FOG OR MIST
DPTR FM NORMAL:   3.6   DPTR FM NORMAL:    1.09    2 = FOG REDUCING VISIBILITY
HIGHEST:    94 ON  4    GRTST 24HR  2.13 ON 20-20      TO 1/4 MILE OR LESS
LOWEST:     64 ON 19,11                            3 = THUNDER
                        SNOW, ICE PELLETS, HAIL    4 = ICE PELLETS
                        TOTAL MONTH:   0.0 INCH    5 = HAIL
                        GRTST 24HR     0.0         6 = FREEZING RAIN OR DRIZZLE
                        GRTST DEPTH:   0           7 = DUSTSTORM OR SANDSTORM:
                                                       VSBY 1/2 MILE OR LESS
                                                   8 = SMOKE OR HAZE
[NO. OF DAYS WITH]      [WEATHER - DAYS WITH]      9 = BLOWING SNOW
                                                   X = TORNADO
MAX 32 OR BELOW:   0    0.01 INCH OR MORE:   8
MAX 90 OR ABOVE:   2    0.10 INCH OR MORE:   4
MIN 32 OR BELOW:   0    0.50 INCH OR MORE:   2
MIN  0 OR BELOW:   0    1.00 INCH OR MORE:   1

[HDD (BASE 65) ]
TOTAL THIS MO.     0    CLEAR  (SCALE 0-3)   4
DPTR FM NORMAL     0    PTCLDY (SCALE 4-7)  15
TOTAL FM JUL 1     0    CLOUDY (SCALE 8-10)  1
DPTR FM NORMAL   -11

[CDD (BASE 65) ]
TOTAL THIS MO.   198
DPTR FM NORMAL    64    [PRESSURE DATA]
TOTAL FM JAN 1   700    HIGHEST SLP M ON M
DPTR FM NORMAL   194    LOWEST  SLP 29.85 ON  9

[REMARKS]
