000
CXUS52 KILM 261000
CF6CRE
PRELIMINARY LOCAL CLIMATOLOGICAL DATA (WS FORM: F-6)
STATION: N.MYRTLE BEACH SOUTH CAROLINA
MONTH: APRIL
YEAR: 2024
LATITUDE: 33 49 N
LONGITUDE: 78 43 W
TEMPERATURE IN F: :PCPN: SNOW: WIND :SUNSHINE: SKY :PK WND
================================================================================
1 2 3 4 5 6A 6B 7 8 9 10 11 12 13 14 15 16 17 18
12Z AVG MX 2MIN
DY MAX MIN AVG DEP HDD CDD WTR SNW DPTH SPD SPD DIR MIN PSBL S-S WX SPD DR
================================================================================
1 76 58 67 8 0 2 0.00 M M 11.3 21 220 M M 1 28 210
2 74 61 68 9 0 3 0.00 M M 14.7 25 220 M M 1 35 220
3 68 60 64 5 1 0 0.58 M M 18.8 36 210 M M 5 13 47 220
4 64 47 56 -4 9 0 0.00 M M 8.8 24 240 M M 3 35 260
5 65 47 56 -4 9 0 0.00 M M 6.3 18 190 M M 4 23 200
6 63 44 54 -6 11 0 0.00 M M 6.4 16 20 M M 1 26 360
7 64 42 53 -7 12 0 0.00 M M 7.5 14 210 M M 0 20 190
8 69 48 59 -1 6 0 0.00 M M 6.8 15 190 M M 0 1 20 190
9 74 56 65 4 0 0 0.00 M M 4.9 15 240 M M 1 19 230
10 74 61 68 7 0 3 T M M 6.4 15 200 M M 1 22 170
11 70 66 68 7 0 3 0.89 M M 14.9 31 210 M M 8 1 47 190
12 74 57 66 4 0 1 0.00 M M 13.4 29 250 M M 2 43 240
13 74 53 64 2 1 0 0.00 M M 8.8 18 290 M M 0 31 290
14 73 47 60 -2 5 0 0.00 M M 7.8 16 220 M M 0 23 230
15 81 60 71 9 0 6 0.00 M M 12.1 23 220 M M 0 31 210
16 79 59 69 6 0 4 0.00 M M 7.6 17 220 M M 0 1 22 220
17 77 59 68 5 0 3 0.00 M M 9.7 28 210 M M 0 12 39 220
18 83 65 74 11 0 9 0.00 M M 8.7 20 220 M M 1 24 210
19 73 60 67 3 0 2 T M M 5.6 15 100 M M 5 12 21 100
20 83 64 74 10 0 9 1.42 M M 7.3 25 350 M M 2 13 44 360
21 68 53 61 -3 4 0 0.59 M M 8.4 17 10 M M 9 13 24 40
22 62 44 53 -11 12 0 0.00 M M 7.7 17 20 M M 6 30 350
23 66 40 53 -12 12 0 0.00 M M 8.3 20 220 M M 0 1 25 220
24 73 57 65 0 0 0 0.03 M M 12.7 24 210 M M 2 33 210
25 78 58 68 3 0 3 T M M 7.5 16 100 M M 1 1 23 100
================================================================================
SM 1805 1366 82 48 3.51 M 232.4 M 53
================================================================================
AV 72.2 54.6 9.3 FASTST M M 2 MAX(MPH)
MISC ----> 36 210 # 47 220
================================================================================
NOTES:
# LAST OF SEVERAL OCCURRENCES
COLUMN 17 PEAK WIND IN M.P.H.
PRELIMINARY LOCAL CLIMATOLOGICAL DATA (WS FORM: F-6) , PAGE 2
STATION: N.MYRTLE BEACH SOUTH CAROLINA
MONTH: APRIL
YEAR: 2024
LATITUDE: 33 49 N
LONGITUDE: 78 43 W
[TEMPERATURE DATA] [PRECIPITATION DATA] SYMBOLS USED IN COLUMN 16
AVERAGE MONTHLY: 63.4 TOTAL FOR MONTH: 3.51 1 = FOG OR MIST
DPTR FM NORMAL: 1.5 DPTR FM NORMAL: 1.22 2 = FOG REDUCING VISIBILITY
HIGHEST: 83 ON 20,18 GRTST 24HR 1.97 ON 20-21 TO 1/4 MILE OR LESS
LOWEST: 40 ON 23 3 = THUNDER
SNOW, ICE PELLETS, HAIL 4 = ICE PELLETS
TOTAL MONTH: M 5 = HAIL
GRTST 24HR M ON M 6 = FREEZING RAIN OR DRIZZLE
GRTST DEPTH: M ON M 7 = DUSTSTORM OR SANDSTORM:
VSBY 1/2 MILE OR LESS
8 = SMOKE OR HAZE
[NO. OF DAYS WITH] [WEATHER - DAYS WITH] 9 = BLOWING SNOW
X = TORNADO
MAX 32 OR BELOW: 0 0.01 INCH OR MORE: 5
MAX 90 OR ABOVE: 0 0.10 INCH OR MORE: 4
MIN 32 OR BELOW: 0 0.50 INCH OR MORE: 4
MIN 0 OR BELOW: 0 1.00 INCH OR MORE: 1
[HDD (BASE 65) ]
TOTAL THIS MO. 82 CLEAR (SCALE 0-3) 19
DPTR FM NORMAL -32 PTCLDY (SCALE 4-7) 5
TOTAL FM JUL 1 1885 CLOUDY (SCALE 8-10) 1
DPTR FM NORMAL -428
[CDD (BASE 65) ]
TOTAL THIS MO. 48
DPTR FM NORMAL 11 [PRESSURE DATA]
TOTAL FM JAN 1 62 HIGHEST SLP M ON M
DPTR FM NORMAL 15 LOWEST SLP 29.38 ON 3
[REMARKS]