000
CXUS54 KTSA 210850
CF6BVO
PRELIMINARY LOCAL CLIMATOLOGICAL DATA (WS FORM: F-6)

                                          STATION:   BARTLESVILLE OKLAHOMA
                                          MONTH:     OCTOBER
                                          YEAR:      2021
                                          LATITUDE:   36 45 N
                                          LONGITUDE:  96  0 W

  TEMPERATURE IN F:       :PCPN:    SNOW:  WIND      :SUNSHINE: SKY     :PK WND
================================================================================
1   2   3   4   5  6A  6B    7    8   9   10  11  12  13   14  15   16   17  18
                                     12Z  AVG MX 2MIN
DY MAX MIN AVG DEP HDD CDD  WTR  SNW DPTH SPD SPD DIR MIN PSBL S-S WX    SPD DR
================================================================================

 1  81  62  72   7   0   7    T  0.0    M  1.0 10 160   M    M   4 1      13 170
 2  79  60  70   6   0   5 0.29  0.0    M  0.1  7  20   M    M   6 1      12  20
 3  83  53  68   4   0   3 0.00  0.0    M  0.8 12  10   M    M   1        19 350
 4  84  48  66   2   0   1 0.00  0.0    0  2.5 15  40   M    M   0 1      19  40
 5  82  46  64   1   1   0 0.00  0.0    0  3.2 15  30   M    M   0 1      24  20
 6  80  55  68   5   0   3 0.00  0.0    M  0.9 12  50   M    M   2 18     16  50
 7  85  51  68   6   0   3 0.00  0.0    M  2.6 13 150   M    M   2 12     17 140
 8  92  57  75  13   0  10 0.00  0.0    M  6.1 16 200   M    M   0        25 180
 9  92  67  80  18   0  15 0.00  0.0    M 10.1 21 210   M    M   0        30 200
10  82  60  71  10   0   6 1.11  0.0    M 10.0 23  20   M    M   6 13     42  40
11  77  49  63   2   2   0 0.46  0.0    M  5.3 20 260   M    M   4 13     34 270
12  81  45  63   3   2   0 0.01  0.0    M  8.2 20 160   M    M   3 18     30 160
13  77  62  70  10   0   5 0.59  0.0    M  8.4 24 170   M    M   5 13     38 160
14  71  52  62   2   3   0 0.00  0.0    M  1.9 12 160   M    M   7 12     14 150
15  69  46  58  -1   7   0 0.13    M    M  4.8 20  10   M    M   4 123    29 360
16  72  37  55  -4  10   0 0.00    M    M  0.8 12  10   M    M   0        17 330
17  79  37  58  -1   7   0 0.00  0.0    M  3.0 13 210   M    M   0        20 220
18  74  40  57  -1   8   0 0.00  0.0    M  5.7 21 170   M    M   0        29 160
19  78  48  63   5   2   0 0.00  0.0    M 11.0 25 160   M    M   0        33 170
20  77  50  64   7   1   0 0.00    M    M  4.4 14 170   M    M   2        21 170
================================================================================
SM 1595 1025        43  58  2.59  0.0     90.8          M       46
================================================================================
AV 79.8 51.3                               4.5 FASTST   M    M   2    MAX(MPH)
                                 MISC ---->    25 160                 42  40
================================================================================
NOTES:
# LAST OF SEVERAL OCCURRENCES

COLUMN 17 PEAK WIND IN M.P.H.

PRELIMINARY LOCAL CLIMATOLOGICAL DATA (WS FORM: F-6) , PAGE 2

                                          STATION:   BARTLESVILLE OKLAHOMA
                                          MONTH:     OCTOBER
                                          YEAR:      2021
                                          LATITUDE:   36 45 N
                                          LONGITUDE:  96  0 W

[TEMPERATURE DATA]      [PRECIPITATION DATA]       SYMBOLS USED IN COLUMN 16

AVERAGE MONTHLY: 65.5   TOTAL FOR MONTH:   2.59    1 = FOG OR MIST
DPTR FM NORMAL:   4.5   DPTR FM NORMAL:    0.13    2 = FOG REDUCING VISIBILITY
HIGHEST:    92 ON  9, 8  GRTST 24HR  1.57 ON 10-11      TO 1/4 MILE OR LESS
LOWEST:     37 ON 17,16                             3 = THUNDER
                        SNOW, ICE PELLETS, HAIL    4 = ICE PELLETS
                        TOTAL MONTH:   0.0 INCH    5 = HAIL
                        GRTST 24HR  0.0            6 = FREEZING RAIN OR DRIZZLE
                        GRTST DEPTH:  0            7 = DUSTSTORM OR SANDSTORM:
                                                       VSBY 1/2 MILE OR LESS
                                                   8 = SMOKE OR HAZE
[NO. OF DAYS WITH]      [WEATHER - DAYS WITH]      9 = BLOWING SNOW
                                                   X = TORNADO
MAX 32 OR BELOW:   0    0.01 INCH OR MORE:   6
MAX 90 OR ABOVE:   2    0.10 INCH OR MORE:   5
MIN 32 OR BELOW:   0    0.50 INCH OR MORE:   2
MIN  0 OR BELOW:   0    1.00 INCH OR MORE:   1

[HDD (BASE 65) ]
TOTAL THIS MO.    43    CLEAR  (SCALE 0-3)  12
DPTR FM NORMAL   -68    PTCLDY (SCALE 4-7)   8
TOTAL FM JUL 1    47    CLOUDY (SCALE 8-10)  0
DPTR FM NORMAL   -96

[CDD (BASE 65) ]
TOTAL THIS MO.    58
DPTR FM NORMAL    24    [PRESSURE DATA]
TOTAL FM JAN 1  1756    HIGHEST SLP M ON M
DPTR FM NORMAL    78    LOWEST  SLP 29.30 ON 11

[REMARKS]
