000
CXUS54 KEWX 011011
CF6T82
PRELIMINARY LOCAL CLIMATOLOGICAL DATA (WS FORM: F-6)
STATION: FREDERICKSBURG
MONTH: APRIL
YEAR: 2020
LATITUDE: 30 15 N
LONGITUDE: 98 55 W
TEMPERATURE IN F: :PCPN: SNOW: WIND :SUNSHINE: SKY :PK WND
================================================================================
1 2 3 4 5 6A 6B 7 8 9 10 11 12 13 14 15 16 17 18
12Z AVG MX 2MIN
DY MAX MIN AVG DEP HDD CDD WTR SNW DPTH SPD SPD DIR MIN PSBL S-S WX SPD DR
================================================================================
1 75 47 61 M 4 0 0.00 M M 4.7 13 170 M M 0 18 170
2 72 60 66 M 0 1 0.10 M M 7.4 12 180 M M 7 1 16 160
3 73 47 60 M 5 0 0.50 M M 5.5 14 360 M M 10 13 20 360
4 51 43 47 M 18 0 0.92 M M 6.3 12 10 M M 10 1 20 340
5 64 47 56 M 9 0 0.00 M M 2.3 6 90 M M 10 1 M M
6 69 59 64 M 1 0 0.00 M M 3.8 8 170 M M 10 1 M M
7 82 60 71 M 0 6 0.00 M M 5.4 13 190 M M 5 12 16 190
8 86 67 77 M 0 12 0.00 M M 4.2 9 220 M M 2 1 M M
9 84 65 75 M 0 10 0.02 M M 3.0 15 360 M M 2 21 360
10 71 58 65 M 0 0 0.00 M M 5.0 10 70 M M 4 M M
11 74 60 67 M 0 2 0.00 M M 6.2 10 170 M M 9 1 18 170
12 77 62 70 M 0 5 0.27 M M 10.6 23 270 M M 5 3 32 270
13 76 38 57 M 8 0 0.00 M M 10.0 17 10 M M 0 25 330
14 60 39 50 M 15 0 0.00 M M 8.0 13 20 M M 4 18 20
15 68 37 53 M 12 0 0.00 M M 3.7 8 80 M M 1 M M
16 72 41 57 M 8 0 0.00 M M 6.2 16 180 M M 0 22 190
17 69 52 61 M 4 0 0.05 M M 7.6 14 190 M M 8 18 190
18 64 48 56 M 9 0 0.00 M M 5.3 10 20 M M 10 18 17 20
19 85 60 73 M 0 8 0.00 M M 6.0 18 300 M M 7 1 28 300
20 88 44 66 M 0 1 0.00 M M 3.9 14 310 M M 0 17 310
21 82 58 70 M 0 5 0.00 M M 3.9 10 170 M M 3 16 180
22 87 53 70 M 0 5 0.02 M M 7.0 12 250 M M 6 1 10 170
23 85 47 66 M 0 1 0.00 M M 2.4 9 40 M M 0 M M
24 93 54 74 M 0 9 0.00 M M 6.6 20 200 M M 0 29 220
25 77 51 64 M 1 0 0.00 M M 8.5 20 360 M M 1 23 360
26 82 43 63 M 2 0 0.00 M M 3.7 12 180 M M 0 17 160
27 85 58 72 M 0 7 0.00 M M 9.6 29 160 M M 1 43 160
28 89 66 78 M 0 13 0.00 M M 10.7 29 160 M M 3 43 160
29 85 64 75 M 0 10 0.00 M M 9.8 22 20 M M 2 1 41 20
30 86 44 65 M 0 0 0.00 M M 2.5 8 180 M M 0 M M
================================================================================
SM 2311 1572 96 95 1.88 M 179.8 M 120
================================================================================
AV 77.0 52.4 6.0 FASTST M M 4 MAX(MPH)
MISC ----> # 29 160 # 43 160
================================================================================
NOTES:
# LAST OF SEVERAL OCCURRENCES
COLUMN 17 PEAK WIND IN M.P.H.
PRELIMINARY LOCAL CLIMATOLOGICAL DATA (WS FORM: F-6) , PAGE 2
STATION: FREDERICKSBURG
MONTH: APRIL
YEAR: 2020
LATITUDE: 30 15 N
LONGITUDE: 98 55 W
[TEMPERATURE DATA] [PRECIPITATION DATA] SYMBOLS USED IN COLUMN 16
AVERAGE MONTHLY: 64.7 TOTAL FOR MONTH: 1.88 1 = FOG OR MIST
DPTR FM NORMAL: M DPTR FM NORMAL: M 2 = FOG REDUCING VISIBILITY
HIGHEST: 93 ON 24 GRTST 24HR 0.92 ON 4- 4 TO 1/4 MILE OR LESS
LOWEST: 37 ON 15 3 = THUNDER
SNOW, ICE PELLETS, HAIL 4 = ICE PELLETS
TOTAL MONTH: M 5 = HAIL
GRTST 24HR M ON M 6 = FREEZING RAIN OR DRIZZLE
GRTST DEPTH: M ON M 7 = DUSTSTORM OR SANDSTORM:
VSBY 1/2 MILE OR LESS
8 = SMOKE OR HAZE
[NO. OF DAYS WITH] [WEATHER - DAYS WITH] 9 = BLOWING SNOW
X = TORNADO
MAX 32 OR BELOW: 0 0.01 INCH OR MORE: 7
MAX 90 OR ABOVE: 1 0.10 INCH OR MORE: 4
MIN 32 OR BELOW: 0 0.50 INCH OR MORE: 2
MIN 0 OR BELOW: 0 1.00 INCH OR MORE: 0
[HDD (BASE 65) ]
TOTAL THIS MO. 96 CLEAR (SCALE 0-3) 16
DPTR FM NORMAL M PTCLDY (SCALE 4-7) 7
TOTAL FM JUL 1 1858 CLOUDY (SCALE 8-10) 7
DPTR FM NORMAL M
[CDD (BASE 65) ]
TOTAL THIS MO. 95
DPTR FM NORMAL M [PRESSURE DATA]
TOTAL FM JAN 1 170 HIGHEST SLP M ON M
DPTR FM NORMAL M LOWEST SLP M ON M
[REMARKS]
#FINAL-04-20#