000
CDUS44 KFWD 222129
CLIDFW


CLIMATE REPORT
NATIONAL WEATHER SERVICE FORT WORTH TX
429 PM CDT WED MAY 22 2019


...................................

...THE DALLAS FORT WORTH CLIMATE SUMMARY FOR MAY 22 2019...
VALID AS OF 0400 PM LOCAL TIME.

CLIMATE NORMAL PERIOD 1981 TO 2010
CLIMATE RECORD PERIOD 1898 TO 2019


WEATHER ITEM   OBSERVED TIME   RECORD YEAR NORMAL DEPARTURE LAST
                VALUE   (LST)  VALUE       VALUE  FROM      YEAR
                                                  NORMAL
..................................................................
TEMPERATURE (F)
 TODAY
  MAXIMUM         89    259 PM  99    2005  85      4       89
  MINIMUM         64    210 AM  51    1931  66     -2       68
  AVERAGE         77

PRECIPITATION (IN)
  TODAY            0.00          1.62 1940   0.16  -0.16     0.00
  MONTH TO DATE    7.28                      3.50   3.78     1.86
  SINCE MAR 1     16.04                     10.06   5.98     5.53
  SINCE JAN 1     18.91                     14.85   4.06    17.69

..................................................................


WIND (MPH)
  HIGHEST WIND SPEED    29   HIGHEST WIND DIRECTION     S (170)
  HIGHEST GUST SPEED    38   HIGHEST GUST DIRECTION     S (190)
  AVERAGE WIND SPEED    14.0




..........................................................


THE DALLAS FORT WORTH CLIMATE NORMALS FOR TOMORROW
                         NORMAL    RECORD    YEAR
 MAXIMUM TEMPERATURE (F)   86        96      1996
                                             1962
 MINIMUM TEMPERATURE (F)   66        50      1917


SUNRISE AND SUNSET
MAY 22 2019...........SUNRISE   625 AM CDT   SUNSET   825 PM CDT
MAY 23 2019...........SUNRISE   624 AM CDT   SUNSET   826 PM CDT


-  INDICATES NEGATIVE NUMBERS.
R  INDICATES RECORD WAS SET OR TIED.
MM INDICATES DATA IS MISSING.
T  INDICATES TRACE AMOUNT.




$$
