000
CDUS44 KFWD 060642
CLIDFW


CLIMATE REPORT
NATIONAL WEATHER SERVICE FORT WORTH TX
141 AM CDT THU AUG 6 2020


...................................

...THE DALLAS FORT WORTH CLIMATE SUMMARY FOR AUGUST 5 2020...

CLIMATE NORMAL PERIOD 1981 TO 2010
CLIMATE RECORD PERIOD 1898 TO 2020


WEATHER ITEM   OBSERVED TIME   RECORD YEAR NORMAL DEPARTURE LAST
                VALUE   (LST)  VALUE       VALUE  FROM      YEAR
                                                  NORMAL
..................................................................
TEMPERATURE (F)
 YESTERDAY
  MAXIMUM         90    606 PM 107    2011  97     -7       96
  MINIMUM         76    646 AM  64    1948  76      0       77
  AVERAGE         83                        86     -3       87

PRECIPITATION (IN)
  YESTERDAY        T             1.81 1930   0.05  -0.05     0.00
  MONTH TO DATE    T                         0.26  -0.26     0.22
  SINCE JUN 1      7.66                      6.21   1.45     5.13
  SINCE JAN 1     32.73                     22.46  10.27    24.91

DEGREE DAYS
 HEATING
  YESTERDAY        0                         0      0        0
  MONTH TO DATE    0                         0      0        0
  SINCE JUN 1      0                         0      0        0
  SINCE JUL 1      0                         0      0        0

 COOLING
  YESTERDAY       18                        21     -3       22
  MONTH TO DATE   88                       105    -17      105
  SINCE JUN 1   1254                      1227     27     1175
  SINCE JAN 1   1740                      1649     91     1604
..................................................................


WIND (MPH)
  HIGHEST WIND SPEED    18   HIGHEST WIND DIRECTION    NE (30)
  HIGHEST GUST SPEED    25   HIGHEST GUST DIRECTION    NE (30)
  AVERAGE WIND SPEED     9.8


SKY COVER
  POSSIBLE SUNSHINE  MM
  AVERAGE SKY COVER 0.6


WEATHER CONDITIONS
 THE FOLLOWING WEATHER WAS RECORDED YESTERDAY.
  NO SIGNIFICANT WEATHER WAS OBSERVED.


RELATIVE HUMIDITY (PERCENT)
 HIGHEST    85          1100 PM
 LOWEST     51          1200 AM
 AVERAGE    68

..........................................................


THE DALLAS FORT WORTH CLIMATE NORMALS FOR TODAY
                         NORMAL    RECORD    YEAR
 MAXIMUM TEMPERATURE (F)   97       109      2003
 MINIMUM TEMPERATURE (F)   76        65      1990
                                             1912


SUNRISE AND SUNSET
AUGUST  6 2020........SUNRISE   646 AM CDT   SUNSET   822 PM CDT
AUGUST  7 2020........SUNRISE   646 AM CDT   SUNSET   821 PM CDT


-  INDICATES NEGATIVE NUMBERS.
R  INDICATES RECORD WAS SET OR TIED.
MM INDICATES DATA IS MISSING.
T  INDICATES TRACE AMOUNT.




$$
