000
CDUS44 KFWD 210708
CLIDFW


CLIMATE REPORT
NATIONAL WEATHER SERVICE FORT WORTH TX
108 AM CST TUE JAN 21 2020


...................................

...THE DALLAS FORT WORTH CLIMATE SUMMARY FOR JANUARY 20 2020...

CLIMATE NORMAL PERIOD 1981 TO 2010
CLIMATE RECORD PERIOD 1898 TO 2020


WEATHER ITEM   OBSERVED TIME   RECORD YEAR NORMAL DEPARTURE LAST
                VALUE   (LST)  VALUE       VALUE  FROM      YEAR
                                                  NORMAL
..................................................................
TEMPERATURE (F)
 YESTERDAY
  MAXIMUM         57    339 PM  83    1986  57      0       47
  MINIMUM         34    616 AM  10    1985  35     -1       25
  AVERAGE         46                        46      0       36

PRECIPITATION (IN)
  YESTERDAY        0.00          0.76 2007   0.08  -0.08     0.00
  MONTH TO DATE    3.93                      1.29   2.64     1.56
  SINCE DEC 1      5.10                      3.84   1.26     6.11
  SINCE JAN 1      3.93                      1.29   2.64     1.56

SNOWFALL (IN)
  YESTERDAY        0.0           T    1979   0.0    0.0      0.0
                                      1958
                                      1954
  MONTH TO DATE    0.2                       0.1    0.1       T
  SINCE DEC 1      0.2                       0.4   -0.2       T
  SINCE JUL 1      0.2                       0.4   -0.2       T
  SNOW DEPTH       0

DEGREE DAYS
 HEATING
  YESTERDAY       19                        19      0       29
  MONTH TO DATE  270                       391   -121      359
  SINCE DEC 1    726                       949   -223      866
  SINCE JUL 1   1220                      1303    -83     1338

 COOLING
  YESTERDAY        0                         0      0        0
  MONTH TO DATE    5                         0      5        0
  SINCE DEC 1      5                         4      1        0
  SINCE JAN 1      5                         0      5        0
..................................................................


WIND (MPH)
  HIGHEST WIND SPEED     9   HIGHEST WIND DIRECTION     N (340)
  HIGHEST GUST SPEED    12   HIGHEST GUST DIRECTION     N (340)
  AVERAGE WIND SPEED     4.0


SKY COVER
  POSSIBLE SUNSHINE  MM
  AVERAGE SKY COVER 0.4


WEATHER CONDITIONS
 THE FOLLOWING WEATHER WAS RECORDED YESTERDAY.
  NO SIGNIFICANT WEATHER WAS OBSERVED.


RELATIVE HUMIDITY (PERCENT)
 HIGHEST    70           600 AM
 LOWEST     27           300 PM
 AVERAGE    49

..........................................................


THE DALLAS FORT WORTH CLIMATE NORMALS FOR TODAY
                         NORMAL    RECORD    YEAR
 MAXIMUM TEMPERATURE (F)   57        79      2005
                                             1952
                                             1909
 MINIMUM TEMPERATURE (F)   36         7      1935


SUNRISE AND SUNSET
JANUARY 21 2020.......SUNRISE   729 AM CST   SUNSET   550 PM CST
JANUARY 22 2020.......SUNRISE   729 AM CST   SUNSET   551 PM CST


-  INDICATES NEGATIVE NUMBERS.
R  INDICATES RECORD WAS SET OR TIED.
MM INDICATES DATA IS MISSING.
T  INDICATES TRACE AMOUNT.




$$
