000
CDUS44 KFWD 062228
CLIDFW

CLIMATE REPORT
NATIONAL WEATHER SERVICE
428 PM CST SAT MAR 06 2021

...................................

...THE DALLAS/FORT WORTH CLIMATE SUMMARY FOR MARCH 6 2021...
VALID AS OF 0400 PM LOCAL TIME.

CLIMATE NORMAL PERIOD 1981 TO 2010
CLIMATE RECORD PERIOD 1898 TO 2021


WEATHER ITEM   OBSERVED TIME   RECORD YEAR NORMAL DEPARTURE LAST
                VALUE   (LST)  VALUE       VALUE  FROM      YEAR
                                                  NORMAL
...................................................................
TEMPERATURE (F)
 TODAY
  MAXIMUM         65    355 PM  90    1916  65      0       67
                                      1929
  MINIMUM         42    712 AM  20    1989  45     -3       40
  AVERAGE         54

PRECIPITATION (IN)
  TODAY            0.00          0.93 2008   0.13  -0.13     0.00
  MONTH TO DATE    0.19                      0.68  -0.49     0.88
  SINCE MAR 1      0.19                      0.68  -0.49     0.88
  SINCE JAN 1      3.26                      5.47  -2.21     9.76

SNOWFALL (IN)
  TODAY            0.0           1.1  2008   0.1   -0.1      0.0
  MONTH TO DATE    0.0                       0.1   -0.1      0.0
  SINCE MAR 1      0.0                       0.1   -0.1      0.0
  SINCE JUL 1      5.0                       1.5    3.5      0.2
  SNOW DEPTH       0

...................................................................


WIND (MPH)
  HIGHEST WIND SPEED    14   HIGHEST WIND DIRECTION     E (70)
  HIGHEST GUST SPEED    30   HIGHEST GUST DIRECTION     E (70)
  AVERAGE WIND SPEED     9.0

..........................................................


THE DALLAS/FORT WORTH CLIMATE NORMALS FOR TOMORROW
                         NORMAL    RECORD    YEAR
 MAXIMUM TEMPERATURE (F)   66        90      1911
 MINIMUM TEMPERATURE (F)   45        20      1920
                                             1943
                                             1989


SUNRISE AND SUNSET
MARCH  6 2021.........SUNRISE   649 AM CST   SUNSET   629 PM CST
MARCH  7 2021.........SUNRISE   648 AM CST   SUNSET   630 PM CST


-  INDICATES NEGATIVE NUMBERS.
R  INDICATES RECORD WAS SET OR TIED.
MM INDICATES DATA IS MISSING.
T  INDICATES TRACE AMOUNT.




$$
