000
CDUS44 KFWD 230659
CLIDFW


CLIMATE REPORT
NATIONAL WEATHER SERVICE FORT WORTH TX
156 AM CDT WED OCT 23 2019


...................................

...THE DALLAS FORT WORTH CLIMATE SUMMARY FOR OCTOBER 22 2019...

CLIMATE NORMAL PERIOD 1981 TO 2010
CLIMATE RECORD PERIOD 1898 TO 2019


WEATHER ITEM   OBSERVED TIME   RECORD YEAR NORMAL DEPARTURE LAST
                VALUE   (LST)  VALUE       VALUE  FROM      YEAR
                                                  NORMAL
..................................................................
TEMPERATURE (F)
 YESTERDAY
  MAXIMUM         74    336 PM  94    1939  77     -3       65
  MINIMUM         47    623 AM  31    1898  55     -8       47
  AVERAGE         61                        66     -5       56

PRECIPITATION (IN)
  YESTERDAY        0.00          2.58 2015   0.15  -0.15      T
  MONTH TO DATE    2.03                      2.90  -0.87    12.30
  SINCE SEP 1      2.03                      5.45  -3.42    24.99
  SINCE JAN 1     29.16                     29.56  -0.40    47.20

SNOWFALL (IN)
  YESTERDAY        0.0           0.0         0.0    0.0      0.0
  MONTH TO DATE    0.0                       0.0    0.0      0.0
  SINCE SEP 1      0.0                       0.0    0.0      0.0
  SINCE JUL 1      0.0                       0.0    0.0      0.0
  SNOW DEPTH       0

DEGREE DAYS
 HEATING
  YESTERDAY        4                         3      1        9
  MONTH TO DATE   39                        33      6       80
  SINCE SEP 1     39                        39      0       80
  SINCE JUL 1     39                        39      0       80

 COOLING
  YESTERDAY        0                         3     -3        0
  MONTH TO DATE  171                       120     51      122
  SINCE SEP 1    794                       515    279      523
  SINCE JAN 1   2996                      2697    299     3122
..................................................................


WIND (MPH)
  HIGHEST WIND SPEED    12   HIGHEST WIND DIRECTION     N (340)
  HIGHEST GUST SPEED    13   HIGHEST GUST DIRECTION     N (350)
  AVERAGE WIND SPEED     5.0


SKY COVER
  POSSIBLE SUNSHINE  MM
  AVERAGE SKY COVER 0.0


WEATHER CONDITIONS
 THE FOLLOWING WEATHER WAS RECORDED YESTERDAY.
  HAZE


RELATIVE HUMIDITY (PERCENT)
 HIGHEST    66           600 AM
 LOWEST     15           300 PM
 AVERAGE    41

..........................................................


THE DALLAS FORT WORTH CLIMATE NORMALS FOR TODAY
                         NORMAL    RECORD    YEAR
 MAXIMUM TEMPERATURE (F)   76        91      1939
                                             1925
 MINIMUM TEMPERATURE (F)   55        36      1990
                                             1917


SUNRISE AND SUNSET
OCTOBER 23 2019.......SUNRISE   738 AM CDT   SUNSET   646 PM CDT
OCTOBER 24 2019.......SUNRISE   739 AM CDT   SUNSET   645 PM CDT


-  INDICATES NEGATIVE NUMBERS.
R  INDICATES RECORD WAS SET OR TIED.
MM INDICATES DATA IS MISSING.
T  INDICATES TRACE AMOUNT.




$$
