000
CDUS44 KFWD 252210
CLIDFW


CLIMATE REPORT
NATIONAL WEATHER SERVICE FORT WORTH TX
510 PM CDT MON MAR 25 2019


...................................

...THE DALLAS FORT WORTH CLIMATE SUMMARY FOR MARCH 25 2019...
VALID AS OF 0500 PM LOCAL TIME.

CLIMATE NORMAL PERIOD 1981 TO 2010
CLIMATE RECORD PERIOD 1898 TO 2019


WEATHER ITEM   OBSERVED TIME   RECORD YEAR NORMAL DEPARTURE LAST
                VALUE   (LST)  VALUE       VALUE  FROM      YEAR
                                                  NORMAL
..................................................................
TEMPERATURE (F)
 TODAY
  MAXIMUM         72    343 PM  97    1899  71      1       78
  MINIMUM         53    700 AM  26    1955  49      4       63
  AVERAGE         63

PRECIPITATION (IN)
  TODAY            0.00          3.40 1904   0.12  -0.12     0.00
  MONTH TO DATE    2.00                      2.86  -0.86     0.65
  SINCE MAR 1      2.00                      2.86  -0.86     0.65
  SINCE JAN 1      4.87                      7.65  -2.78    12.81

SNOWFALL (IN)
  TODAY            0.0           T    1996   0.0    0.0      0.0
  MONTH TO DATE    0.0                       0.2   -0.2      0.0
  SINCE MAR 1      0.0                       0.2   -0.2      0.0
  SINCE JUL 1      T                         1.6   -1.6       T
  SNOW DEPTH       0

..................................................................


WIND (MPH)
  HIGHEST WIND SPEED    18   HIGHEST WIND DIRECTION     N (360)
  HIGHEST GUST SPEED    23   HIGHEST GUST DIRECTION     N (20)
  AVERAGE WIND SPEED    11.8




..........................................................


THE DALLAS FORT WORTH CLIMATE NORMALS FOR TOMORROW
                         NORMAL    RECORD    YEAR
 MAXIMUM TEMPERATURE (F)   71        91      1909
 MINIMUM TEMPERATURE (F)   49        23      1955


SUNRISE AND SUNSET
MARCH 25 2019.........SUNRISE   726 AM CDT   SUNSET   743 PM CDT
MARCH 26 2019.........SUNRISE   724 AM CDT   SUNSET   744 PM CDT


-  INDICATES NEGATIVE NUMBERS.
R  INDICATES RECORD WAS SET OR TIED.
MM INDICATES DATA IS MISSING.
T  INDICATES TRACE AMOUNT.




$$
