000
CXUS53 KLMK 180800
CF6FFT
PRELIMINARY LOCAL CLIMATOLOGICAL DATA (WS FORM: F-6)

                                          STATION:   FRANKFORT KY
                                          MONTH:     SEPTEMBER
                                          YEAR:      2019
                                          LATITUDE:   38 10 N
                                          LONGITUDE:  84 54 W

  TEMPERATURE IN F:       :PCPN:    SNOW:  WIND      :SUNSHINE: SKY     :PK WND
================================================================================
1   2   3   4   5  6A  6B    7    8   9   10  11  12  13   14  15   16   17  18
                                     12Z  AVG MX 2MIN
DY MAX MIN AVG DEP HDD CDD  WTR  SNW DPTH SPD SPD DIR MIN PSBL S-S WX    SPD DR
================================================================================

 1  90  65  78   5   0  13 0.00    M    M  4.4 14 210   M    M   1 12     21 230
 2  87  66  77   4   0  12 0.00    M    M  3.1 10 310   M    M   2        16  10
 3  88  61  75   3   0  10 0.00    M    M  3.1 13 210   M    M   0 1      19 210
 4  91  68  80   8   0  15 0.00    M    M  5.5 14 340   M    M   2        19 340
 5  82  59  71  -1   0   6 0.00    M    M  5.5 13 340   M    M   0        19 330
 6  87  53  70  -1   0   5 0.00    M    M  4.9 16 220   M    M   1 1      22 220
 7  77  58  68  -3   0   3 0.00    M    M  2.2  9 330   M    M   5        13 340
 8  82  53  68  -3   0   3 0.00    M    M  1.9  9 320   M    M   1 1      14 110
 9  90  59  75   5   0  10 0.00    M    M  2.1  8  60   M    M   0        12  60
10  98  60  79   9   0  14 0.00    M    M  4.0 15 210   M    M   0        20 230
11  94  73  84  14   0  19 0.00    M    M  3.9 13 230   M    M   1        22 230
12  95  69  82  13   0  17 0.00    M    M  2.1 10 300   M    M   0 1      17 260
13  97  67  82  13   0  17 0.00    M    M  4.5 17 230   M    M   1 1      24 220
14  85  59  72   4   0   7 0.00    M    M  3.2 10  40   M    M   0        15 360
15  92  54  73   5   0   8 0.00    M    M  1.7  9 240   M    M   0        16 250
16  95  62  79  11   0  14 0.00    M    M  3.8 14 320   M    M   2        21 300
17  88  69  79  12   0  14 0.00    M    M  4.8 13  50   M    M   0        20  40
================================================================================
SM 1518 1055         0 187  0.00    M     60.7          M       16
================================================================================
AV 89.3 62.1                               3.6 FASTST   M    M   1    MAX(MPH)
                                 MISC ---->  # 17 230               # 24  220
================================================================================
NOTES:
# LAST OF SEVERAL OCCURRENCES

COLUMN 17 PEAK WIND IN M.P.H.

PRELIMINARY LOCAL CLIMATOLOGICAL DATA (WS FORM: F-6) , PAGE 2

                                          STATION:  FRANKFORT KY
                                          MONTH:    SEPTEMBER
                                          YEAR:     2019
                                          LATITUDE:   38 10 N
                                          LONGITUDE:  84 54 W

[TEMPERATURE DATA]      [PRECIPITATION DATA]       SYMBOLS USED IN COLUMN 16

AVERAGE MONTHLY: 75.7   TOTAL FOR MONTH:   0.00    1 = FOG OR MIST
DPTR FM NORMAL:   5.4   DPTR FM NORMAL:   -1.97    2 = FOG REDUCING VISIBILITY
HIGHEST:    98 ON 10    GRTST 24HR  0.00 ON 17-17      TO 1/4 MILE OR LESS
LOWEST:     53 ON  8, 6                            3 = THUNDER
                        SNOW, ICE PELLETS, HAIL    4 = ICE PELLETS
                        TOTAL MONTH:    M          5 = HAIL
                        GRTST 24HR    M  ON   M    6 = FREEZING RAIN OR DRIZZLE
                        GRTST DEPTH:  M  ON   M    7 = DUSTSTORM OR SANDSTORM:
                                                       VSBY 1/2 MILE OR LESS
                                                   8 = SMOKE OR HAZE
[NO. OF DAYS WITH]      [WEATHER - DAYS WITH]      9 = BLOWING SNOW
                                                   X = TORNADO
MAX 32 OR BELOW:   0    0.01 INCH OR MORE:   0
MAX 90 OR ABOVE:   9    0.10 INCH OR MORE:   0
MIN 32 OR BELOW:   0    0.50 INCH OR MORE:   0
MIN  0 OR BELOW:   0    1.00 INCH OR MORE:   0

[HDD (BASE 65) ]
TOTAL THIS MO.     0    CLEAR  (SCALE 0-3)  16
DPTR FM NORMAL    -9    PTCLDY (SCALE 4-7)   1
TOTAL FM JUL 1     0    CLOUDY (SCALE 8-10)  0
DPTR FM NORMAL   -10

[CDD (BASE 65) ]
TOTAL THIS MO.   187
DPTR FM NORMAL    88    [PRESSURE DATA]
TOTAL FM JAN 1  1448    HIGHEST SLP M ON M
DPTR FM NORMAL   347    LOWEST  SLP 29.85 ON  6

[REMARKS]
