000
CDUS43 KLSX 242231
CLICOU


CLIMATE REPORT
NATIONAL WEATHER SERVICE ST LOUIS MO
529 PM CDT TUE APR 24 2018


...................................

...THE COLUMBIA ASOS CLIMATE SUMMARY FOR APRIL 24 2018...
VALID TODAY AS OF 0500 PM LOCAL TIME.

CLIMATE NORMAL PERIOD 1981 TO 2010
CLIMATE RECORD PERIOD 1890 TO 2018


WEATHER ITEM   OBSERVED TIME   RECORD YEAR NORMAL DEPARTURE LAST
                VALUE   (LST)  VALUE       VALUE  FROM      YEAR
                                                  NORMAL
..................................................................
TEMPERATURE (F)
 TODAY
  MAXIMUM         76    352 PM  88    1965  69      7       77
  MINIMUM         50    613 AM  27    1910  47      3       45
  AVERAGE         63                        58      5       61

PRECIPITATION (IN)
  TODAY            0.00          2.84 2010   0.18  -0.18     0.00
  MONTH TO DATE    0.45                      3.47  -3.02     1.76
  SINCE MAR 1      3.79                      6.38  -2.59     4.97
  SINCE JAN 1      9.00                     10.55  -1.55     6.19

SNOWFALL (IN)
  TODAY            0.0           T    2013   0.0    0.0      0.0
                                      1961
  MONTH TO DATE    0.6                       0.2    0.4      0.0
  SINCE MAR 1      0.9                       1.9   -1.0       T
  SINCE JUL 1      4.1                      18.0  -13.9      1.6
  SNOW DEPTH       0

DEGREE DAYS
 HEATING
  TODAY            2                         8     -6        4
  MONTH TO DATE  429                       276    153      141
  SINCE MAR 1   1090                       912    178      640
  SINCE JUL 1   4729                      4858   -129     3681

 COOLING
  TODAY            0                         1     -1        0
  MONTH TO DATE   12                        17     -5       35
  SINCE MAR 1     12                        20     -8       39
  SINCE JAN 1     12                        20     -8       43
..................................................................


WIND (MPH)
  HIGHEST WIND SPEED    20   HIGHEST WIND DIRECTION    NE (30)
  HIGHEST GUST SPEED    26   HIGHEST GUST DIRECTION     N (20)
  AVERAGE WIND SPEED     8.9


SKY COVER
  AVERAGE SKY COVER 0.5



RELATIVE HUMIDITY (PERCENT)
 HIGHEST    89           200 AM
 LOWEST     33           400 PM
 AVERAGE    61

..........................................................


THE COLUMBIA ASOS CLIMATE NORMALS FOR TOMORROW
                         NORMAL    RECORD    YEAR
 MAXIMUM TEMPERATURE (F)   69        89      1986
 MINIMUM TEMPERATURE (F)   47        32      1934
                                             1910


SUNRISE AND SUNSET
APRIL 24 2018.........SUNRISE   620 AM CDT   SUNSET   755 PM CDT
APRIL 25 2018.........SUNRISE   619 AM CDT   SUNSET   756 PM CDT


-  INDICATES NEGATIVE NUMBERS.
R  INDICATES RECORD WAS SET OR TIED.
MM INDICATES DATA IS MISSING.
T  INDICATES TRACE AMOUNT.




$$
