000
CXUS52 KRAH 010845
CF6RDU
PRELIMINARY LOCAL CLIMATOLOGICAL DATA (WS FORM: F-6)
STATION: RALEIGH-DURHAM INTL AIRPORT NC
MONTH: AUGUST
YEAR: 2020
LATITUDE: 35 52 N
LONGITUDE: 78 47 W
TEMPERATURE IN F: :PCPN: SNOW: WIND :SUNSHINE: SKY :PK WND
================================================================================
1 2 3 4 5 6A 6B 7 8 9 10 11 12 13 14 15 16 17 18
12Z AVG MX 2MIN
DY MAX MIN AVG DEP HDD CDD WTR SNW DPTH SPD SPD DIR MIN PSBL S-S WX SPD DR
================================================================================
1 94 75 85 5 0 20 0.00 0.0 0 6.3 18 150 M M 7 24 180
2 94 75 85 5 0 20 0.00 0.0 0 11.5 20 200 M M 5 27 240
3 84 71 78 -2 0 13 1.01 0.0 0 5.6 22 100 M M 8 13 26 100
4 88 69 79 -1 0 14 1.64 0.0 0 8.3 17 20 M M 7 1 27 20
5 89 71 80 0 0 15 0.00 0.0 0 5.4 14 180 M M 7 12 16 170
6 87 72 80 0 0 15 0.06 0.0 0 2.8 22 40 M M 8 13 30 50
7 89 72 81 2 0 16 0.01 0.0 0 4.6 14 210 M M 8 3 17 220
8 90 71 81 2 0 16 0.00 0.0 0 3.9 14 90 M M 7 17 90
9 92 70 81 2 0 16 0.02 0.0 0 3.3 13 170 M M 5 13 16 150
10 89 71 80 1 0 15 0.00 0.0 0 4.3 16 60 M M 5 3 21 60
11 90 71 81 2 0 16 0.00 0.0 0 4.6 10 170 M M 4 16 170
12 91 72 82 3 0 17 0.00 0.0 0 4.6 12 120 M M 4 16 140
13 90 73 82 3 0 17 0.06 0.0 0 3.9 14 30 M M 8 13 18 30
14 89 72 81 2 0 16 0.63 0.0 M 3.5 16 40 M M 9 13 23 20
15 87 71 79 0 0 14 1.38 0.0 M 3.7 14 350 M M 9 13 19 360
16 79 67 73 -6 0 8 0.02 0.0 0 4.2 12 30 M M 9 1 14 20
17 86 64 75 -4 0 10 0.11 0.0 M 2.4 12 250 M M 6 13 14 310
18 87 65 76 -2 0 11 0.00 0.0 M 1.8 9 210 M M 8 12 11 210
19 87 66 77 -1 0 12 1.07 0.0 0 3.5 15 80 M M 7 13 21 50
20 85 68 77 -1 0 12 0.00 0.0 0 5.4 12 90 M M 7 1 15 60
21 84 71 78 0 0 13 T 0.0 0 4.3 13 130 M M 9 1 17 140
22 86 73 80 2 0 15 0.01 0.0 0 5.2 13 240 M M 9 15 250
23 89 72 81 3 0 16 0.00 0.0 0 8.5 17 220 M M 7 22 220
24 86 74 80 2 0 15 T 0.0 0 7.3 16 230 M M 10 20 240
25 91 73 82 4 0 17 0.00 0.0 0 7.7 15 240 M M 7 20 260
26 89 71 80 3 0 15 0.00 0.0 0 3.5 12 40 M M 3 16 40
27 93 71 82 5 0 17 0.00 0.0 0 7.2 17 230 M M 6 27 220
28 92 76 84 7 0 19 T 0.0 0 9.7 18 230 M M 8 3 23 230
29 87 77 82 5 0 17 0.03 0.0 0 11.9 25 230 M M 7 32 250
30 88 69 79 2 0 14 0.00 0.0 0 2.6 12 50 M M 4 14 50
31 90 74 82 6 0 17 2.30 0.0 M 8.2 21 50 M M 8 13 26 160
================================================================================
SM 2742 2207 0 468 8.35 0.0 169.7 M 216
================================================================================
AV 88.5 71.2 5.5 FASTST M M 7 MAX(MPH)
MISC ----> 25 230 32 250
================================================================================
NOTES:
# LAST OF SEVERAL OCCURRENCES
COLUMN 17 PEAK WIND IN M.P.H.
PRELIMINARY LOCAL CLIMATOLOGICAL DATA (WS FORM: F-6) , PAGE 2
STATION: RALEIGH-DURHAM INTL AIRPORT NC
MONTH: AUGUST
YEAR: 2020
LATITUDE: 35 52 N
LONGITUDE: 78 47 W
[TEMPERATURE DATA] [PRECIPITATION DATA] SYMBOLS USED IN COLUMN 16
AVERAGE MONTHLY: 79.8 TOTAL FOR MONTH: 8.35 1 = FOG OR MIST
DPTR FM NORMAL: 1.3 DPTR FM NORMAL: 4.09 2 = FOG REDUCING VISIBILITY
HIGHEST: 94 ON 2, 1 GRTST 24HR 2.65 ON 3- 4 TO 1/4 MILE OR LESS
LOWEST: 64 ON 17 3 = THUNDER
SNOW, ICE PELLETS, HAIL 4 = ICE PELLETS
TOTAL MONTH: 0.0 INCH 5 = HAIL
GRTST 24HR 0.0 6 = FREEZING RAIN OR DRIZZLE
GRTST DEPTH: 0 7 = DUSTSTORM OR SANDSTORM:
VSBY 1/2 MILE OR LESS
8 = SMOKE OR HAZE
[NO. OF DAYS WITH] [WEATHER - DAYS WITH] 9 = BLOWING SNOW
X = TORNADO
MAX 32 OR BELOW: 0 0.01 INCH OR MORE: 14
MAX 90 OR ABOVE: 11 0.10 INCH OR MORE: 7
MIN 32 OR BELOW: 0 0.50 INCH OR MORE: 6
MIN 0 OR BELOW: 0 1.00 INCH OR MORE: 5
[HDD (BASE 65) ]
TOTAL THIS MO. 0 CLEAR (SCALE 0-3) 0
DPTR FM NORMAL -1 PTCLDY (SCALE 4-7) 21
TOTAL FM JUL 1 0 CLOUDY (SCALE 8-10) 10
DPTR FM NORMAL 0
[CDD (BASE 65) ]
TOTAL THIS MO. 468
DPTR FM NORMAL 49 [PRESSURE DATA]
TOTAL FM JAN 1 1568 HIGHEST SLP 30.16 ON 24
DPTR FM NORMAL 127 LOWEST SLP 29.66 ON 4
[REMARKS]
#FINAL-08-20#