000
CXUS55 KSTO 011400
CF6STO
PRELIMINARY LOCAL CLIMATOLOGICAL DATA (WS FORM: F-6)
STATION: SACRAMENTO CITY
MONTH: FEBRUARY
YEAR: 2023
LATITUDE: 38 36 N
LONGITUDE: 121 23 W
TEMPERATURE IN F: :PCPN: SNOW: WIND :SUNSHINE: SKY :PK WND
================================================================================
1 2 3 4 5 6A 6B 7 8 9 10 11 12 13 14 15 16 17 18
12Z AVG MX 2MIN
DY MAX MIN AVG DEP HDD CDD WTR SNW DPTH SPD SPD DIR MIN PSBL S-S WX SPD DR
================================================================================
1 56 34 45 -6 20 0 0.00 0.0 M M M M M M M M M
2 55 35 45 -6 20 0 0.00 0.0 M M M M M M M M M
3 57 43 50 -1 15 0 0.11 0.0 M M M M M M M M M
4 61 39 50 -1 15 0 0.14 0.0 M M M M M M M M M
5 59 41 50 -1 15 0 0.05 0.0 M M M M M M M M M
6 61 39 50 -1 15 0 0.00 0.0 M M M M M M M M M
7 62 38 50 -2 15 0 0.00 0.0 M M M M M M M M M
8 62 38 50 -2 15 0 0.00 0.0 M M M M M M M M M
9 66 39 53 1 12 0 0.00 0.0 M M M M M M M M M
10 65 43 54 2 11 0 0.00 0.0 M M M M M M M M M
11 57 43 50 -2 15 0 0.00 0.0 M M M M M M M M M
12 71 42 57 5 8 0 0.00 0.0 M M M M M M M M M
13 67 41 54 1 11 0 0.00 0.0 M M M M M M M M M
14 55 41 48 -5 17 0 0.00 0.0 M M M M M M M M M
15 58 37 48 -5 17 0 0.00 0.0 M M M M M M M M M
16 58 36 47 -6 18 0 0.00 0.0 M M M M M M M M M
17 62 36 49 -4 16 0 0.00 0.0 M M M M M M M M M
18 61 35 48 -6 17 0 0.00 0.0 M M M M M M M M M
19 64 37 51 -3 14 0 0.00 0.0 M M M M M M M M M
20 71 40 56 2 9 0 0.00 0.0 M M M M M M M M M
21 66 45 56 2 9 0 0.00 0.0 M M M M M M M M M
22 55 35 45 -9 20 0 0.00 0.0 M M M M M M M M M
23 50 37 44 -10 21 0 0.06 0.0 M M M M M M M M M
24 48 40 44 -11 21 0 0.91 0.0 M M M M M M M M M
25 47 41 44 -11 21 0 0.02 0.0 M M M M M M M M M
26 50 43 47 -8 18 0 0.32 0.0 M M M M M M M M M
27 48 38 43 -12 22 0 0.37 0.0 M M M M M M M M M
28 48 39 44 -11 21 0 0.58 0.0 M M M M M M M M M
================================================================================
SM 1640 1095 448 0 2.56 0.0 M M M
================================================================================
AV 58.6 39.1 M FASTST M M M MAX(MPH)
MISC ----> M M M M
================================================================================
NOTES:
# LAST OF SEVERAL OCCURRENCES
COLUMN 17 PEAK WIND IN M.P.H.
PRELIMINARY LOCAL CLIMATOLOGICAL DATA (WS FORM: F-6) , PAGE 2
STATION: SACRAMENTO CITY
MONTH: FEBRUARY
YEAR: 2023
LATITUDE: 38 36 N
LONGITUDE: 121 23 W
[TEMPERATURE DATA] [PRECIPITATION DATA] SYMBOLS USED IN COLUMN 16
AVERAGE MONTHLY: 48.8 TOTAL FOR MONTH: 2.56 1 = FOG OR MIST
DPTR FM NORMAL: -4.1 DPTR FM NORMAL: -1.07 2 = FOG REDUCING VISIBILITY
HIGHEST: 71 ON 12,20 GRTST 24HR 0.91 ON 24-24 TO 1/4 MILE OR LESS
LOWEST: 34 ON 1 3 = THUNDER
SNOW, ICE PELLETS, HAIL 4 = ICE PELLETS
TOTAL MONTH: 0.0 INCH 5 = HAIL
GRTST 24HR 0.0 6 = FREEZING RAIN OR DRIZZLE
GRTST DEPTH: M ON M 7 = DUSTSTORM OR SANDSTORM:
VSBY 1/2 MILE OR LESS
8 = SMOKE OR HAZE
[NO. OF DAYS WITH] [WEATHER - DAYS WITH] 9 = BLOWING SNOW
X = TORNADO
MAX 32 OR BELOW: 0 0.01 INCH OR MORE: 9
MAX 90 OR ABOVE: 0 0.10 INCH OR MORE: 6
MIN 32 OR BELOW: 0 0.50 INCH OR MORE: 2
MIN 0 OR BELOW: 0 1.00 INCH OR MORE: 0
[HDD (BASE 65) ]
TOTAL THIS MO. 448 CLEAR (SCALE 0-3) 0
DPTR FM NORMAL 110 PTCLDY (SCALE 4-7) 0
TOTAL FM JUL 1 1873 CLOUDY (SCALE 8-10) 28
DPTR FM NORMAL 171
[CDD (BASE 65) ]
TOTAL THIS MO. 0
DPTR FM NORMAL 0 [PRESSURE DATA]
TOTAL FM JAN 1 0 HIGHEST SLP M ON M
DPTR FM NORMAL 0 LOWEST SLP M ON M
[REMARKS]
#FINAL-02-23#