000
CXUS55 KSTO 021552
CF6STO
PRELIMINARY LOCAL CLIMATOLOGICAL DATA (WS FORM: F-6)
STATION: SACRAMENTO CITY
MONTH: MAY
YEAR: 2021
LATITUDE: 38 36 N
LONGITUDE: 121 23 W
TEMPERATURE IN F: :PCPN: SNOW: WIND :SUNSHINE: SKY :PK WND
================================================================================
1 2 3 4 5 6A 6B 7 8 9 10 11 12 13 14 15 16 17 18
12Z AVG MX 2MIN
DY MAX MIN AVG DEP HDD CDD WTR SNW DPTH SPD SPD DIR MIN PSBL S-S WX SPD DR
================================================================================
1 85 52 69 5 0 4 0.00 M M M M M M M M M M
2 84 54 69 4 0 4 0.00 M M M M M M M M M M
3 88 62 75 10 0 10 0.00 M M M M M M M M M M
4 93 61 77 12 0 12 0.00 M M M M M M M M M M
5 95 59 77 12 0 12 0.00 M M M M M M M M M M
6 86 53 70 4 0 5 0.00 M M M M M M M M M M
7 83 52 68 2 0 3 0.00 0.0 M M M M M M M M M
8 87 61 74 8 0 9 0.00 0.0 M M M M M M M M M
9 88 65 77 11 0 12 0.00 0.0 M M M M M M M M M
10 90 63 77 11 0 12 0.00 0.0 M M M M M M M M M
11 97 57 77 10 0 12 0.00 0.0 M M M M M M M M M
12 96 61 79 12 0 14 0.00 0.0 M M M M M M M M M
13 90 54 72 5 0 7 0.00 M M M M M M M M M M
14 83 52 68 1 0 3 0.00 0.0 M M M M M M M M M
15 76 53 65 -3 0 0 0.00 0.0 M M M M M M M M M
16 78 53 66 -2 0 1 0.00 0.0 M M M M M M M M M
17 78 50 64 -4 1 0 0.00 0.0 M M M M M M M M M
18 86 55 71 3 0 6 0.00 0.0 M M M M M M M M M
19 78 52 65 -3 0 0 0.00 0.0 M M M M M M M M M
20 73 47 60 -8 5 0 0.00 M M M M M M M M M M
21 77 54 66 -3 0 1 0.00 0.0 M M M M M M M M M
22 79 50 65 -4 0 0 0.00 0.0 M M M M M M M M M
23 82 53 68 -1 0 3 0.00 M M M M M M M M M M
24 90 56 73 4 0 8 0.00 M M M M M M M M M M
25 88 61 75 5 0 10 0.00 0.0 M M M M M M M M M
26 90 56 73 3 0 8 0.00 0.0 M M M M M M M M M
27 91 54 73 3 0 8 0.00 M 0 M M M M M M M M
28 92 60 76 6 0 11 0.00 0.0 M M M M M M M M M
29 85 54 70 0 0 5 0.00 0.0 M M M M M M M M M
30 100 54 77 7 0 12 0.00 0.0 M M M M M M M M M
31 106 67 87 16 0 22 0.00 0.0 M M M M M M M M M
================================================================================
SM 2694 1735 6 214 0.00 0.0 M M M
================================================================================
AV 86.9 56.0 M FASTST M M M MAX(MPH)
MISC ----> M M M M
================================================================================
NOTES:
# LAST OF SEVERAL OCCURRENCES
COLUMN 17 PEAK WIND IN M.P.H.
PRELIMINARY LOCAL CLIMATOLOGICAL DATA (WS FORM: F-6) , PAGE 2
STATION: SACRAMENTO CITY
MONTH: MAY
YEAR: 2021
LATITUDE: 38 36 N
LONGITUDE: 121 23 W
[TEMPERATURE DATA] [PRECIPITATION DATA] SYMBOLS USED IN COLUMN 16
AVERAGE MONTHLY: 71.4 TOTAL FOR MONTH: 0.00 1 = FOG OR MIST
DPTR FM NORMAL: 3.7 DPTR FM NORMAL: -0.86 2 = FOG REDUCING VISIBILITY
HIGHEST: 106 ON 31 GRTST 24HR 0.00 ON 19-19 TO 1/4 MILE OR LESS
LOWEST: 47 ON 20 3 = THUNDER
SNOW, ICE PELLETS, HAIL 4 = ICE PELLETS
TOTAL MONTH: 0.0 INCH 5 = HAIL
GRTST 24HR 0.0 6 = FREEZING RAIN OR DRIZZLE
GRTST DEPTH: 0 7 = DUSTSTORM OR SANDSTORM:
VSBY 1/2 MILE OR LESS
8 = SMOKE OR HAZE
[NO. OF DAYS WITH] [WEATHER - DAYS WITH] 9 = BLOWING SNOW
X = TORNADO
MAX 32 OR BELOW: 0 0.01 INCH OR MORE: 0
MAX 90 OR ABOVE: 12 0.10 INCH OR MORE: 0
MIN 32 OR BELOW: 0 0.50 INCH OR MORE: 0
MIN 0 OR BELOW: 0 1.00 INCH OR MORE: 0
[HDD (BASE 65) ]
TOTAL THIS MO. 6 CLEAR (SCALE 0-3) 0
DPTR FM NORMAL -39 PTCLDY (SCALE 4-7) 0
TOTAL FM JUL 1 1921 CLOUDY (SCALE 8-10) 31
DPTR FM NORMAL -215
[CDD (BASE 65) ]
TOTAL THIS MO. 214
DPTR FM NORMAL 87 [PRESSURE DATA]
TOTAL FM JAN 1 267 HIGHEST SLP M ON M
DPTR FM NORMAL 104 LOWEST SLP M ON M
[REMARKS]
#FINAL-05-21#