000
CXUS53 KGID 020246
CF6EAR
PRELIMINARY LOCAL CLIMATOLOGICAL DATA (WS FORM: F-6)
STATION: KEARNEY NE
MONTH: FEBRUARY
YEAR: 2024
LATITUDE: 40 43 N
LONGITUDE: 99 0 W
TEMPERATURE IN F: :PCPN: SNOW: WIND :SUNSHINE: SKY :PK WND
================================================================================
1 2 3 4 5 6A 6B 7 8 9 10 11 12 13 14 15 16 17 18
12Z AVG MX 2MIN
DY MAX MIN AVG DEP HDD CDD WTR SNW DPTH SPD SPD DIR MIN PSBL S-S WX SPD DR
================================================================================
1 55 31 43 17 22 0 0.00 M M 5.7 12 60 M M 1 1 M M
2 57 32 45 19 20 0 T M M 8.5 15 100 M M 7 12 M M
3 46 39 43 17 22 0 0.24 M M 15.4 23 60 M M 10 12 30 90
4 42 34 38 12 27 0 0.19 M M 12.9 17 10 M M 10 1 M M
5 47 30 39 13 26 0 0.00 M M 6.4 13 210 M M 8 12 M M
6 53 31 42 16 23 0 0.00 M M 12.4 22 180 M M 4 12 28 180
7 53 43 48 22 17 0 0.00 M M 23.0 32 150 M M 3 43 140
8 54 31 43 16 22 0 0.00 M M 13.2 24 180 M M 3 37 180
9 47 24 36 9 29 0 0.00 M M 7.6 15 360 M M 2 20 350
10 32 24 28 1 37 0 0.00 M M 8.3 14 360 M M 8 M M
11 43 23 33 6 32 0 T M M 5.8 10 290 M M 4 M M
12 56 24 40 13 25 0 0.00 M M 8.2 17 300 M M 2 M M
13 56 26 41 14 24 0 0.00 M M 4.2 8 290 M M 1 M M
14 58 25 42 14 23 0 0.00 M M 10.9 33 350 M M 2 40 360
15 36 24 30 2 35 0 0.00 M M 9.2 24 360 M M 7 30 350
16 29 10 20 -8 45 0 M M M 15.6 20 350 M M 8 1 24 10
17 40 8 24 -4 41 0 0.00 M M 11.9 16 270 M M 0 22 270
18 53 18 36 7 29 0 0.00 M M 7.9 13 280 M M 0 M M
19 58 24 41 12 24 0 0.00 M M 9.9 20 320 M M 0 25 320
20 71 25 48 19 17 0 0.00 M M 9.8 25 210 M M 0 32 220
21 65 30 48 18 17 0 0.00 M M 6.1 10 60 M M 0 M M
22 60 35 48 18 17 0 T M M 11.6 20 350 M M 3 31 350
23 60 30 45 15 20 0 0.00 M M 12.5 23 310 M M 1 37 320
24 64 22 43 13 22 0 0.00 M M 9.5 27 250 M M 0 35 250
25 70 32 51 20 14 0 0.00 M M 9.9 20 290 M M 0 29 280
26 75 30 53 22 12 0 0.00 M M 12.0 27 280 M M 0 38 250
27 50 10 30 -2 35 0 M M M 20.9 37 350 M M 4 46 350
28 48 5 27 -5 38 0 0.00 M M 9.6 16 250 M M 0 22 200
29 64 29 47 15 18 0 0.00 M M 21.2 29 190 M M 0 38 190
================================================================================
SM 1542 749 733 0 M M 320.1 M 88
================================================================================
AV 53.2 25.8 11.0 FASTST M M 3 MAX(MPH)
MISC ----> 37 350 M M
================================================================================
NOTES:
# LAST OF SEVERAL OCCURRENCES
COLUMN 17 PEAK WIND IN M.P.H.
PRELIMINARY LOCAL CLIMATOLOGICAL DATA (WS FORM: F-6) , PAGE 2
STATION: KEARNEY NE
MONTH: FEBRUARY
YEAR: 2024
LATITUDE: 40 43 N
LONGITUDE: 99 0 W
[TEMPERATURE DATA] [PRECIPITATION DATA] SYMBOLS USED IN COLUMN 16
AVERAGE MONTHLY: 39.5 TOTAL FOR MONTH: M 1 = FOG OR MIST
DPTR FM NORMAL: 11.4 DPTR FM NORMAL: M 2 = FOG REDUCING VISIBILITY
HIGHEST: 75 ON 26 GRTST 24HR M ON M TO 1/4 MILE OR LESS
LOWEST: 5 ON 28 3 = THUNDER
SNOW, ICE PELLETS, HAIL 4 = ICE PELLETS
TOTAL MONTH: M 5 = HAIL
GRTST 24HR M ON M 6 = FREEZING RAIN OR DRIZZLE
GRTST DEPTH: M ON M 7 = DUSTSTORM OR SANDSTORM:
VSBY 1/2 MILE OR LESS
8 = SMOKE OR HAZE
[NO. OF DAYS WITH] [WEATHER - DAYS WITH] 9 = BLOWING SNOW
X = TORNADO
MAX 32 OR BELOW: 2 0.01 INCH OR MORE: M
MAX 90 OR ABOVE: 0 0.10 INCH OR MORE: M
MIN 32 OR BELOW: 25 0.50 INCH OR MORE: M
MIN 0 OR BELOW: 0 1.00 INCH OR MORE: M
[HDD (BASE 65) ]
TOTAL THIS MO. 733 CLEAR (SCALE 0-3) 19
DPTR FM NORMAL -299 PTCLDY (SCALE 4-7) 6
TOTAL FM JUL 1 4115 CLOUDY (SCALE 8-10) 4
DPTR FM NORMAL -837
[CDD (BASE 65) ]
TOTAL THIS MO. 0
DPTR FM NORMAL 0 [PRESSURE DATA]
TOTAL FM JAN 1 0 HIGHEST SLP 30.55 ON 17
DPTR FM NORMAL 0 LOWEST SLP 29.34 ON 27
[REMARKS]
#FINAL-02-24#